{"id":716,"date":"2010-12-26T09:16:18","date_gmt":"2010-12-26T09:16:18","guid":{"rendered":"http:\/\/www.ferienhaus-in-kaernten.de\/"},"modified":"2015-01-06T12:17:08","modified_gmt":"2015-01-06T10:17:08","slug":"anfahrt","status":"publish","type":"page","link":"https:\/\/www.bauer-hans.de\/ferienhaus-in-kaernten\/anfahrt\/","title":{"rendered":"Anreise"},"content":{"rendered":"<p><strong>Auto:<br \/>\n<\/strong>Aus dem Osten: Fahren Sie \u00fcber die S\u00fcdautobahn A2 \u2013 nehmen Sie die Ausfahrt Klagenfurt Ost \u2013 weiter geht es auf der G\u00f6rtschitztal-Bundesstrasse B92 und \u00fcber die Loiblpass-Bundesstrasse B91 in Richtung Ferlach ins Rosental \/ Bodental.<\/p>\n<p>Aus dem Norden: Fahren Sie \u00fcber die Tauernautobahn A10 bis zum Knoten Villach \u2013 wechseln Sie auf die Karawankenautobahn A11 \u2013 nehmen Sie die Abfahrt St. Jakob \/ Rosental \u2013 weiter geht es auf der Rosental-Bundesstrasse B85 in Richtung Ferlach ins Rosental, ca 10 km.<\/p>\n<p>Aus dem S\u00fcden: Fahren Sie aus Slowenien kommend \u00fcber die Loiblpass-Bundesstrasse B91 in Richtung Ferlach ins Rosental \/ Bodental.<\/p>\n<p><strong>Bahn:<br \/>\n<\/strong>Bahnhof Klagenfurt oder Bahnhof Villach<br \/>\n&#8211; Weiterreise mit \u00f6ffentlichen Verkehrsmitteln oder mit dem Taxi ins Rosental \/ Bodental, jweils ca. 20 km.<\/p>\n<p><strong>Flugzeug:<br \/>\n<\/strong>Flughafen Klagenfurt ca. 20 km<\/p>\n<p>Tipp: <a href=\"http:\/\/www.parken-und-fliegen.de\" target=\"_blank\">Das Auto einfach zuhause am Flughafen stehen lassen und entspannt in den Urlaub fliegen:\u00a0<\/a><\/p>\n<p style=\"text-align: center;\">[mappress mapid=&#8220;1&#8243;]<br \/>\n<strong>Markierung anklicken dann auf\u00a0 &#8222;Wegbeschreibung hierher&#8220; und Sie bekommen einen Routenplaner<\/strong><\/p>\n","protected":false},"excerpt":{"rendered":"<p>Auto: Aus dem Osten: Fahren Sie \u00fcber die S\u00fcdautobahn A2 \u2013 nehmen Sie die Ausfahrt Klagenfurt Ost \u2013 weiter geht es auf der G\u00f6rtschitztal-Bundesstrasse B92 und \u00fcber die Loiblpass-Bundesstrasse B91 in Richtung Ferlach ins Rosental \/ Bodental. Aus dem Norden: Fahren Sie \u00fcber die Tauernautobahn A10 bis zum Knoten Villach \u2013 wechseln Sie auf die &hellip; <\/p>\n<p class=\"link-more\"><a href=\"https:\/\/www.bauer-hans.de\/ferienhaus-in-kaernten\/anfahrt\/\" class=\"more-link\"><span class=\"screen-reader-text\">\u201eAnreise\u201c <\/span>weiterlesen<\/a><\/p>\n","protected":false},"author":2,"featured_media":0,"parent":0,"menu_order":0,"comment_status":"closed","ping_status":"closed","template":"","meta":{"_acf_changed":false,"footnotes":""},"class_list":["post-716","page","type-page","status-publish","hentry"],"acf":[],"yoast_head":"<!-- This site is optimized with the Yoast SEO plugin v27.5 - https:\/\/yoast.com\/product\/yoast-seo-wordpress\/ -->\n<title>Anreise - Ferienhaus in \u00d6sterreich \/ K\u00e4rnten direkt am See im Feriendorf mit zwei Pools<\/title>\n<meta name=\"robots\" content=\"index, follow, max-snippet:-1, max-image-preview:large, max-video-preview:-1\" \/>\n<link rel=\"canonical\" href=\"https:\/\/www.bauer-hans.de\/ferienhaus-in-kaernten\/anfahrt\/\" \/>\n<meta name=\"twitter:label1\" content=\"Gesch\u00e4tzte Lesezeit\" \/>\n\t<meta name=\"twitter:data1\" content=\"1\u00a0Minute\" \/>\n<script type=\"application\/ld+json\" class=\"yoast-schema-graph\">{\"@context\":\"https:\\\/\\\/schema.org\",\"@graph\":[{\"@type\":\"WebPage\",\"@id\":\"https:\\\/\\\/www.bauer-hans.de\\\/ferienhaus-in-kaernten\\\/anfahrt\\\/\",\"url\":\"https:\\\/\\\/www.bauer-hans.de\\\/ferienhaus-in-kaernten\\\/anfahrt\\\/\",\"name\":\"Anreise - Ferienhaus in \u00d6sterreich \\\/ K\u00e4rnten direkt am See im Feriendorf mit zwei Pools\",\"isPartOf\":{\"@id\":\"https:\\\/\\\/www.bauer-hans.de\\\/ferienhaus-in-kaernten\\\/#website\"},\"datePublished\":\"2010-12-26T09:16:18+00:00\",\"dateModified\":\"2015-01-06T10:17:08+00:00\",\"breadcrumb\":{\"@id\":\"https:\\\/\\\/www.bauer-hans.de\\\/ferienhaus-in-kaernten\\\/anfahrt\\\/#breadcrumb\"},\"inLanguage\":\"de\",\"potentialAction\":[{\"@type\":\"ReadAction\",\"target\":[\"https:\\\/\\\/www.bauer-hans.de\\\/ferienhaus-in-kaernten\\\/anfahrt\\\/\"]}]},{\"@type\":\"BreadcrumbList\",\"@id\":\"https:\\\/\\\/www.bauer-hans.de\\\/ferienhaus-in-kaernten\\\/anfahrt\\\/#breadcrumb\",\"itemListElement\":[{\"@type\":\"ListItem\",\"position\":1,\"name\":\"Startseite\",\"item\":\"https:\\\/\\\/www.bauer-hans.de\\\/ferienhaus-in-kaernten\\\/\"},{\"@type\":\"ListItem\",\"position\":2,\"name\":\"Anreise\"}]},{\"@type\":\"WebSite\",\"@id\":\"https:\\\/\\\/www.bauer-hans.de\\\/ferienhaus-in-kaernten\\\/#website\",\"url\":\"https:\\\/\\\/www.bauer-hans.de\\\/ferienhaus-in-kaernten\\\/\",\"name\":\"Ferienhaus in \u00d6sterreich \\\/ K\u00e4rnten direkt am See im Feriendorf mit zwei Pools\",\"description\":\"Ihr Traumurlaub in K\u00e4rnten N\u00e4he W\u00f6rthersee \\\/ Faaker See \u2013 unmittelbar vor den Karawanken\",\"publisher\":{\"@id\":\"https:\\\/\\\/www.bauer-hans.de\\\/ferienhaus-in-kaernten\\\/#organization\"},\"potentialAction\":[{\"@type\":\"SearchAction\",\"target\":{\"@type\":\"EntryPoint\",\"urlTemplate\":\"https:\\\/\\\/www.bauer-hans.de\\\/ferienhaus-in-kaernten\\\/?s={search_term_string}\"},\"query-input\":{\"@type\":\"PropertyValueSpecification\",\"valueRequired\":true,\"valueName\":\"search_term_string\"}}],\"inLanguage\":\"de\"},{\"@type\":\"Organization\",\"@id\":\"https:\\\/\\\/www.bauer-hans.de\\\/ferienhaus-in-kaernten\\\/#organization\",\"name\":\"Ferienhaus in \u00d6sterreich \\\/ K\u00e4rnten direkt am See im Feriendorf mit zwei Pools\",\"url\":\"https:\\\/\\\/www.bauer-hans.de\\\/ferienhaus-in-kaernten\\\/\",\"logo\":{\"@type\":\"ImageObject\",\"inLanguage\":\"de\",\"@id\":\"https:\\\/\\\/www.bauer-hans.de\\\/ferienhaus-in-kaernten\\\/#\\\/schema\\\/logo\\\/image\\\/\",\"url\":\"https:\\\/\\\/www.bauer-hans.de\\\/ferienhaus-in-kaernten\\\/wp-content\\\/uploads\\\/sites\\\/7\\\/2018\\\/05\\\/cropped-logo-4-Sterne.jpg\",\"contentUrl\":\"https:\\\/\\\/www.bauer-hans.de\\\/ferienhaus-in-kaernten\\\/wp-content\\\/uploads\\\/sites\\\/7\\\/2018\\\/05\\\/cropped-logo-4-Sterne.jpg\",\"width\":249,\"height\":250,\"caption\":\"Ferienhaus in \u00d6sterreich \\\/ K\u00e4rnten direkt am See im Feriendorf mit zwei Pools\"},\"image\":{\"@id\":\"https:\\\/\\\/www.bauer-hans.de\\\/ferienhaus-in-kaernten\\\/#\\\/schema\\\/logo\\\/image\\\/\"}}]}<\/script>\n<!-- \/ Yoast SEO plugin. -->","yoast_head_json":{"title":"Anreise - Ferienhaus in \u00d6sterreich \/ K\u00e4rnten direkt am See im Feriendorf mit zwei Pools","robots":{"index":"index","follow":"follow","max-snippet":"max-snippet:-1","max-image-preview":"max-image-preview:large","max-video-preview":"max-video-preview:-1"},"canonical":"https:\/\/www.bauer-hans.de\/ferienhaus-in-kaernten\/anfahrt\/","twitter_misc":{"Gesch\u00e4tzte Lesezeit":"1\u00a0Minute"},"schema":{"@context":"https:\/\/schema.org","@graph":[{"@type":"WebPage","@id":"https:\/\/www.bauer-hans.de\/ferienhaus-in-kaernten\/anfahrt\/","url":"https:\/\/www.bauer-hans.de\/ferienhaus-in-kaernten\/anfahrt\/","name":"Anreise - Ferienhaus in \u00d6sterreich \/ K\u00e4rnten direkt am See im Feriendorf mit zwei Pools","isPartOf":{"@id":"https:\/\/www.bauer-hans.de\/ferienhaus-in-kaernten\/#website"},"datePublished":"2010-12-26T09:16:18+00:00","dateModified":"2015-01-06T10:17:08+00:00","breadcrumb":{"@id":"https:\/\/www.bauer-hans.de\/ferienhaus-in-kaernten\/anfahrt\/#breadcrumb"},"inLanguage":"de","potentialAction":[{"@type":"ReadAction","target":["https:\/\/www.bauer-hans.de\/ferienhaus-in-kaernten\/anfahrt\/"]}]},{"@type":"BreadcrumbList","@id":"https:\/\/www.bauer-hans.de\/ferienhaus-in-kaernten\/anfahrt\/#breadcrumb","itemListElement":[{"@type":"ListItem","position":1,"name":"Startseite","item":"https:\/\/www.bauer-hans.de\/ferienhaus-in-kaernten\/"},{"@type":"ListItem","position":2,"name":"Anreise"}]},{"@type":"WebSite","@id":"https:\/\/www.bauer-hans.de\/ferienhaus-in-kaernten\/#website","url":"https:\/\/www.bauer-hans.de\/ferienhaus-in-kaernten\/","name":"Ferienhaus in \u00d6sterreich \/ K\u00e4rnten direkt am See im Feriendorf mit zwei Pools","description":"Ihr Traumurlaub in K\u00e4rnten N\u00e4he W\u00f6rthersee \/ Faaker See \u2013 unmittelbar vor den Karawanken","publisher":{"@id":"https:\/\/www.bauer-hans.de\/ferienhaus-in-kaernten\/#organization"},"potentialAction":[{"@type":"SearchAction","target":{"@type":"EntryPoint","urlTemplate":"https:\/\/www.bauer-hans.de\/ferienhaus-in-kaernten\/?s={search_term_string}"},"query-input":{"@type":"PropertyValueSpecification","valueRequired":true,"valueName":"search_term_string"}}],"inLanguage":"de"},{"@type":"Organization","@id":"https:\/\/www.bauer-hans.de\/ferienhaus-in-kaernten\/#organization","name":"Ferienhaus in \u00d6sterreich \/ K\u00e4rnten direkt am See im Feriendorf mit zwei Pools","url":"https:\/\/www.bauer-hans.de\/ferienhaus-in-kaernten\/","logo":{"@type":"ImageObject","inLanguage":"de","@id":"https:\/\/www.bauer-hans.de\/ferienhaus-in-kaernten\/#\/schema\/logo\/image\/","url":"https:\/\/www.bauer-hans.de\/ferienhaus-in-kaernten\/wp-content\/uploads\/sites\/7\/2018\/05\/cropped-logo-4-Sterne.jpg","contentUrl":"https:\/\/www.bauer-hans.de\/ferienhaus-in-kaernten\/wp-content\/uploads\/sites\/7\/2018\/05\/cropped-logo-4-Sterne.jpg","width":249,"height":250,"caption":"Ferienhaus in \u00d6sterreich \/ K\u00e4rnten direkt am See im Feriendorf mit zwei Pools"},"image":{"@id":"https:\/\/www.bauer-hans.de\/ferienhaus-in-kaernten\/#\/schema\/logo\/image\/"}}]}},"_links":{"self":[{"href":"https:\/\/www.bauer-hans.de\/ferienhaus-in-kaernten\/wp-json\/wp\/v2\/pages\/716","targetHints":{"allow":["GET"]}}],"collection":[{"href":"https:\/\/www.bauer-hans.de\/ferienhaus-in-kaernten\/wp-json\/wp\/v2\/pages"}],"about":[{"href":"https:\/\/www.bauer-hans.de\/ferienhaus-in-kaernten\/wp-json\/wp\/v2\/types\/page"}],"author":[{"embeddable":true,"href":"https:\/\/www.bauer-hans.de\/ferienhaus-in-kaernten\/wp-json\/wp\/v2\/users\/2"}],"replies":[{"embeddable":true,"href":"https:\/\/www.bauer-hans.de\/ferienhaus-in-kaernten\/wp-json\/wp\/v2\/comments?post=716"}],"version-history":[{"count":2,"href":"https:\/\/www.bauer-hans.de\/ferienhaus-in-kaernten\/wp-json\/wp\/v2\/pages\/716\/revisions"}],"predecessor-version":[{"id":1717,"href":"https:\/\/www.bauer-hans.de\/ferienhaus-in-kaernten\/wp-json\/wp\/v2\/pages\/716\/revisions\/1717"}],"wp:attachment":[{"href":"https:\/\/www.bauer-hans.de\/ferienhaus-in-kaernten\/wp-json\/wp\/v2\/media?parent=716"}],"curies":[{"name":"wp","href":"https:\/\/api.w.org\/{rel}","templated":true}]}}

<p><strong>Auto:<br />
</strong>Aus dem Osten: Fahren Sie über die Südautobahn A2 – nehmen Sie die Ausfahrt Klagenfurt Ost – weiter geht es auf der Görtschitztal-Bundesstrasse B92 und über die Loiblpass-Bundesstrasse B91 in Richtung Ferlach ins Rosental / Bodental.</p>
<p>Aus dem Norden: Fahren Sie über die Tauernautobahn A10 bis zum Knoten Villach – wechseln Sie auf die Karawankenautobahn A11 – nehmen Sie die Abfahrt St. Jakob / Rosental – weiter geht es auf der Rosental-Bundesstrasse B85 in Richtung Ferlach ins Rosental, ca 10 km.</p>
<p>Aus dem Süden: Fahren Sie aus Slowenien kommend über die Loiblpass-Bundesstrasse B91 in Richtung Ferlach ins Rosental / Bodental.</p>
<p><strong>Bahn:<br />
</strong>Bahnhof Klagenfurt oder Bahnhof Villach<br />
&#8211; Weiterreise mit öffentlichen Verkehrsmitteln oder mit dem Taxi ins Rosental / Bodental, jweils ca. 20 km.</p>
<p><strong>Flugzeug:<br />
</strong>Flughafen Klagenfurt ca. 20 km</p>
<p>Tipp: <a href="http://www.parken-und-fliegen.de" target="_blank">Das Auto einfach zuhause am Flughafen stehen lassen und entspannt in den Urlaub fliegen: </a></p>
<p style="text-align: center;">[mappress mapid=&#8220;1&#8243;]<br />
<strong>Markierung anklicken dann auf  &#8222;Wegbeschreibung hierher&#8220; und Sie bekommen einen Routenplaner</strong></p>

<p>Auto: Aus dem Osten: Fahren Sie über die Südautobahn A2 – nehmen Sie die Ausfahrt Klagenfurt Ost – weiter geht es auf der Görtschitztal-Bundesstrasse B92 und über die Loiblpass-Bundesstrasse B91 in Richtung Ferlach ins Rosental / Bodental. Aus dem Norden: Fahren Sie über die Tauernautobahn A10 bis zum Knoten Villach – wechseln Sie auf die &hellip; </p>
<p class="link-more"><a href="https://www.bauer-hans.de/ferienhaus-in-kaernten/anfahrt/" class="more-link"><span class="screen-reader-text">„Anreise“ </span>weiterlesen</a></p>

<!-- This site is optimized with the Yoast SEO plugin v27.5 - https://yoast.com/product/yoast-seo-wordpress/ -->
<title>Anreise - Ferienhaus in Österreich / Kärnten direkt am See im Feriendorf mit zwei Pools</title>
<meta name="robots" content="index, follow, max-snippet:-1, max-image-preview:large, max-video-preview:-1" />
<link rel="canonical" href="https://www.bauer-hans.de/ferienhaus-in-kaernten/anfahrt/" />
<meta name="twitter:label1" content="Geschätzte Lesezeit" />
	<meta name="twitter:data1" content="1 Minute" />
<script type="application/ld+json" class="yoast-schema-graph">{"@context":"https:\/\/schema.org","@graph":[{"@type":"WebPage","@id":"https:\/\/www.bauer-hans.de\/ferienhaus-in-kaernten\/anfahrt\/","url":"https:\/\/www.bauer-hans.de\/ferienhaus-in-kaernten\/anfahrt\/","name":"Anreise - Ferienhaus in Österreich \/ Kärnten direkt am See im Feriendorf mit zwei Pools","isPartOf":{"@id":"https:\/\/www.bauer-hans.de\/ferienhaus-in-kaernten\/#website"},"datePublished":"2010-12-26T09:16:18+00:00","dateModified":"2015-01-06T10:17:08+00:00","breadcrumb":{"@id":"https:\/\/www.bauer-hans.de\/ferienhaus-in-kaernten\/anfahrt\/#breadcrumb"},"inLanguage":"de","potentialAction":[{"@type":"ReadAction","target":["https:\/\/www.bauer-hans.de\/ferienhaus-in-kaernten\/anfahrt\/"]}]},{"@type":"BreadcrumbList","@id":"https:\/\/www.bauer-hans.de\/ferienhaus-in-kaernten\/anfahrt\/#breadcrumb","itemListElement":[{"@type":"ListItem","position":1,"name":"Startseite","item":"https:\/\/www.bauer-hans.de\/ferienhaus-in-kaernten\/"},{"@type":"ListItem","position":2,"name":"Anreise"}]},{"@type":"WebSite","@id":"https:\/\/www.bauer-hans.de\/ferienhaus-in-kaernten\/#website","url":"https:\/\/www.bauer-hans.de\/ferienhaus-in-kaernten\/","name":"Ferienhaus in Österreich \/ Kärnten direkt am See im Feriendorf mit zwei Pools","description":"Ihr Traumurlaub in Kärnten Nähe Wörthersee \/ Faaker See – unmittelbar vor den Karawanken","publisher":{"@id":"https:\/\/www.bauer-hans.de\/ferienhaus-in-kaernten\/#organization"},"potentialAction":[{"@type":"SearchAction","target":{"@type":"EntryPoint","urlTemplate":"https:\/\/www.bauer-hans.de\/ferienhaus-in-kaernten\/?s={search_term_string}"},"query-input":{"@type":"PropertyValueSpecification","valueRequired":true,"valueName":"search_term_string"}}],"inLanguage":"de"},{"@type":"Organization","@id":"https:\/\/www.bauer-hans.de\/ferienhaus-in-kaernten\/#organization","name":"Ferienhaus in Österreich \/ Kärnten direkt am See im Feriendorf mit zwei Pools","url":"https:\/\/www.bauer-hans.de\/ferienhaus-in-kaernten\/","logo":{"@type":"ImageObject","inLanguage":"de","@id":"https:\/\/www.bauer-hans.de\/ferienhaus-in-kaernten\/#\/schema\/logo\/image\/","url":"https:\/\/www.bauer-hans.de\/ferienhaus-in-kaernten\/wp-content\/uploads\/sites\/7\/2018\/05\/cropped-logo-4-Sterne.jpg","contentUrl":"https:\/\/www.bauer-hans.de\/ferienhaus-in-kaernten\/wp-content\/uploads\/sites\/7\/2018\/05\/cropped-logo-4-Sterne.jpg","width":249,"height":250,"caption":"Ferienhaus in Österreich \/ Kärnten direkt am See im Feriendorf mit zwei Pools"},"image":{"@id":"https:\/\/www.bauer-hans.de\/ferienhaus-in-kaernten\/#\/schema\/logo\/image\/"}}]}</script>
<!-- / Yoast SEO plugin. -->

Anreise - Ferienhaus in Österreich / Kärnten direkt am See im Feriendorf mit zwei Pools

Ferienhaus in Österreich / Kärnten direkt am See im Feriendorf mit zwei Pools

Ihr Traumurlaub in Kärnten Nähe Wörthersee / Faaker See – unmittelbar vor den Karawanken
