{"id":897,"date":"2011-02-12T12:55:47","date_gmt":"2011-02-12T12:55:47","guid":{"rendered":"http:\/\/www.ferienhaus-in-kaernten.de\/"},"modified":"2011-02-12T12:55:47","modified_gmt":"2011-02-12T12:55:47","slug":"karnten","status":"publish","type":"page","link":"https:\/\/www.bauer-hans.de\/ferienhaus-in-kaernten\/karnten\/","title":{"rendered":"K\u00e4rnten"},"content":{"rendered":"<ul>Hier im absolut <strong>s\u00fcdlichsten Teil von \u00d6sterreich<\/strong>, zwischen den Ufern und Gipfeln der Berg- und Seenregionen K\u00e4rntens tut sich eine der wunderbarsten Wanderlandschaften auf und er\u00f6ffnet unz\u00e4hlige Aussichten und Einsichten in den wanderbaren S\u00fcden \u00d6sterreichs.K\u00e4rnten gilt als Land der Berge und Seen: <strong>85 Bergkipfel<\/strong> sind h\u00f6her als 3.000 m \u2013 in <strong>K\u00e4rnten gibt 1270 stehende Gew\u00e4sser<\/strong>.Das Rosental und unser Feriendorf sind aufgrund ihrer Lage in mehrfacher Hinsicht bevorzugt. Die <strong>N\u00e4he zum Mittelmeer<\/strong> l\u00e4\u00dft den Fr\u00fchling fr\u00fcher bl\u00fchen, gibt uns intensivere und w\u00e4rmere Sommer, verl\u00e4ngert den Herbst und damit die Wandersaison. Gleichzeitig erleben wir kalte und \u00e4usserst <strong>schneereiche Winter<\/strong>. Dieser zeigt besondere Reize, sei es bei langen Spazierg\u00e4ngen durch m\u00e4rchenhafte Schneelandschaften, Rodelpartien, Langlaufausfl\u00fcgen oder beim Alpin-Skifahren in einem der sonnenverw\u00f6hnten K\u00e4rntner Skigebieten. Erkunden Sie zu Fuss die Sch\u00f6nheiten der Karawanken-Bergwelt. Ausflugtipps f\u00fcr alle Jahreszeiten: Villach, Klagenfurt, Udine in Italien und Bled in Slowenien \u2013 zum Bummeln und Shoppen. Kulturell ist das Rosental ein absolutes Schwergewicht, wo Kunstliebhaber mit h\u00f6chsten Anspr\u00fcchen voll auf ihre Rechnung kommen.<br \/>\nAttraktiv durch das Angebot intakter Natur und auch durch die <strong>N\u00e4he zu Klagenfurt<\/strong>, der pulsierenden Hauptstadt, sowie zur Stadt <strong>Villach<\/strong> mit ihrem schon italienischen Flair, kann das Rosental auf allen Schienen punkten.<br \/>\nSportlich, kulinarisch, gastlich sind Attribute, welche Besucher zurecht sch\u00fctzen. Das silberne Band der Drau verdoppelt als Spiegelbild die landschaftliche Sch\u00f6nheit des Tales und unterstreicht deren Wirkung.<\/ul>\n","protected":false},"excerpt":{"rendered":"<p>Hier im absolut s\u00fcdlichsten Teil von \u00d6sterreich, zwischen den Ufern und Gipfeln der Berg- und Seenregionen K\u00e4rntens tut sich eine der wunderbarsten Wanderlandschaften auf und er\u00f6ffnet unz\u00e4hlige Aussichten und Einsichten in den wanderbaren S\u00fcden \u00d6sterreichs.K\u00e4rnten gilt als Land der Berge und Seen: 85 Bergkipfel sind h\u00f6her als 3.000 m \u2013 in K\u00e4rnten gibt 1270 stehende &hellip; <\/p>\n<p class=\"link-more\"><a href=\"https:\/\/www.bauer-hans.de\/ferienhaus-in-kaernten\/karnten\/\" class=\"more-link\"><span class=\"screen-reader-text\">\u201eK\u00e4rnten\u201c <\/span>weiterlesen<\/a><\/p>\n","protected":false},"author":2,"featured_media":0,"parent":0,"menu_order":0,"comment_status":"closed","ping_status":"closed","template":"","meta":{"_acf_changed":false,"footnotes":""},"class_list":["post-897","page","type-page","status-publish","hentry"],"acf":[],"yoast_head":"<!-- This site is optimized with the Yoast SEO plugin v27.4 - https:\/\/yoast.com\/product\/yoast-seo-wordpress\/ -->\n<title>K\u00e4rnten - Ferienhaus in \u00d6sterreich \/ K\u00e4rnten direkt am See im Feriendorf mit zwei Pools<\/title>\n<meta name=\"robots\" content=\"index, follow, max-snippet:-1, max-image-preview:large, max-video-preview:-1\" \/>\n<link rel=\"canonical\" href=\"https:\/\/www.bauer-hans.de\/ferienhaus-in-kaernten\/karnten\/\" \/>\n<meta name=\"twitter:label1\" content=\"Gesch\u00e4tzte Lesezeit\" \/>\n\t<meta name=\"twitter:data1\" content=\"1\u00a0Minute\" \/>\n<script type=\"application\/ld+json\" class=\"yoast-schema-graph\">{\"@context\":\"https:\\\/\\\/schema.org\",\"@graph\":[{\"@type\":\"WebPage\",\"@id\":\"https:\\\/\\\/www.bauer-hans.de\\\/ferienhaus-in-kaernten\\\/karnten\\\/\",\"url\":\"https:\\\/\\\/www.bauer-hans.de\\\/ferienhaus-in-kaernten\\\/karnten\\\/\",\"name\":\"K\u00e4rnten - Ferienhaus in \u00d6sterreich \\\/ K\u00e4rnten direkt am See im Feriendorf mit zwei Pools\",\"isPartOf\":{\"@id\":\"https:\\\/\\\/www.bauer-hans.de\\\/ferienhaus-in-kaernten\\\/#website\"},\"datePublished\":\"2011-02-12T12:55:47+00:00\",\"breadcrumb\":{\"@id\":\"https:\\\/\\\/www.bauer-hans.de\\\/ferienhaus-in-kaernten\\\/karnten\\\/#breadcrumb\"},\"inLanguage\":\"de\",\"potentialAction\":[{\"@type\":\"ReadAction\",\"target\":[\"https:\\\/\\\/www.bauer-hans.de\\\/ferienhaus-in-kaernten\\\/karnten\\\/\"]}]},{\"@type\":\"BreadcrumbList\",\"@id\":\"https:\\\/\\\/www.bauer-hans.de\\\/ferienhaus-in-kaernten\\\/karnten\\\/#breadcrumb\",\"itemListElement\":[{\"@type\":\"ListItem\",\"position\":1,\"name\":\"Startseite\",\"item\":\"https:\\\/\\\/www.bauer-hans.de\\\/ferienhaus-in-kaernten\\\/\"},{\"@type\":\"ListItem\",\"position\":2,\"name\":\"K\u00e4rnten\"}]},{\"@type\":\"WebSite\",\"@id\":\"https:\\\/\\\/www.bauer-hans.de\\\/ferienhaus-in-kaernten\\\/#website\",\"url\":\"https:\\\/\\\/www.bauer-hans.de\\\/ferienhaus-in-kaernten\\\/\",\"name\":\"Ferienhaus in \u00d6sterreich \\\/ K\u00e4rnten direkt am See im Feriendorf mit zwei Pools\",\"description\":\"Ihr Traumurlaub in K\u00e4rnten N\u00e4he W\u00f6rthersee \\\/ Faaker See \u2013 unmittelbar vor den Karawanken\",\"publisher\":{\"@id\":\"https:\\\/\\\/www.bauer-hans.de\\\/ferienhaus-in-kaernten\\\/#organization\"},\"potentialAction\":[{\"@type\":\"SearchAction\",\"target\":{\"@type\":\"EntryPoint\",\"urlTemplate\":\"https:\\\/\\\/www.bauer-hans.de\\\/ferienhaus-in-kaernten\\\/?s={search_term_string}\"},\"query-input\":{\"@type\":\"PropertyValueSpecification\",\"valueRequired\":true,\"valueName\":\"search_term_string\"}}],\"inLanguage\":\"de\"},{\"@type\":\"Organization\",\"@id\":\"https:\\\/\\\/www.bauer-hans.de\\\/ferienhaus-in-kaernten\\\/#organization\",\"name\":\"Ferienhaus in \u00d6sterreich \\\/ K\u00e4rnten direkt am See im Feriendorf mit zwei Pools\",\"url\":\"https:\\\/\\\/www.bauer-hans.de\\\/ferienhaus-in-kaernten\\\/\",\"logo\":{\"@type\":\"ImageObject\",\"inLanguage\":\"de\",\"@id\":\"https:\\\/\\\/www.bauer-hans.de\\\/ferienhaus-in-kaernten\\\/#\\\/schema\\\/logo\\\/image\\\/\",\"url\":\"https:\\\/\\\/www.bauer-hans.de\\\/ferienhaus-in-kaernten\\\/wp-content\\\/uploads\\\/sites\\\/7\\\/2018\\\/05\\\/cropped-logo-4-Sterne.jpg\",\"contentUrl\":\"https:\\\/\\\/www.bauer-hans.de\\\/ferienhaus-in-kaernten\\\/wp-content\\\/uploads\\\/sites\\\/7\\\/2018\\\/05\\\/cropped-logo-4-Sterne.jpg\",\"width\":249,\"height\":250,\"caption\":\"Ferienhaus in \u00d6sterreich \\\/ K\u00e4rnten direkt am See im Feriendorf mit zwei Pools\"},\"image\":{\"@id\":\"https:\\\/\\\/www.bauer-hans.de\\\/ferienhaus-in-kaernten\\\/#\\\/schema\\\/logo\\\/image\\\/\"}}]}<\/script>\n<!-- \/ Yoast SEO plugin. -->","yoast_head_json":{"title":"K\u00e4rnten - Ferienhaus in \u00d6sterreich \/ K\u00e4rnten direkt am See im Feriendorf mit zwei Pools","robots":{"index":"index","follow":"follow","max-snippet":"max-snippet:-1","max-image-preview":"max-image-preview:large","max-video-preview":"max-video-preview:-1"},"canonical":"https:\/\/www.bauer-hans.de\/ferienhaus-in-kaernten\/karnten\/","twitter_misc":{"Gesch\u00e4tzte Lesezeit":"1\u00a0Minute"},"schema":{"@context":"https:\/\/schema.org","@graph":[{"@type":"WebPage","@id":"https:\/\/www.bauer-hans.de\/ferienhaus-in-kaernten\/karnten\/","url":"https:\/\/www.bauer-hans.de\/ferienhaus-in-kaernten\/karnten\/","name":"K\u00e4rnten - Ferienhaus in \u00d6sterreich \/ K\u00e4rnten direkt am See im Feriendorf mit zwei Pools","isPartOf":{"@id":"https:\/\/www.bauer-hans.de\/ferienhaus-in-kaernten\/#website"},"datePublished":"2011-02-12T12:55:47+00:00","breadcrumb":{"@id":"https:\/\/www.bauer-hans.de\/ferienhaus-in-kaernten\/karnten\/#breadcrumb"},"inLanguage":"de","potentialAction":[{"@type":"ReadAction","target":["https:\/\/www.bauer-hans.de\/ferienhaus-in-kaernten\/karnten\/"]}]},{"@type":"BreadcrumbList","@id":"https:\/\/www.bauer-hans.de\/ferienhaus-in-kaernten\/karnten\/#breadcrumb","itemListElement":[{"@type":"ListItem","position":1,"name":"Startseite","item":"https:\/\/www.bauer-hans.de\/ferienhaus-in-kaernten\/"},{"@type":"ListItem","position":2,"name":"K\u00e4rnten"}]},{"@type":"WebSite","@id":"https:\/\/www.bauer-hans.de\/ferienhaus-in-kaernten\/#website","url":"https:\/\/www.bauer-hans.de\/ferienhaus-in-kaernten\/","name":"Ferienhaus in \u00d6sterreich \/ K\u00e4rnten direkt am See im Feriendorf mit zwei Pools","description":"Ihr Traumurlaub in K\u00e4rnten N\u00e4he W\u00f6rthersee \/ Faaker See \u2013 unmittelbar vor den Karawanken","publisher":{"@id":"https:\/\/www.bauer-hans.de\/ferienhaus-in-kaernten\/#organization"},"potentialAction":[{"@type":"SearchAction","target":{"@type":"EntryPoint","urlTemplate":"https:\/\/www.bauer-hans.de\/ferienhaus-in-kaernten\/?s={search_term_string}"},"query-input":{"@type":"PropertyValueSpecification","valueRequired":true,"valueName":"search_term_string"}}],"inLanguage":"de"},{"@type":"Organization","@id":"https:\/\/www.bauer-hans.de\/ferienhaus-in-kaernten\/#organization","name":"Ferienhaus in \u00d6sterreich \/ K\u00e4rnten direkt am See im Feriendorf mit zwei Pools","url":"https:\/\/www.bauer-hans.de\/ferienhaus-in-kaernten\/","logo":{"@type":"ImageObject","inLanguage":"de","@id":"https:\/\/www.bauer-hans.de\/ferienhaus-in-kaernten\/#\/schema\/logo\/image\/","url":"https:\/\/www.bauer-hans.de\/ferienhaus-in-kaernten\/wp-content\/uploads\/sites\/7\/2018\/05\/cropped-logo-4-Sterne.jpg","contentUrl":"https:\/\/www.bauer-hans.de\/ferienhaus-in-kaernten\/wp-content\/uploads\/sites\/7\/2018\/05\/cropped-logo-4-Sterne.jpg","width":249,"height":250,"caption":"Ferienhaus in \u00d6sterreich \/ K\u00e4rnten direkt am See im Feriendorf mit zwei Pools"},"image":{"@id":"https:\/\/www.bauer-hans.de\/ferienhaus-in-kaernten\/#\/schema\/logo\/image\/"}}]}},"_links":{"self":[{"href":"https:\/\/www.bauer-hans.de\/ferienhaus-in-kaernten\/wp-json\/wp\/v2\/pages\/897","targetHints":{"allow":["GET"]}}],"collection":[{"href":"https:\/\/www.bauer-hans.de\/ferienhaus-in-kaernten\/wp-json\/wp\/v2\/pages"}],"about":[{"href":"https:\/\/www.bauer-hans.de\/ferienhaus-in-kaernten\/wp-json\/wp\/v2\/types\/page"}],"author":[{"embeddable":true,"href":"https:\/\/www.bauer-hans.de\/ferienhaus-in-kaernten\/wp-json\/wp\/v2\/users\/2"}],"replies":[{"embeddable":true,"href":"https:\/\/www.bauer-hans.de\/ferienhaus-in-kaernten\/wp-json\/wp\/v2\/comments?post=897"}],"version-history":[{"count":0,"href":"https:\/\/www.bauer-hans.de\/ferienhaus-in-kaernten\/wp-json\/wp\/v2\/pages\/897\/revisions"}],"wp:attachment":[{"href":"https:\/\/www.bauer-hans.de\/ferienhaus-in-kaernten\/wp-json\/wp\/v2\/media?parent=897"}],"curies":[{"name":"wp","href":"https:\/\/api.w.org\/{rel}","templated":true}]}}

Kärnten

<ul>Hier im absolut <strong>südlichsten Teil von Österreich</strong>, zwischen den Ufern und Gipfeln der Berg- und Seenregionen Kärntens tut sich eine der wunderbarsten Wanderlandschaften auf und eröffnet unzählige Aussichten und Einsichten in den wanderbaren Süden Österreichs.Kärnten gilt als Land der Berge und Seen: <strong>85 Bergkipfel</strong> sind höher als 3.000 m – in <strong>Kärnten gibt 1270 stehende Gewässer</strong>.Das Rosental und unser Feriendorf sind aufgrund ihrer Lage in mehrfacher Hinsicht bevorzugt. Die <strong>Nähe zum Mittelmeer</strong> läßt den Frühling früher blühen, gibt uns intensivere und wärmere Sommer, verlängert den Herbst und damit die Wandersaison. Gleichzeitig erleben wir kalte und äusserst <strong>schneereiche Winter</strong>. Dieser zeigt besondere Reize, sei es bei langen Spaziergängen durch märchenhafte Schneelandschaften, Rodelpartien, Langlaufausflügen oder beim Alpin-Skifahren in einem der sonnenverwöhnten Kärntner Skigebieten. Erkunden Sie zu Fuss die Schönheiten der Karawanken-Bergwelt. Ausflugtipps für alle Jahreszeiten: Villach, Klagenfurt, Udine in Italien und Bled in Slowenien – zum Bummeln und Shoppen. Kulturell ist das Rosental ein absolutes Schwergewicht, wo Kunstliebhaber mit höchsten Ansprüchen voll auf ihre Rechnung kommen.<br />
Attraktiv durch das Angebot intakter Natur und auch durch die <strong>Nähe zu Klagenfurt</strong>, der pulsierenden Hauptstadt, sowie zur Stadt <strong>Villach</strong> mit ihrem schon italienischen Flair, kann das Rosental auf allen Schienen punkten.<br />
Sportlich, kulinarisch, gastlich sind Attribute, welche Besucher zurecht schützen. Das silberne Band der Drau verdoppelt als Spiegelbild die landschaftliche Schönheit des Tales und unterstreicht deren Wirkung.</ul>

<p>Hier im absolut südlichsten Teil von Österreich, zwischen den Ufern und Gipfeln der Berg- und Seenregionen Kärntens tut sich eine der wunderbarsten Wanderlandschaften auf und eröffnet unzählige Aussichten und Einsichten in den wanderbaren Süden Österreichs.Kärnten gilt als Land der Berge und Seen: 85 Bergkipfel sind höher als 3.000 m – in Kärnten gibt 1270 stehende &hellip; </p>
<p class="link-more"><a href="https://www.bauer-hans.de/ferienhaus-in-kaernten/karnten/" class="more-link"><span class="screen-reader-text">„Kärnten“ </span>weiterlesen</a></p>

<!-- This site is optimized with the Yoast SEO plugin v27.4 - https://yoast.com/product/yoast-seo-wordpress/ -->
<title>Kärnten - Ferienhaus in Österreich / Kärnten direkt am See im Feriendorf mit zwei Pools</title>
<meta name="robots" content="index, follow, max-snippet:-1, max-image-preview:large, max-video-preview:-1" />
<link rel="canonical" href="https://www.bauer-hans.de/ferienhaus-in-kaernten/karnten/" />
<meta name="twitter:label1" content="Geschätzte Lesezeit" />
	<meta name="twitter:data1" content="1 Minute" />
<script type="application/ld+json" class="yoast-schema-graph">{"@context":"https:\/\/schema.org","@graph":[{"@type":"WebPage","@id":"https:\/\/www.bauer-hans.de\/ferienhaus-in-kaernten\/karnten\/","url":"https:\/\/www.bauer-hans.de\/ferienhaus-in-kaernten\/karnten\/","name":"Kärnten - Ferienhaus in Österreich \/ Kärnten direkt am See im Feriendorf mit zwei Pools","isPartOf":{"@id":"https:\/\/www.bauer-hans.de\/ferienhaus-in-kaernten\/#website"},"datePublished":"2011-02-12T12:55:47+00:00","breadcrumb":{"@id":"https:\/\/www.bauer-hans.de\/ferienhaus-in-kaernten\/karnten\/#breadcrumb"},"inLanguage":"de","potentialAction":[{"@type":"ReadAction","target":["https:\/\/www.bauer-hans.de\/ferienhaus-in-kaernten\/karnten\/"]}]},{"@type":"BreadcrumbList","@id":"https:\/\/www.bauer-hans.de\/ferienhaus-in-kaernten\/karnten\/#breadcrumb","itemListElement":[{"@type":"ListItem","position":1,"name":"Startseite","item":"https:\/\/www.bauer-hans.de\/ferienhaus-in-kaernten\/"},{"@type":"ListItem","position":2,"name":"Kärnten"}]},{"@type":"WebSite","@id":"https:\/\/www.bauer-hans.de\/ferienhaus-in-kaernten\/#website","url":"https:\/\/www.bauer-hans.de\/ferienhaus-in-kaernten\/","name":"Ferienhaus in Österreich \/ Kärnten direkt am See im Feriendorf mit zwei Pools","description":"Ihr Traumurlaub in Kärnten Nähe Wörthersee \/ Faaker See – unmittelbar vor den Karawanken","publisher":{"@id":"https:\/\/www.bauer-hans.de\/ferienhaus-in-kaernten\/#organization"},"potentialAction":[{"@type":"SearchAction","target":{"@type":"EntryPoint","urlTemplate":"https:\/\/www.bauer-hans.de\/ferienhaus-in-kaernten\/?s={search_term_string}"},"query-input":{"@type":"PropertyValueSpecification","valueRequired":true,"valueName":"search_term_string"}}],"inLanguage":"de"},{"@type":"Organization","@id":"https:\/\/www.bauer-hans.de\/ferienhaus-in-kaernten\/#organization","name":"Ferienhaus in Österreich \/ Kärnten direkt am See im Feriendorf mit zwei Pools","url":"https:\/\/www.bauer-hans.de\/ferienhaus-in-kaernten\/","logo":{"@type":"ImageObject","inLanguage":"de","@id":"https:\/\/www.bauer-hans.de\/ferienhaus-in-kaernten\/#\/schema\/logo\/image\/","url":"https:\/\/www.bauer-hans.de\/ferienhaus-in-kaernten\/wp-content\/uploads\/sites\/7\/2018\/05\/cropped-logo-4-Sterne.jpg","contentUrl":"https:\/\/www.bauer-hans.de\/ferienhaus-in-kaernten\/wp-content\/uploads\/sites\/7\/2018\/05\/cropped-logo-4-Sterne.jpg","width":249,"height":250,"caption":"Ferienhaus in Österreich \/ Kärnten direkt am See im Feriendorf mit zwei Pools"},"image":{"@id":"https:\/\/www.bauer-hans.de\/ferienhaus-in-kaernten\/#\/schema\/logo\/image\/"}}]}</script>
<!-- / Yoast SEO plugin. -->

Kärnten - Ferienhaus in Österreich / Kärnten direkt am See im Feriendorf mit zwei Pools

Ferienhaus in Österreich / Kärnten direkt am See im Feriendorf mit zwei Pools

Ihr Traumurlaub in Kärnten Nähe Wörthersee / Faaker See – unmittelbar vor den Karawanken
