{"id":356,"date":"2010-12-26T09:56:11","date_gmt":"2010-12-26T09:56:11","guid":{"rendered":"http:\/\/www.ferienwohnung-im-baederdreieck.de\/"},"modified":"2015-05-26T16:04:49","modified_gmt":"2015-05-26T14:04:49","slug":"anreise","status":"publish","type":"page","link":"https:\/\/www.bauer-hans.de\/ferienwohnung-im-baederdreieck\/anreise\/","title":{"rendered":"Anreise"},"content":{"rendered":"<p>[mappress mapid=&#8220;2&#8243; width=&#8220;100%&#8220; height=&#8220;400&#8243; adaptive=&#8220;true&#8220;]<br \/>\nwenn Sie bitte auf die Markierung klicken dann auf Wegbeschreibung, so bekommen Sie einen Routenplaner ge\u00f6ffnet.<\/p>\n<h2>Mit dem Auto:<\/h2>\n<p><strong>Aus Nord- und Westdeutschland:<\/strong><\/p>\n<p>auf der Autobahn A3 \u00fcber Passau, Ausfahrt Vilshofen, Passau-Mitte (F\u00fcrstenzell), Passau-S\u00fcd oder Pocking.<\/p>\n<p><strong>Aus Richtung M\u00fcnchen:<\/strong><\/p>\n<p>auf der Bundesstra\u00dfe 12 bis Malching; dann weiter auf der Staatsstra\u00dfe 2116 \u00fcber Rotthalm\u00fcnster oder auch der A92 \u00fcber Landshut nach Deggendorf und anschlie\u00dfend weiter auf der A3 Richtung Passau.<br \/>\n<strong>Aus Berlin, Leipzig, Dresden<\/strong><\/p>\n<p>auf der A9 bzw. A4\/A72 bis Regensburg; dann weiter auf der A3 Richtung Passau, Abfahrt Pocking.<\/p>\n<h2>Mit der Bahn:<\/h2>\n<p>Bayerbach besitzt einen eigenen Bahnhof &#8211; bis zur Wohnung ca. 1 km<\/p>\n<h2>Berlin &gt; B\u00e4derdreieck Niederbayern:<br \/>\n<a href=\"https:\/\/www.bauer-hans.de\/ferienwohnung-im-baederdreieck\/wp-content\/uploads\/sites\/8\/2010\/12\/bus-berlin_birnbach.jpg\"><img loading=\"lazy\" decoding=\"async\" class=\"alignleft size-medium wp-image-923\" src=\"https:\/\/www.bauer-hans.de\/ferienwohnung-im-baederdreieck\/wp-content\/uploads\/sites\/8\/2010\/12\/bus-berlin_birnbach-300x225.jpg\" alt=\"bus berlin_birnbach\" width=\"300\" height=\"225\" srcset=\"https:\/\/www.bauer-hans.de\/ferienwohnung-im-baederdreieck\/wp-content\/uploads\/sites\/8\/2010\/12\/bus-berlin_birnbach-300x225.jpg 300w, https:\/\/www.bauer-hans.de\/ferienwohnung-im-baederdreieck\/wp-content\/uploads\/sites\/8\/2010\/12\/bus-berlin_birnbach-250x187.jpg 250w, https:\/\/www.bauer-hans.de\/ferienwohnung-im-baederdreieck\/wp-content\/uploads\/sites\/8\/2010\/12\/bus-berlin_birnbach.jpg 600w\" sizes=\"auto, (max-width: 300px) 100vw, 300px\" \/><\/a><\/h2>\n<p><strong>3x w\u00f6chentlich<\/strong> f\u00e4hrt der Bus von der Bundeshauptstadt aus direkt in&#8217;s B\u00e4derdreieck nach Niederbayern, zahlreiche weitere Zugsteigm\u00f6glichkeiten. <a title=\"Fahrplan Berlin - B\u00e4derdreieck Niederbayern\" href=\"https:\/\/www.bauer-hans.de\/ferienwohnung-im-baederdreieck\/wp-content\/uploads\/sites\/8\/2012\/08\/Bayern-Express-Berlin-NDB.pdf\" target=\"_blank\">Download Fahrplan<\/a>.<\/p>\n","protected":false},"excerpt":{"rendered":"<p>[mappress mapid=&#8220;2&#8243; width=&#8220;100%&#8220; height=&#8220;400&#8243; adaptive=&#8220;true&#8220;] wenn Sie bitte auf die Markierung klicken dann auf Wegbeschreibung, so bekommen Sie einen Routenplaner ge\u00f6ffnet. Mit dem Auto: Aus Nord- und Westdeutschland: auf der Autobahn A3 \u00fcber Passau, Ausfahrt Vilshofen, Passau-Mitte (F\u00fcrstenzell), Passau-S\u00fcd oder Pocking. Aus Richtung M\u00fcnchen: auf der Bundesstra\u00dfe 12 bis Malching; dann weiter auf der Staatsstra\u00dfe &hellip; <\/p>\n<p class=\"link-more\"><a href=\"https:\/\/www.bauer-hans.de\/ferienwohnung-im-baederdreieck\/anreise\/\" class=\"more-link\"><span class=\"screen-reader-text\">\u201eAnreise\u201c <\/span>weiterlesen<\/a><\/p>\n","protected":false},"author":2,"featured_media":0,"parent":0,"menu_order":0,"comment_status":"closed","ping_status":"closed","template":"","meta":{"_acf_changed":false,"footnotes":""},"class_list":["post-356","page","type-page","status-publish","hentry"],"acf":[],"yoast_head":"<!-- This site is optimized with the Yoast SEO plugin v27.5 - https:\/\/yoast.com\/product\/yoast-seo-wordpress\/ -->\n<title>Anreise - Ferienwohnung B\u00e4derdreieck Niederbayern | F\u00fcssing | Birnbach | Griesbach |<\/title>\n<meta name=\"robots\" content=\"index, follow, max-snippet:-1, max-image-preview:large, max-video-preview:-1\" \/>\n<link rel=\"canonical\" href=\"https:\/\/www.bauer-hans.de\/ferienwohnung-im-baederdreieck\/anreise\/\" \/>\n<meta name=\"twitter:label1\" content=\"Gesch\u00e4tzte Lesezeit\" \/>\n\t<meta name=\"twitter:data1\" content=\"1\u00a0Minute\" \/>\n<script type=\"application\/ld+json\" class=\"yoast-schema-graph\">{\"@context\":\"https:\\\/\\\/schema.org\",\"@graph\":[{\"@type\":\"WebPage\",\"@id\":\"https:\\\/\\\/www.bauer-hans.de\\\/ferienwohnung-im-baederdreieck\\\/anreise\\\/\",\"url\":\"https:\\\/\\\/www.bauer-hans.de\\\/ferienwohnung-im-baederdreieck\\\/anreise\\\/\",\"name\":\"Anreise - Ferienwohnung B\u00e4derdreieck Niederbayern | F\u00fcssing | Birnbach | Griesbach |\",\"isPartOf\":{\"@id\":\"https:\\\/\\\/www.bauer-hans.de\\\/ferienwohnung-im-baederdreieck\\\/#website\"},\"primaryImageOfPage\":{\"@id\":\"https:\\\/\\\/www.bauer-hans.de\\\/ferienwohnung-im-baederdreieck\\\/anreise\\\/#primaryimage\"},\"image\":{\"@id\":\"https:\\\/\\\/www.bauer-hans.de\\\/ferienwohnung-im-baederdreieck\\\/anreise\\\/#primaryimage\"},\"thumbnailUrl\":\"https:\\\/\\\/www.bauer-hans.de\\\/ferienwohnung-im-baederdreieck\\\/wp-content\\\/uploads\\\/sites\\\/8\\\/2010\\\/12\\\/bus-berlin_birnbach-300x225.jpg\",\"datePublished\":\"2010-12-26T09:56:11+00:00\",\"dateModified\":\"2015-05-26T14:04:49+00:00\",\"breadcrumb\":{\"@id\":\"https:\\\/\\\/www.bauer-hans.de\\\/ferienwohnung-im-baederdreieck\\\/anreise\\\/#breadcrumb\"},\"inLanguage\":\"de\",\"potentialAction\":[{\"@type\":\"ReadAction\",\"target\":[\"https:\\\/\\\/www.bauer-hans.de\\\/ferienwohnung-im-baederdreieck\\\/anreise\\\/\"]}]},{\"@type\":\"ImageObject\",\"inLanguage\":\"de\",\"@id\":\"https:\\\/\\\/www.bauer-hans.de\\\/ferienwohnung-im-baederdreieck\\\/anreise\\\/#primaryimage\",\"url\":\"https:\\\/\\\/www.bauer-hans.de\\\/ferienwohnung-im-baederdreieck\\\/wp-content\\\/uploads\\\/sites\\\/8\\\/2010\\\/12\\\/bus-berlin_birnbach.jpg\",\"contentUrl\":\"https:\\\/\\\/www.bauer-hans.de\\\/ferienwohnung-im-baederdreieck\\\/wp-content\\\/uploads\\\/sites\\\/8\\\/2010\\\/12\\\/bus-berlin_birnbach.jpg\",\"width\":600,\"height\":449},{\"@type\":\"BreadcrumbList\",\"@id\":\"https:\\\/\\\/www.bauer-hans.de\\\/ferienwohnung-im-baederdreieck\\\/anreise\\\/#breadcrumb\",\"itemListElement\":[{\"@type\":\"ListItem\",\"position\":1,\"name\":\"Startseite\",\"item\":\"https:\\\/\\\/www.bauer-hans.de\\\/ferienwohnung-im-baederdreieck\\\/\"},{\"@type\":\"ListItem\",\"position\":2,\"name\":\"Anreise\"}]},{\"@type\":\"WebSite\",\"@id\":\"https:\\\/\\\/www.bauer-hans.de\\\/ferienwohnung-im-baederdreieck\\\/#website\",\"url\":\"https:\\\/\\\/www.bauer-hans.de\\\/ferienwohnung-im-baederdreieck\\\/\",\"name\":\"Ferienwohnung B\u00e4derdreieck Niederbayern | F\u00fcssing | Birnbach | Griesbach |\",\"description\":\"Top Fewo, 2 SZ, Winter-Garten N\u00e4he Bad Birnbach, Bad F\u00fcssing, Bad Griesbach\",\"potentialAction\":[{\"@type\":\"SearchAction\",\"target\":{\"@type\":\"EntryPoint\",\"urlTemplate\":\"https:\\\/\\\/www.bauer-hans.de\\\/ferienwohnung-im-baederdreieck\\\/?s={search_term_string}\"},\"query-input\":{\"@type\":\"PropertyValueSpecification\",\"valueRequired\":true,\"valueName\":\"search_term_string\"}}],\"inLanguage\":\"de\"}]}<\/script>\n<!-- \/ Yoast SEO plugin. -->","yoast_head_json":{"title":"Anreise - Ferienwohnung B\u00e4derdreieck Niederbayern | F\u00fcssing | Birnbach | Griesbach |","robots":{"index":"index","follow":"follow","max-snippet":"max-snippet:-1","max-image-preview":"max-image-preview:large","max-video-preview":"max-video-preview:-1"},"canonical":"https:\/\/www.bauer-hans.de\/ferienwohnung-im-baederdreieck\/anreise\/","twitter_misc":{"Gesch\u00e4tzte Lesezeit":"1\u00a0Minute"},"schema":{"@context":"https:\/\/schema.org","@graph":[{"@type":"WebPage","@id":"https:\/\/www.bauer-hans.de\/ferienwohnung-im-baederdreieck\/anreise\/","url":"https:\/\/www.bauer-hans.de\/ferienwohnung-im-baederdreieck\/anreise\/","name":"Anreise - Ferienwohnung B\u00e4derdreieck Niederbayern | F\u00fcssing | Birnbach | Griesbach |","isPartOf":{"@id":"https:\/\/www.bauer-hans.de\/ferienwohnung-im-baederdreieck\/#website"},"primaryImageOfPage":{"@id":"https:\/\/www.bauer-hans.de\/ferienwohnung-im-baederdreieck\/anreise\/#primaryimage"},"image":{"@id":"https:\/\/www.bauer-hans.de\/ferienwohnung-im-baederdreieck\/anreise\/#primaryimage"},"thumbnailUrl":"https:\/\/www.bauer-hans.de\/ferienwohnung-im-baederdreieck\/wp-content\/uploads\/sites\/8\/2010\/12\/bus-berlin_birnbach-300x225.jpg","datePublished":"2010-12-26T09:56:11+00:00","dateModified":"2015-05-26T14:04:49+00:00","breadcrumb":{"@id":"https:\/\/www.bauer-hans.de\/ferienwohnung-im-baederdreieck\/anreise\/#breadcrumb"},"inLanguage":"de","potentialAction":[{"@type":"ReadAction","target":["https:\/\/www.bauer-hans.de\/ferienwohnung-im-baederdreieck\/anreise\/"]}]},{"@type":"ImageObject","inLanguage":"de","@id":"https:\/\/www.bauer-hans.de\/ferienwohnung-im-baederdreieck\/anreise\/#primaryimage","url":"https:\/\/www.bauer-hans.de\/ferienwohnung-im-baederdreieck\/wp-content\/uploads\/sites\/8\/2010\/12\/bus-berlin_birnbach.jpg","contentUrl":"https:\/\/www.bauer-hans.de\/ferienwohnung-im-baederdreieck\/wp-content\/uploads\/sites\/8\/2010\/12\/bus-berlin_birnbach.jpg","width":600,"height":449},{"@type":"BreadcrumbList","@id":"https:\/\/www.bauer-hans.de\/ferienwohnung-im-baederdreieck\/anreise\/#breadcrumb","itemListElement":[{"@type":"ListItem","position":1,"name":"Startseite","item":"https:\/\/www.bauer-hans.de\/ferienwohnung-im-baederdreieck\/"},{"@type":"ListItem","position":2,"name":"Anreise"}]},{"@type":"WebSite","@id":"https:\/\/www.bauer-hans.de\/ferienwohnung-im-baederdreieck\/#website","url":"https:\/\/www.bauer-hans.de\/ferienwohnung-im-baederdreieck\/","name":"Ferienwohnung B\u00e4derdreieck Niederbayern | F\u00fcssing | Birnbach | Griesbach |","description":"Top Fewo, 2 SZ, Winter-Garten N\u00e4he Bad Birnbach, Bad F\u00fcssing, Bad Griesbach","potentialAction":[{"@type":"SearchAction","target":{"@type":"EntryPoint","urlTemplate":"https:\/\/www.bauer-hans.de\/ferienwohnung-im-baederdreieck\/?s={search_term_string}"},"query-input":{"@type":"PropertyValueSpecification","valueRequired":true,"valueName":"search_term_string"}}],"inLanguage":"de"}]}},"_links":{"self":[{"href":"https:\/\/www.bauer-hans.de\/ferienwohnung-im-baederdreieck\/wp-json\/wp\/v2\/pages\/356","targetHints":{"allow":["GET"]}}],"collection":[{"href":"https:\/\/www.bauer-hans.de\/ferienwohnung-im-baederdreieck\/wp-json\/wp\/v2\/pages"}],"about":[{"href":"https:\/\/www.bauer-hans.de\/ferienwohnung-im-baederdreieck\/wp-json\/wp\/v2\/types\/page"}],"author":[{"embeddable":true,"href":"https:\/\/www.bauer-hans.de\/ferienwohnung-im-baederdreieck\/wp-json\/wp\/v2\/users\/2"}],"replies":[{"embeddable":true,"href":"https:\/\/www.bauer-hans.de\/ferienwohnung-im-baederdreieck\/wp-json\/wp\/v2\/comments?post=356"}],"version-history":[{"count":6,"href":"https:\/\/www.bauer-hans.de\/ferienwohnung-im-baederdreieck\/wp-json\/wp\/v2\/pages\/356\/revisions"}],"predecessor-version":[{"id":1008,"href":"https:\/\/www.bauer-hans.de\/ferienwohnung-im-baederdreieck\/wp-json\/wp\/v2\/pages\/356\/revisions\/1008"}],"wp:attachment":[{"href":"https:\/\/www.bauer-hans.de\/ferienwohnung-im-baederdreieck\/wp-json\/wp\/v2\/media?parent=356"}],"curies":[{"name":"wp","href":"https:\/\/api.w.org\/{rel}","templated":true}]}}

<p>[mappress mapid=&#8220;2&#8243; width=&#8220;100%&#8220; height=&#8220;400&#8243; adaptive=&#8220;true&#8220;]<br />
wenn Sie bitte auf die Markierung klicken dann auf Wegbeschreibung, so bekommen Sie einen Routenplaner geöffnet.</p>
<h2>Mit dem Auto:</h2>
<p><strong>Aus Nord- und Westdeutschland:</strong></p>
<p>auf der Autobahn A3 über Passau, Ausfahrt Vilshofen, Passau-Mitte (Fürstenzell), Passau-Süd oder Pocking.</p>
<p><strong>Aus Richtung München:</strong></p>
<p>auf der Bundesstraße 12 bis Malching; dann weiter auf der Staatsstraße 2116 über Rotthalmünster oder auch der A92 über Landshut nach Deggendorf und anschließend weiter auf der A3 Richtung Passau.<br />
<strong>Aus Berlin, Leipzig, Dresden</strong></p>
<p>auf der A9 bzw. A4/A72 bis Regensburg; dann weiter auf der A3 Richtung Passau, Abfahrt Pocking.</p>
<h2>Mit der Bahn:</h2>
<p>Bayerbach besitzt einen eigenen Bahnhof &#8211; bis zur Wohnung ca. 1 km</p>
<h2>Berlin &gt; Bäderdreieck Niederbayern:<br />
<a href="https://www.bauer-hans.de/ferienwohnung-im-baederdreieck/wp-content/uploads/sites/8/2010/12/bus-berlin_birnbach.jpg"><img loading="lazy" decoding="async" class="alignleft size-medium wp-image-923" src="https://www.bauer-hans.de/ferienwohnung-im-baederdreieck/wp-content/uploads/sites/8/2010/12/bus-berlin_birnbach-300x225.jpg" alt="bus berlin_birnbach" width="300" height="225" srcset="https://www.bauer-hans.de/ferienwohnung-im-baederdreieck/wp-content/uploads/sites/8/2010/12/bus-berlin_birnbach-300x225.jpg 300w, https://www.bauer-hans.de/ferienwohnung-im-baederdreieck/wp-content/uploads/sites/8/2010/12/bus-berlin_birnbach-250x187.jpg 250w, https://www.bauer-hans.de/ferienwohnung-im-baederdreieck/wp-content/uploads/sites/8/2010/12/bus-berlin_birnbach.jpg 600w" sizes="auto, (max-width: 300px) 100vw, 300px" /></a></h2>
<p><strong>3x wöchentlich</strong> fährt der Bus von der Bundeshauptstadt aus direkt in&#8217;s Bäderdreieck nach Niederbayern, zahlreiche weitere Zugsteigmöglichkeiten. <a title="Fahrplan Berlin - Bäderdreieck Niederbayern" href="https://www.bauer-hans.de/ferienwohnung-im-baederdreieck/wp-content/uploads/sites/8/2012/08/Bayern-Express-Berlin-NDB.pdf" target="_blank">Download Fahrplan</a>.</p>

<p>[mappress mapid=&#8220;2&#8243; width=&#8220;100%&#8220; height=&#8220;400&#8243; adaptive=&#8220;true&#8220;] wenn Sie bitte auf die Markierung klicken dann auf Wegbeschreibung, so bekommen Sie einen Routenplaner geöffnet. Mit dem Auto: Aus Nord- und Westdeutschland: auf der Autobahn A3 über Passau, Ausfahrt Vilshofen, Passau-Mitte (Fürstenzell), Passau-Süd oder Pocking. Aus Richtung München: auf der Bundesstraße 12 bis Malching; dann weiter auf der Staatsstraße &hellip; </p>
<p class="link-more"><a href="https://www.bauer-hans.de/ferienwohnung-im-baederdreieck/anreise/" class="more-link"><span class="screen-reader-text">„Anreise“ </span>weiterlesen</a></p>

<!-- This site is optimized with the Yoast SEO plugin v27.5 - https://yoast.com/product/yoast-seo-wordpress/ -->
<title>Anreise - Ferienwohnung Bäderdreieck Niederbayern | Füssing | Birnbach | Griesbach |</title>
<meta name="robots" content="index, follow, max-snippet:-1, max-image-preview:large, max-video-preview:-1" />
<link rel="canonical" href="https://www.bauer-hans.de/ferienwohnung-im-baederdreieck/anreise/" />
<meta name="twitter:label1" content="Geschätzte Lesezeit" />
	<meta name="twitter:data1" content="1 Minute" />
<script type="application/ld+json" class="yoast-schema-graph">{"@context":"https:\/\/schema.org","@graph":[{"@type":"WebPage","@id":"https:\/\/www.bauer-hans.de\/ferienwohnung-im-baederdreieck\/anreise\/","url":"https:\/\/www.bauer-hans.de\/ferienwohnung-im-baederdreieck\/anreise\/","name":"Anreise - Ferienwohnung Bäderdreieck Niederbayern | Füssing | Birnbach | Griesbach |","isPartOf":{"@id":"https:\/\/www.bauer-hans.de\/ferienwohnung-im-baederdreieck\/#website"},"primaryImageOfPage":{"@id":"https:\/\/www.bauer-hans.de\/ferienwohnung-im-baederdreieck\/anreise\/#primaryimage"},"image":{"@id":"https:\/\/www.bauer-hans.de\/ferienwohnung-im-baederdreieck\/anreise\/#primaryimage"},"thumbnailUrl":"https:\/\/www.bauer-hans.de\/ferienwohnung-im-baederdreieck\/wp-content\/uploads\/sites\/8\/2010\/12\/bus-berlin_birnbach-300x225.jpg","datePublished":"2010-12-26T09:56:11+00:00","dateModified":"2015-05-26T14:04:49+00:00","breadcrumb":{"@id":"https:\/\/www.bauer-hans.de\/ferienwohnung-im-baederdreieck\/anreise\/#breadcrumb"},"inLanguage":"de","potentialAction":[{"@type":"ReadAction","target":["https:\/\/www.bauer-hans.de\/ferienwohnung-im-baederdreieck\/anreise\/"]}]},{"@type":"ImageObject","inLanguage":"de","@id":"https:\/\/www.bauer-hans.de\/ferienwohnung-im-baederdreieck\/anreise\/#primaryimage","url":"https:\/\/www.bauer-hans.de\/ferienwohnung-im-baederdreieck\/wp-content\/uploads\/sites\/8\/2010\/12\/bus-berlin_birnbach.jpg","contentUrl":"https:\/\/www.bauer-hans.de\/ferienwohnung-im-baederdreieck\/wp-content\/uploads\/sites\/8\/2010\/12\/bus-berlin_birnbach.jpg","width":600,"height":449},{"@type":"BreadcrumbList","@id":"https:\/\/www.bauer-hans.de\/ferienwohnung-im-baederdreieck\/anreise\/#breadcrumb","itemListElement":[{"@type":"ListItem","position":1,"name":"Startseite","item":"https:\/\/www.bauer-hans.de\/ferienwohnung-im-baederdreieck\/"},{"@type":"ListItem","position":2,"name":"Anreise"}]},{"@type":"WebSite","@id":"https:\/\/www.bauer-hans.de\/ferienwohnung-im-baederdreieck\/#website","url":"https:\/\/www.bauer-hans.de\/ferienwohnung-im-baederdreieck\/","name":"Ferienwohnung Bäderdreieck Niederbayern | Füssing | Birnbach | Griesbach |","description":"Top Fewo, 2 SZ, Winter-Garten Nähe Bad Birnbach, Bad Füssing, Bad Griesbach","potentialAction":[{"@type":"SearchAction","target":{"@type":"EntryPoint","urlTemplate":"https:\/\/www.bauer-hans.de\/ferienwohnung-im-baederdreieck\/?s={search_term_string}"},"query-input":{"@type":"PropertyValueSpecification","valueRequired":true,"valueName":"search_term_string"}}],"inLanguage":"de"}]}</script>
<!-- / Yoast SEO plugin. -->

Anreise - Ferienwohnung Bäderdreieck Niederbayern | Füssing | Birnbach | Griesbach |

Ferienwohnung Bäderdreieck Niederbayern | Füssing | Birnbach | Griesbach |

Top Fewo, 2 SZ, Winter-Garten Nähe Bad Birnbach, Bad Füssing, Bad Griesbach
