{"id":57,"date":"2010-10-31T18:20:08","date_gmt":"2010-10-31T18:20:08","guid":{"rendered":"http:\/\/www.ferienwohnung-im-baederdreieck.de\/"},"modified":"2022-06-21T08:24:19","modified_gmt":"2022-06-21T06:24:19","slug":"die-wohnung","status":"publish","type":"page","link":"https:\/\/www.bauer-hans.de\/ferienwohnung-im-baederdreieck\/die-wohnung\/","title":{"rendered":"Die Wohnung"},"content":{"rendered":"<p>ist ruhig gelegen in Bayerbach und verf\u00fcgt \u00fcber:<\/p>\n<ul>\n<li><strong>2 getrennte Schlafzimmer<\/strong><\/li>\n<li><strong>Wohn-Esszimmer<\/strong><\/li>\n<li><strong>Badezimmer mit Wanne und separater Dusche<\/strong><\/li>\n<li><strong>separate K\u00fcche<\/strong><\/li>\n<li><strong>Wintergarten mit Terrasse<\/strong><\/li>\n<li><strong>Tiefgaragenstellplatz und oberirdischer Stellplatz<\/strong><\/li>\n<li><strong>Telefon und Internet (W-LAN) kostenfrei<\/strong><\/li>\n<li><strong>\u00fcberkomplett und hochwertig eingerichtet<\/strong><\/li>\n<\/ul>\n<p>Das schreiben unsere G\u00e4ste \u00fcber die Wohnung&#8230;.sch\u00f6ne Ferienwohnung&#8230;&#8230;gem\u00fctlich und sehr gut ausgestatte Wohnung&#8230;&#8230;die Wohnung bedenkenlos weiterempfehlen&#8230;..Die Wohnung ist ein echter Knaller&#8230;\u00a0 <a href=\"https:\/\/www.bauer-hans.de\/ferienwohnung-im-baederdreieck\/gastebuch\/\">lesen Sie hier die orig. Ausz\u00fcge<\/a><\/p>\n<p><script>\/\/ <![CDATA[\n!function(d,s,id){var js,fjs=d.getElementsByTagName(s)[0];if(!d.getElementById(id)){js=d.createElement(s);js.id=id;js.src=\"\/\/www.traum-ferienwohnungen.de\/widgets\/boot.js\";fjs.parentNode.insertBefore(js,fjs);}}(document,\"script\",\"traumfewo-widget-js\");<br \/>\n\/\/ ]]><\/script><a class=\"traumfewo-review\" title=\"Ferienwohnung Fewo-Bauer bei Traum-Ferienwohnungen.de\" href=\"http:\/\/www.traum-ferienwohnungen.de\/3368.htm#bewertungen\" target=\"_blank\" rel=\"noopener\" data-listing=\"3368\" data-language=\"de\" data-width=\"535\" data-height=\"250\" data-font=\"verdana\" data-color-background=\"E6F0F7\" data-color-border=\"86B3D4\" data-color-button=\"\" data-color-fontcolor=\"333333\" data-color-buttonfont=\"\" data-without-logo=\"false\">Jetzt alle Bewertungen von Ferienwohnung Fewo-Bauer lesen<\/a><\/p>\n<p><span style=\"color: #000000; line-height: 23px;\"><a href=\"https:\/\/www.bauer-hans.de\/ferienwohnung-im-baederdreieck\/wp-content\/uploads\/sites\/8\/2015\/04\/wz1.jpg\"><img loading=\"lazy\" decoding=\"async\" class=\"alignleft size-large wp-image-944\" src=\"https:\/\/www.bauer-hans.de\/ferienwohnung-im-baederdreieck\/wp-content\/uploads\/sites\/8\/2015\/04\/wz1-1024x768.jpg\" alt=\"wz1\" width=\"640\" height=\"480\" srcset=\"https:\/\/www.bauer-hans.de\/ferienwohnung-im-baederdreieck\/wp-content\/uploads\/sites\/8\/2015\/04\/wz1-1024x768.jpg 1024w, https:\/\/www.bauer-hans.de\/ferienwohnung-im-baederdreieck\/wp-content\/uploads\/sites\/8\/2015\/04\/wz1-300x225.jpg 300w, https:\/\/www.bauer-hans.de\/ferienwohnung-im-baederdreieck\/wp-content\/uploads\/sites\/8\/2015\/04\/wz1-250x188.jpg 250w, https:\/\/www.bauer-hans.de\/ferienwohnung-im-baederdreieck\/wp-content\/uploads\/sites\/8\/2015\/04\/wz1.jpg 1198w\" sizes=\"auto, (max-width: 640px) 100vw, 640px\" \/><\/a>Die \u00fcber 70 qm gro\u00dfe und vom Licht durchflutete Wohnung befindet sich in einem Mehrfamilienhaus mit insgesamt 10 Wohnungen, verteilt auf zwei Eing\u00e4nge. Nur zwei Wohnungen sind auf Dauer vermietet alle anderen werden von ihren Eigent\u00fcmern als Zweitwohnung gen\u00fctzt.<\/span><\/p>\n<p>Das Telefon befindet sich in der Diele, im Wintergarten Richtung S\u00fcden k\u00f6nnen Sie sich auch an kalten Tagen von der Sonne verw\u00f6hnen lassen, bei sch\u00f6nem Wetter werden Sie sicher auf unseren Liegen die Sonne auf der Terrasse geniessen. Dann steht Ihnen auch ein transportabler Grill zur Verf\u00fcgung &#8211; auf der \u00fcberdachten Terrasse grillen, ein Glas Wein oder Bier dazu &#8211; einfach Genuss pur. In der Gemeinschaftswaschk\u00fcche k\u00f6nnen Sie unsere Waschmaschine unentgeltlich n\u00fctzen.<\/p>\n<p><a href=\"https:\/\/www.bauer-hans.de\/ferienwohnung-im-baederdreieck\/wp-content\/uploads\/sites\/8\/2010\/10\/wz31.jpg\"><img loading=\"lazy\" decoding=\"async\" class=\"alignleft size-full wp-image-726\" src=\"https:\/\/www.bauer-hans.de\/ferienwohnung-im-baederdreieck\/wp-content\/uploads\/sites\/8\/2010\/10\/wz31.jpg\" alt=\"Wohn-Esszimmer\" width=\"800\" height=\"450\" srcset=\"https:\/\/www.bauer-hans.de\/ferienwohnung-im-baederdreieck\/wp-content\/uploads\/sites\/8\/2010\/10\/wz31.jpg 800w, https:\/\/www.bauer-hans.de\/ferienwohnung-im-baederdreieck\/wp-content\/uploads\/sites\/8\/2010\/10\/wz31-300x168.jpg 300w\" sizes=\"auto, (max-width: 767px) 89vw, (max-width: 1000px) 54vw, (max-width: 1071px) 543px, 580px\" \/><\/a><\/p>\n<p>In dem sehr hellen und gem\u00fctlichen Wohnzimmer haben Sie eine Ledercouch und einen Fernsehsessel, dann eine sch\u00f6ne Essecke mit Eckbank und zwei St\u00fchlen, also gen\u00fcgend Platz f\u00fcr vier Personen. Im Wohnzimmer ein SAT-TV, DVD-Player, eine hochwertige Stereonalage und ausreichend gutes Geschirr f\u00fcr sechs Personen. Selbstversts\u00e4ndlich haben wir auch f\u00fcr jedes Getr\u00e4nk das dazu passende Glas (und nicht wie h\u00e4ufig \u00fcblich, ein Sammelsurium von Gl\u00e4sern f\u00fcr alles).<\/p>\n<p><a href=\"https:\/\/www.bauer-hans.de\/ferienwohnung-im-baederdreieck\/wp-content\/uploads\/sites\/8\/2010\/10\/wiga1.jpg\"><img loading=\"lazy\" decoding=\"async\" class=\" size-full wp-image-40 aligncenter\" src=\"https:\/\/www.bauer-hans.de\/ferienwohnung-im-baederdreieck\/wp-content\/uploads\/sites\/8\/2010\/10\/wiga1.jpg\" alt=\"Der Wintergarten mit Blick auf die Terrasse\" width=\"500\" height=\"375\" srcset=\"https:\/\/www.bauer-hans.de\/ferienwohnung-im-baederdreieck\/wp-content\/uploads\/sites\/8\/2010\/10\/wiga1.jpg 500w, https:\/\/www.bauer-hans.de\/ferienwohnung-im-baederdreieck\/wp-content\/uploads\/sites\/8\/2010\/10\/wiga1-300x225.jpg 300w\" sizes=\"auto, (max-width: 500px) 100vw, 500px\" \/><\/a>Vom Wohnzimmer aus kommen Sie in den Wintergarten auch hier haben Sie mit 4 Personen gen\u00fcgend Platz um vielleicht schon am Morgen bei Sonnenschein gem\u00fctlich zu fr\u00fchst\u00fccken. \u00a0Hier im Hintergrund des Wintergartens sehen Sie die \u00fcberdachte Terrasse.<br \/>\n<a href=\"https:\/\/www.bauer-hans.de\/ferienwohnung-im-baederdreieck\/wp-content\/uploads\/sites\/8\/2010\/10\/sz11.jpg\"><img loading=\"lazy\" decoding=\"async\" class=\"alignleft size-full wp-image-945\" src=\"https:\/\/www.bauer-hans.de\/ferienwohnung-im-baederdreieck\/wp-content\/uploads\/sites\/8\/2010\/10\/sz11.jpg\" alt=\"sz1\" width=\"800\" height=\"533\" srcset=\"https:\/\/www.bauer-hans.de\/ferienwohnung-im-baederdreieck\/wp-content\/uploads\/sites\/8\/2010\/10\/sz11.jpg 800w, https:\/\/www.bauer-hans.de\/ferienwohnung-im-baederdreieck\/wp-content\/uploads\/sites\/8\/2010\/10\/sz11-300x200.jpg 300w, https:\/\/www.bauer-hans.de\/ferienwohnung-im-baederdreieck\/wp-content\/uploads\/sites\/8\/2010\/10\/sz11-250x167.jpg 250w\" sizes=\"auto, (max-width: 767px) 89vw, (max-width: 1000px) 54vw, (max-width: 1071px) 543px, 580px\" \/><\/a><\/p>\n<p>Hier\u00a0zu sehen das\u00a0Schlafzimmer\u00a0mit einem \u00a0Doppelbett (2 x 1,0 m) und selbstverst\u00e4ndlich einen gro\u00dfen Kleiderschrank mit ausreichend Stauraum f\u00fcr Ihre Kleidung.\u00a0Mit Korklaminatboden und Bettvorleger.<\/p>\n<h3><a href=\"https:\/\/www.bauer-hans.de\/ferienwohnung-im-baederdreieck\/wp-content\/uploads\/sites\/8\/2015\/04\/sz2.jpg\"><img loading=\"lazy\" decoding=\"async\" class=\"alignleft size-large wp-image-943\" src=\"https:\/\/www.bauer-hans.de\/ferienwohnung-im-baederdreieck\/wp-content\/uploads\/sites\/8\/2015\/04\/sz2-1024x768.jpg\" alt=\"sz2\" width=\"640\" height=\"480\" srcset=\"https:\/\/www.bauer-hans.de\/ferienwohnung-im-baederdreieck\/wp-content\/uploads\/sites\/8\/2015\/04\/sz2-1024x768.jpg 1024w, https:\/\/www.bauer-hans.de\/ferienwohnung-im-baederdreieck\/wp-content\/uploads\/sites\/8\/2015\/04\/sz2-300x225.jpg 300w, https:\/\/www.bauer-hans.de\/ferienwohnung-im-baederdreieck\/wp-content\/uploads\/sites\/8\/2015\/04\/sz2-250x188.jpg 250w, https:\/\/www.bauer-hans.de\/ferienwohnung-im-baederdreieck\/wp-content\/uploads\/sites\/8\/2015\/04\/sz2.jpg 1200w\" sizes=\"auto, (max-width: 640px) 100vw, 640px\" \/><\/a><\/h3>\n<p>Dann noch ein zweites Schlafzimmer mit zwei Einzelbetten (2,0 x 0,90 m) und ebenfalls mit einem Kleiderschrank. Ebenfalls mit einem Korklamiatboden. In diesem Zimmer haben wir f\u00fcr unsere G\u00e4ste einen M\u00f6bel-Save eingebaut, damit Sie Ihre Wertsachen beruhigt in der Wohnung zur\u00fcck lassen k\u00f6nnen.<\/p>\n<p><a href=\"https:\/\/www.bauer-hans.de\/ferienwohnung-im-baederdreieck\/wp-content\/uploads\/sites\/8\/2015\/11\/k\u00fcche.jpg\"><img loading=\"lazy\" decoding=\"async\" class=\"alignnone wp-image-1032 size-large\" src=\"https:\/\/www.bauer-hans.de\/ferienwohnung-im-baederdreieck\/wp-content\/uploads\/sites\/8\/2015\/11\/k\u00fcche-1024x689.jpg\" alt=\"SAMSUNG CAMERA PICTURES\" width=\"660\" height=\"444\" srcset=\"https:\/\/www.bauer-hans.de\/ferienwohnung-im-baederdreieck\/wp-content\/uploads\/sites\/8\/2015\/11\/k\u00fcche-1024x689.jpg 1024w, https:\/\/www.bauer-hans.de\/ferienwohnung-im-baederdreieck\/wp-content\/uploads\/sites\/8\/2015\/11\/k\u00fcche-300x202.jpg 300w, https:\/\/www.bauer-hans.de\/ferienwohnung-im-baederdreieck\/wp-content\/uploads\/sites\/8\/2015\/11\/k\u00fcche-250x168.jpg 250w, https:\/\/www.bauer-hans.de\/ferienwohnung-im-baederdreieck\/wp-content\/uploads\/sites\/8\/2015\/11\/k\u00fcche.jpg 1200w\" sizes=\"auto, (max-width: 660px) 100vw, 660px\" \/><\/a><\/p>\n<p><span style=\"text-decoration: underline;\">Sie werden in dieser\u00a0K\u00fcche nichts vermissen<\/span>: So haben wir Elektroherd mit Ceranfeld und Backrohr (Umluft, Unter- Oberhitze), Microwelle, K\u00fchl-Gefrierschrank, Geschirrsp\u00fclmaschine, Kaffeeautomat und mehrere Kleinger\u00e4te sowie ausreichend, hochwertiges Besteck f\u00fcr 6 Personen. Au\u00dferdem sorgt das Au\u00dfenfenster f\u00fcr sehr viel Helligkeit sogar in der K\u00fcche.<\/p>\n<p><a href=\"https:\/\/www.bauer-hans.de\/ferienwohnung-im-baederdreieck\/wp-content\/uploads\/sites\/8\/2010\/10\/bad.jpg\"><img loading=\"lazy\" decoding=\"async\" class=\" size-full wp-image-9 aligncenter\" src=\"https:\/\/www.bauer-hans.de\/ferienwohnung-im-baederdreieck\/wp-content\/uploads\/sites\/8\/2010\/10\/bad.jpg\" alt=\"bad\" width=\"500\" height=\"750\" srcset=\"https:\/\/www.bauer-hans.de\/ferienwohnung-im-baederdreieck\/wp-content\/uploads\/sites\/8\/2010\/10\/bad.jpg 500w, https:\/\/www.bauer-hans.de\/ferienwohnung-im-baederdreieck\/wp-content\/uploads\/sites\/8\/2010\/10\/bad-200x300.jpg 200w\" sizes=\"auto, (max-width: 500px) 100vw, 500px\" \/><\/a>Selbst das Badezimmer hat ein Au\u00dfenfenster wie Sie sehen. Hier haben wir eine\u00a0 Wanne und eine <span style=\"text-decoration: underline;\">separate<\/span> Dusche, ein WC, Handwaschbecken. Selbstverst\u00e4ndlich auch einen Kosmetikspiegel sowie auch einen Haarf\u00f6hn.<\/p>\n<p><a href=\"https:\/\/www.bauer-hans.de\/ferienwohnung-im-baederdreieck\/wp-content\/uploads\/sites\/8\/2015\/11\/diele.jpg\"><img loading=\"lazy\" decoding=\"async\" class=\"alignnone wp-image-1031 size-large\" src=\"https:\/\/www.bauer-hans.de\/ferienwohnung-im-baederdreieck\/wp-content\/uploads\/sites\/8\/2015\/11\/diele-1024x619.jpg\" alt=\"SAMSUNG CAMERA PICTURES\" width=\"660\" height=\"399\" srcset=\"https:\/\/www.bauer-hans.de\/ferienwohnung-im-baederdreieck\/wp-content\/uploads\/sites\/8\/2015\/11\/diele-1024x619.jpg 1024w, https:\/\/www.bauer-hans.de\/ferienwohnung-im-baederdreieck\/wp-content\/uploads\/sites\/8\/2015\/11\/diele-300x181.jpg 300w, https:\/\/www.bauer-hans.de\/ferienwohnung-im-baederdreieck\/wp-content\/uploads\/sites\/8\/2015\/11\/diele-250x151.jpg 250w, https:\/\/www.bauer-hans.de\/ferienwohnung-im-baederdreieck\/wp-content\/uploads\/sites\/8\/2015\/11\/diele.jpg 1200w\" sizes=\"auto, (max-width: 660px) 100vw, 660px\" \/><\/a><\/p>\n<p>Hier zu sehen die Diehle, re. die T\u00fcre zum 2. Schlafzimmer. Das Telefon ist hier installiert und steht Ihnen kostenlos zur Verf\u00fcgung.<\/p>\n<p>.<br \/>\n<a href=\"https:\/\/www.ferienwohnung-im-baederdreieck.de\/die-wohnung\/tablet_pc\/\" rel=\"attachment wp-att-723\"><img loading=\"lazy\" decoding=\"async\" class=\"alignleft size-medium wp-image-723\" src=\"https:\/\/www.bauer-hans.de\/ferienwohnung-im-baederdreieck\/wp-content\/uploads\/sites\/8\/2010\/10\/tablet_pc-300x168.jpg\" alt=\"tablet_pc\" width=\"300\" height=\"168\" srcset=\"https:\/\/www.bauer-hans.de\/ferienwohnung-im-baederdreieck\/wp-content\/uploads\/sites\/8\/2010\/10\/tablet_pc-300x168.jpg 300w, https:\/\/www.bauer-hans.de\/ferienwohnung-im-baederdreieck\/wp-content\/uploads\/sites\/8\/2010\/10\/tablet_pc.jpg 800w\" sizes=\"auto, (max-width: 300px) 100vw, 300px\" \/><\/a>Dieses kleine Tablet steht unseren G\u00e4sten ebenfalls kostenfrei zur Verf\u00fcgung.<\/p>\n","protected":false},"excerpt":{"rendered":"<p>ist ruhig gelegen in Bayerbach und verf\u00fcgt \u00fcber: 2 getrennte Schlafzimmer Wohn-Esszimmer Badezimmer mit Wanne und separater Dusche separate K\u00fcche Wintergarten mit Terrasse Tiefgaragenstellplatz und oberirdischer Stellplatz Telefon und Internet (W-LAN) kostenfrei \u00fcberkomplett und hochwertig eingerichtet Das schreiben unsere G\u00e4ste \u00fcber die Wohnung&#8230;.sch\u00f6ne Ferienwohnung&#8230;&#8230;gem\u00fctlich und sehr gut ausgestatte Wohnung&#8230;&#8230;die Wohnung bedenkenlos weiterempfehlen&#8230;..Die Wohnung ist ein &hellip; <\/p>\n<p class=\"link-more\"><a href=\"https:\/\/www.bauer-hans.de\/ferienwohnung-im-baederdreieck\/die-wohnung\/\" class=\"more-link\"><span class=\"screen-reader-text\">\u201eDie Wohnung\u201c <\/span>weiterlesen<\/a><\/p>\n","protected":false},"author":2,"featured_media":0,"parent":0,"menu_order":0,"comment_status":"closed","ping_status":"closed","template":"","meta":{"_acf_changed":false,"footnotes":""},"class_list":["post-57","page","type-page","status-publish","hentry"],"acf":[],"yoast_head":"<!-- This site is optimized with the Yoast SEO plugin v27.5 - https:\/\/yoast.com\/product\/yoast-seo-wordpress\/ -->\n<title>Ferienwohnung in Bayerbach Rottal-Inn<\/title>\n<meta name=\"description\" content=\"Lusuri\u00f6se voll eingerichtete Fewo mit 2 getrennten Schlafzimmern, Wintergarten, Garagenstellplatz unweit Bad Birnbach, Bad Griesbach, Bad F\u00fcssing\" \/>\n<meta name=\"robots\" content=\"index, follow, max-snippet:-1, max-image-preview:large, max-video-preview:-1\" \/>\n<link rel=\"canonical\" href=\"https:\/\/www.bauer-hans.de\/ferienwohnung-im-baederdreieck\/die-wohnung\/\" \/>\n<meta name=\"twitter:label1\" content=\"Gesch\u00e4tzte Lesezeit\" \/>\n\t<meta name=\"twitter:data1\" content=\"5\u00a0Minuten\" \/>\n<script type=\"application\/ld+json\" class=\"yoast-schema-graph\">{\"@context\":\"https:\\\/\\\/schema.org\",\"@graph\":[{\"@type\":\"WebPage\",\"@id\":\"https:\\\/\\\/www.bauer-hans.de\\\/ferienwohnung-im-baederdreieck\\\/die-wohnung\\\/\",\"url\":\"https:\\\/\\\/www.bauer-hans.de\\\/ferienwohnung-im-baederdreieck\\\/die-wohnung\\\/\",\"name\":\"Ferienwohnung in Bayerbach Rottal-Inn\",\"isPartOf\":{\"@id\":\"https:\\\/\\\/www.bauer-hans.de\\\/ferienwohnung-im-baederdreieck\\\/#website\"},\"primaryImageOfPage\":{\"@id\":\"https:\\\/\\\/www.bauer-hans.de\\\/ferienwohnung-im-baederdreieck\\\/die-wohnung\\\/#primaryimage\"},\"image\":{\"@id\":\"https:\\\/\\\/www.bauer-hans.de\\\/ferienwohnung-im-baederdreieck\\\/die-wohnung\\\/#primaryimage\"},\"thumbnailUrl\":\"https:\\\/\\\/www.bauer-hans.de\\\/ferienwohnung-im-baederdreieck\\\/wp-content\\\/uploads\\\/sites\\\/8\\\/2015\\\/04\\\/wz1-1024x768.jpg\",\"datePublished\":\"2010-10-31T18:20:08+00:00\",\"dateModified\":\"2022-06-21T06:24:19+00:00\",\"description\":\"Lusuri\u00f6se voll eingerichtete Fewo mit 2 getrennten Schlafzimmern, Wintergarten, Garagenstellplatz unweit Bad Birnbach, Bad Griesbach, Bad F\u00fcssing\",\"breadcrumb\":{\"@id\":\"https:\\\/\\\/www.bauer-hans.de\\\/ferienwohnung-im-baederdreieck\\\/die-wohnung\\\/#breadcrumb\"},\"inLanguage\":\"de\",\"potentialAction\":[{\"@type\":\"ReadAction\",\"target\":[\"https:\\\/\\\/www.bauer-hans.de\\\/ferienwohnung-im-baederdreieck\\\/die-wohnung\\\/\"]}]},{\"@type\":\"ImageObject\",\"inLanguage\":\"de\",\"@id\":\"https:\\\/\\\/www.bauer-hans.de\\\/ferienwohnung-im-baederdreieck\\\/die-wohnung\\\/#primaryimage\",\"url\":\"https:\\\/\\\/www.bauer-hans.de\\\/ferienwohnung-im-baederdreieck\\\/wp-content\\\/uploads\\\/sites\\\/8\\\/2015\\\/04\\\/wz1.jpg\",\"contentUrl\":\"https:\\\/\\\/www.bauer-hans.de\\\/ferienwohnung-im-baederdreieck\\\/wp-content\\\/uploads\\\/sites\\\/8\\\/2015\\\/04\\\/wz1.jpg\",\"width\":1198,\"height\":899},{\"@type\":\"BreadcrumbList\",\"@id\":\"https:\\\/\\\/www.bauer-hans.de\\\/ferienwohnung-im-baederdreieck\\\/die-wohnung\\\/#breadcrumb\",\"itemListElement\":[{\"@type\":\"ListItem\",\"position\":1,\"name\":\"Startseite\",\"item\":\"https:\\\/\\\/www.bauer-hans.de\\\/ferienwohnung-im-baederdreieck\\\/\"},{\"@type\":\"ListItem\",\"position\":2,\"name\":\"Die Wohnung\"}]},{\"@type\":\"WebSite\",\"@id\":\"https:\\\/\\\/www.bauer-hans.de\\\/ferienwohnung-im-baederdreieck\\\/#website\",\"url\":\"https:\\\/\\\/www.bauer-hans.de\\\/ferienwohnung-im-baederdreieck\\\/\",\"name\":\"Ferienwohnung B\u00e4derdreieck Niederbayern | F\u00fcssing | Birnbach | Griesbach |\",\"description\":\"Top Fewo, 2 SZ, Winter-Garten N\u00e4he Bad Birnbach, Bad F\u00fcssing, Bad Griesbach\",\"potentialAction\":[{\"@type\":\"SearchAction\",\"target\":{\"@type\":\"EntryPoint\",\"urlTemplate\":\"https:\\\/\\\/www.bauer-hans.de\\\/ferienwohnung-im-baederdreieck\\\/?s={search_term_string}\"},\"query-input\":{\"@type\":\"PropertyValueSpecification\",\"valueRequired\":true,\"valueName\":\"search_term_string\"}}],\"inLanguage\":\"de\"}]}<\/script>\n<!-- \/ Yoast SEO plugin. -->","yoast_head_json":{"title":"Ferienwohnung in Bayerbach Rottal-Inn","description":"Lusuri\u00f6se voll eingerichtete Fewo mit 2 getrennten Schlafzimmern, Wintergarten, Garagenstellplatz unweit Bad Birnbach, Bad Griesbach, Bad F\u00fcssing","robots":{"index":"index","follow":"follow","max-snippet":"max-snippet:-1","max-image-preview":"max-image-preview:large","max-video-preview":"max-video-preview:-1"},"canonical":"https:\/\/www.bauer-hans.de\/ferienwohnung-im-baederdreieck\/die-wohnung\/","twitter_misc":{"Gesch\u00e4tzte Lesezeit":"5\u00a0Minuten"},"schema":{"@context":"https:\/\/schema.org","@graph":[{"@type":"WebPage","@id":"https:\/\/www.bauer-hans.de\/ferienwohnung-im-baederdreieck\/die-wohnung\/","url":"https:\/\/www.bauer-hans.de\/ferienwohnung-im-baederdreieck\/die-wohnung\/","name":"Ferienwohnung in Bayerbach Rottal-Inn","isPartOf":{"@id":"https:\/\/www.bauer-hans.de\/ferienwohnung-im-baederdreieck\/#website"},"primaryImageOfPage":{"@id":"https:\/\/www.bauer-hans.de\/ferienwohnung-im-baederdreieck\/die-wohnung\/#primaryimage"},"image":{"@id":"https:\/\/www.bauer-hans.de\/ferienwohnung-im-baederdreieck\/die-wohnung\/#primaryimage"},"thumbnailUrl":"https:\/\/www.bauer-hans.de\/ferienwohnung-im-baederdreieck\/wp-content\/uploads\/sites\/8\/2015\/04\/wz1-1024x768.jpg","datePublished":"2010-10-31T18:20:08+00:00","dateModified":"2022-06-21T06:24:19+00:00","description":"Lusuri\u00f6se voll eingerichtete Fewo mit 2 getrennten Schlafzimmern, Wintergarten, Garagenstellplatz unweit Bad Birnbach, Bad Griesbach, Bad F\u00fcssing","breadcrumb":{"@id":"https:\/\/www.bauer-hans.de\/ferienwohnung-im-baederdreieck\/die-wohnung\/#breadcrumb"},"inLanguage":"de","potentialAction":[{"@type":"ReadAction","target":["https:\/\/www.bauer-hans.de\/ferienwohnung-im-baederdreieck\/die-wohnung\/"]}]},{"@type":"ImageObject","inLanguage":"de","@id":"https:\/\/www.bauer-hans.de\/ferienwohnung-im-baederdreieck\/die-wohnung\/#primaryimage","url":"https:\/\/www.bauer-hans.de\/ferienwohnung-im-baederdreieck\/wp-content\/uploads\/sites\/8\/2015\/04\/wz1.jpg","contentUrl":"https:\/\/www.bauer-hans.de\/ferienwohnung-im-baederdreieck\/wp-content\/uploads\/sites\/8\/2015\/04\/wz1.jpg","width":1198,"height":899},{"@type":"BreadcrumbList","@id":"https:\/\/www.bauer-hans.de\/ferienwohnung-im-baederdreieck\/die-wohnung\/#breadcrumb","itemListElement":[{"@type":"ListItem","position":1,"name":"Startseite","item":"https:\/\/www.bauer-hans.de\/ferienwohnung-im-baederdreieck\/"},{"@type":"ListItem","position":2,"name":"Die Wohnung"}]},{"@type":"WebSite","@id":"https:\/\/www.bauer-hans.de\/ferienwohnung-im-baederdreieck\/#website","url":"https:\/\/www.bauer-hans.de\/ferienwohnung-im-baederdreieck\/","name":"Ferienwohnung B\u00e4derdreieck Niederbayern | F\u00fcssing | Birnbach | Griesbach |","description":"Top Fewo, 2 SZ, Winter-Garten N\u00e4he Bad Birnbach, Bad F\u00fcssing, Bad Griesbach","potentialAction":[{"@type":"SearchAction","target":{"@type":"EntryPoint","urlTemplate":"https:\/\/www.bauer-hans.de\/ferienwohnung-im-baederdreieck\/?s={search_term_string}"},"query-input":{"@type":"PropertyValueSpecification","valueRequired":true,"valueName":"search_term_string"}}],"inLanguage":"de"}]}},"_links":{"self":[{"href":"https:\/\/www.bauer-hans.de\/ferienwohnung-im-baederdreieck\/wp-json\/wp\/v2\/pages\/57","targetHints":{"allow":["GET"]}}],"collection":[{"href":"https:\/\/www.bauer-hans.de\/ferienwohnung-im-baederdreieck\/wp-json\/wp\/v2\/pages"}],"about":[{"href":"https:\/\/www.bauer-hans.de\/ferienwohnung-im-baederdreieck\/wp-json\/wp\/v2\/types\/page"}],"author":[{"embeddable":true,"href":"https:\/\/www.bauer-hans.de\/ferienwohnung-im-baederdreieck\/wp-json\/wp\/v2\/users\/2"}],"replies":[{"embeddable":true,"href":"https:\/\/www.bauer-hans.de\/ferienwohnung-im-baederdreieck\/wp-json\/wp\/v2\/comments?post=57"}],"version-history":[{"count":12,"href":"https:\/\/www.bauer-hans.de\/ferienwohnung-im-baederdreieck\/wp-json\/wp\/v2\/pages\/57\/revisions"}],"predecessor-version":[{"id":1397,"href":"https:\/\/www.bauer-hans.de\/ferienwohnung-im-baederdreieck\/wp-json\/wp\/v2\/pages\/57\/revisions\/1397"}],"wp:attachment":[{"href":"https:\/\/www.bauer-hans.de\/ferienwohnung-im-baederdreieck\/wp-json\/wp\/v2\/media?parent=57"}],"curies":[{"name":"wp","href":"https:\/\/api.w.org\/{rel}","templated":true}]}}