{"id":66,"date":"2010-10-31T18:26:29","date_gmt":"2010-10-31T18:26:29","guid":{"rendered":"http:\/\/www.ferienwohnung-im-baederdreieck.de\/"},"modified":"2023-11-25T10:36:35","modified_gmt":"2023-11-25T08:36:35","slug":"mietpreisinfo","status":"publish","type":"page","link":"https:\/\/www.bauer-hans.de\/ferienwohnung-im-baederdreieck\/mietpreisinfo\/","title":{"rendered":"Mietpreisinfo"},"content":{"rendered":"<h3><\/h3>\n<table border=\"0\" width=\"98%\">\n<tbody>\n<tr>\n<td colspan=\"3\">\n<h4 style=\"text-align: center;\">Miet-Preis-\u00dcbersicht pro \u00dcbernachtung<\/h4>\n<\/td>\n<\/tr>\n<tr>\n<td>Zeitraum<\/td>\n<td>2 Personen<\/td>\n<td>pro weitere Person<\/td>\n<\/tr>\n<tr>\n<td>ganzj\u00e4hrig<\/td>\n<td>55,00 \u20ac<\/td>\n<td>9,00 \u20ac<\/td>\n<\/tr>\n<tr>\n<td><\/td>\n<td><\/td>\n<td><\/td>\n<\/tr>\n<tr>\n<td><\/td>\n<td><\/td>\n<td><\/td>\n<\/tr>\n<tr>\n<td><\/td>\n<td><\/td>\n<td><\/td>\n<\/tr>\n<tr>\n<td><\/td>\n<td><\/td>\n<td><\/td>\n<\/tr>\n<tr>\n<td colspan=\"2\"><\/td>\n<td><\/td>\n<\/tr>\n<tr>\n<td colspan=\"3\">Kinder die kein eigenes Bett beanspruchen bleiben kostenfrei<\/td>\n<\/tr>\n<tr>\n<td colspan=\"2\">\u00a0Kurtaxe pro Person ab 14 J.<\/td>\n<td>\u00a01,00 \u20ac<\/td>\n<\/tr>\n<tr>\n<td colspan=\"3\">\n<div>\n<p>Die vorgenannten Mietpreise beziehen sich auf eine Belegung von mindestens einer Woche, bei einer Belegung von nur ein paar Tagen m\u00fcssen wir f\u00fcr die Endreinigung einen pausch. Zuschlag von 30 \u20ac nehmen.<\/p>\n<p>Im Mietpreis enthalten sind s\u00e4mtliche Nebenkosten, wie der Verbrauch von Strom, Wasser und Heizung, Telefon, Internet, Bettw\u00e4sche, Handt\u00fccher und Geschirrt\u00fccher, ebenso die Endreinigung.<\/p>\n<\/div>\n<\/td>\n<\/tr>\n<tr>\n<td colspan=\"3\"><\/td>\n<\/tr>\n<tr>\n<td colspan=\"3\"><\/td>\n<\/tr>\n<\/tbody>\n<\/table>\n","protected":false},"excerpt":{"rendered":"<p>Miet-Preis-\u00dcbersicht pro \u00dcbernachtung Zeitraum 2 Personen pro weitere Person ganzj\u00e4hrig 55,00 \u20ac 9,00 \u20ac Kinder die kein eigenes Bett beanspruchen bleiben kostenfrei \u00a0Kurtaxe pro Person ab 14 J. \u00a01,00 \u20ac Die vorgenannten Mietpreise beziehen sich auf eine Belegung von mindestens einer Woche, bei einer Belegung von nur ein paar Tagen m\u00fcssen wir f\u00fcr die Endreinigung &hellip; <\/p>\n<p class=\"link-more\"><a href=\"https:\/\/www.bauer-hans.de\/ferienwohnung-im-baederdreieck\/mietpreisinfo\/\" class=\"more-link\"><span class=\"screen-reader-text\">\u201eMietpreisinfo\u201c <\/span>weiterlesen<\/a><\/p>\n","protected":false},"author":2,"featured_media":0,"parent":0,"menu_order":0,"comment_status":"closed","ping_status":"closed","template":"","meta":{"_acf_changed":false,"footnotes":""},"class_list":["post-66","page","type-page","status-publish","hentry"],"acf":[],"yoast_head":"<!-- This site is optimized with the Yoast SEO plugin v27.5 - https:\/\/yoast.com\/product\/yoast-seo-wordpress\/ -->\n<title>Mietpreisinfo - Ferienwohnung B\u00e4derdreieck Niederbayern | F\u00fcssing | Birnbach | Griesbach |<\/title>\n<meta name=\"robots\" content=\"index, follow, max-snippet:-1, max-image-preview:large, max-video-preview:-1\" \/>\n<link rel=\"canonical\" href=\"https:\/\/www.bauer-hans.de\/ferienwohnung-im-baederdreieck\/mietpreisinfo\/\" \/>\n<meta name=\"twitter:label1\" content=\"Gesch\u00e4tzte Lesezeit\" \/>\n\t<meta name=\"twitter:data1\" content=\"1\u00a0Minute\" \/>\n<script type=\"application\/ld+json\" class=\"yoast-schema-graph\">{\"@context\":\"https:\\\/\\\/schema.org\",\"@graph\":[{\"@type\":\"WebPage\",\"@id\":\"https:\\\/\\\/www.bauer-hans.de\\\/ferienwohnung-im-baederdreieck\\\/mietpreisinfo\\\/\",\"url\":\"https:\\\/\\\/www.bauer-hans.de\\\/ferienwohnung-im-baederdreieck\\\/mietpreisinfo\\\/\",\"name\":\"Mietpreisinfo - Ferienwohnung B\u00e4derdreieck Niederbayern | F\u00fcssing | Birnbach | Griesbach |\",\"isPartOf\":{\"@id\":\"https:\\\/\\\/www.bauer-hans.de\\\/ferienwohnung-im-baederdreieck\\\/#website\"},\"datePublished\":\"2010-10-31T18:26:29+00:00\",\"dateModified\":\"2023-11-25T08:36:35+00:00\",\"breadcrumb\":{\"@id\":\"https:\\\/\\\/www.bauer-hans.de\\\/ferienwohnung-im-baederdreieck\\\/mietpreisinfo\\\/#breadcrumb\"},\"inLanguage\":\"de\",\"potentialAction\":[{\"@type\":\"ReadAction\",\"target\":[\"https:\\\/\\\/www.bauer-hans.de\\\/ferienwohnung-im-baederdreieck\\\/mietpreisinfo\\\/\"]}]},{\"@type\":\"BreadcrumbList\",\"@id\":\"https:\\\/\\\/www.bauer-hans.de\\\/ferienwohnung-im-baederdreieck\\\/mietpreisinfo\\\/#breadcrumb\",\"itemListElement\":[{\"@type\":\"ListItem\",\"position\":1,\"name\":\"Startseite\",\"item\":\"https:\\\/\\\/www.bauer-hans.de\\\/ferienwohnung-im-baederdreieck\\\/\"},{\"@type\":\"ListItem\",\"position\":2,\"name\":\"Mietpreisinfo\"}]},{\"@type\":\"WebSite\",\"@id\":\"https:\\\/\\\/www.bauer-hans.de\\\/ferienwohnung-im-baederdreieck\\\/#website\",\"url\":\"https:\\\/\\\/www.bauer-hans.de\\\/ferienwohnung-im-baederdreieck\\\/\",\"name\":\"Ferienwohnung B\u00e4derdreieck Niederbayern | F\u00fcssing | Birnbach | Griesbach |\",\"description\":\"Top Fewo, 2 SZ, Winter-Garten N\u00e4he Bad Birnbach, Bad F\u00fcssing, Bad Griesbach\",\"potentialAction\":[{\"@type\":\"SearchAction\",\"target\":{\"@type\":\"EntryPoint\",\"urlTemplate\":\"https:\\\/\\\/www.bauer-hans.de\\\/ferienwohnung-im-baederdreieck\\\/?s={search_term_string}\"},\"query-input\":{\"@type\":\"PropertyValueSpecification\",\"valueRequired\":true,\"valueName\":\"search_term_string\"}}],\"inLanguage\":\"de\"}]}<\/script>\n<!-- \/ Yoast SEO plugin. -->","yoast_head_json":{"title":"Mietpreisinfo - Ferienwohnung B\u00e4derdreieck Niederbayern | F\u00fcssing | Birnbach | Griesbach |","robots":{"index":"index","follow":"follow","max-snippet":"max-snippet:-1","max-image-preview":"max-image-preview:large","max-video-preview":"max-video-preview:-1"},"canonical":"https:\/\/www.bauer-hans.de\/ferienwohnung-im-baederdreieck\/mietpreisinfo\/","twitter_misc":{"Gesch\u00e4tzte Lesezeit":"1\u00a0Minute"},"schema":{"@context":"https:\/\/schema.org","@graph":[{"@type":"WebPage","@id":"https:\/\/www.bauer-hans.de\/ferienwohnung-im-baederdreieck\/mietpreisinfo\/","url":"https:\/\/www.bauer-hans.de\/ferienwohnung-im-baederdreieck\/mietpreisinfo\/","name":"Mietpreisinfo - Ferienwohnung B\u00e4derdreieck Niederbayern | F\u00fcssing | Birnbach | Griesbach |","isPartOf":{"@id":"https:\/\/www.bauer-hans.de\/ferienwohnung-im-baederdreieck\/#website"},"datePublished":"2010-10-31T18:26:29+00:00","dateModified":"2023-11-25T08:36:35+00:00","breadcrumb":{"@id":"https:\/\/www.bauer-hans.de\/ferienwohnung-im-baederdreieck\/mietpreisinfo\/#breadcrumb"},"inLanguage":"de","potentialAction":[{"@type":"ReadAction","target":["https:\/\/www.bauer-hans.de\/ferienwohnung-im-baederdreieck\/mietpreisinfo\/"]}]},{"@type":"BreadcrumbList","@id":"https:\/\/www.bauer-hans.de\/ferienwohnung-im-baederdreieck\/mietpreisinfo\/#breadcrumb","itemListElement":[{"@type":"ListItem","position":1,"name":"Startseite","item":"https:\/\/www.bauer-hans.de\/ferienwohnung-im-baederdreieck\/"},{"@type":"ListItem","position":2,"name":"Mietpreisinfo"}]},{"@type":"WebSite","@id":"https:\/\/www.bauer-hans.de\/ferienwohnung-im-baederdreieck\/#website","url":"https:\/\/www.bauer-hans.de\/ferienwohnung-im-baederdreieck\/","name":"Ferienwohnung B\u00e4derdreieck Niederbayern | F\u00fcssing | Birnbach | Griesbach |","description":"Top Fewo, 2 SZ, Winter-Garten N\u00e4he Bad Birnbach, Bad F\u00fcssing, Bad Griesbach","potentialAction":[{"@type":"SearchAction","target":{"@type":"EntryPoint","urlTemplate":"https:\/\/www.bauer-hans.de\/ferienwohnung-im-baederdreieck\/?s={search_term_string}"},"query-input":{"@type":"PropertyValueSpecification","valueRequired":true,"valueName":"search_term_string"}}],"inLanguage":"de"}]}},"_links":{"self":[{"href":"https:\/\/www.bauer-hans.de\/ferienwohnung-im-baederdreieck\/wp-json\/wp\/v2\/pages\/66","targetHints":{"allow":["GET"]}}],"collection":[{"href":"https:\/\/www.bauer-hans.de\/ferienwohnung-im-baederdreieck\/wp-json\/wp\/v2\/pages"}],"about":[{"href":"https:\/\/www.bauer-hans.de\/ferienwohnung-im-baederdreieck\/wp-json\/wp\/v2\/types\/page"}],"author":[{"embeddable":true,"href":"https:\/\/www.bauer-hans.de\/ferienwohnung-im-baederdreieck\/wp-json\/wp\/v2\/users\/2"}],"replies":[{"embeddable":true,"href":"https:\/\/www.bauer-hans.de\/ferienwohnung-im-baederdreieck\/wp-json\/wp\/v2\/comments?post=66"}],"version-history":[{"count":25,"href":"https:\/\/www.bauer-hans.de\/ferienwohnung-im-baederdreieck\/wp-json\/wp\/v2\/pages\/66\/revisions"}],"predecessor-version":[{"id":1401,"href":"https:\/\/www.bauer-hans.de\/ferienwohnung-im-baederdreieck\/wp-json\/wp\/v2\/pages\/66\/revisions\/1401"}],"wp:attachment":[{"href":"https:\/\/www.bauer-hans.de\/ferienwohnung-im-baederdreieck\/wp-json\/wp\/v2\/media?parent=66"}],"curies":[{"name":"wp","href":"https:\/\/api.w.org\/{rel}","templated":true}]}}

<h3></h3>
<table border="0" width="98%">
<tbody>
<tr>
<td colspan="3">
<h4 style="text-align: center;">Miet-Preis-Übersicht pro Übernachtung</h4>
</td>
</tr>
<tr>
<td>Zeitraum</td>
<td>2 Personen</td>
<td>pro weitere Person</td>
</tr>
<tr>
<td>ganzjährig</td>
<td>55,00 €</td>
<td>9,00 €</td>
</tr>
<tr>
<td></td>
<td></td>
<td></td>
</tr>
<tr>
<td></td>
<td></td>
<td></td>
</tr>
<tr>
<td></td>
<td></td>
<td></td>
</tr>
<tr>
<td></td>
<td></td>
<td></td>
</tr>
<tr>
<td colspan="2"></td>
<td></td>
</tr>
<tr>
<td colspan="3">Kinder die kein eigenes Bett beanspruchen bleiben kostenfrei</td>
</tr>
<tr>
<td colspan="2"> Kurtaxe pro Person ab 14 J.</td>
<td> 1,00 €</td>
</tr>
<tr>
<td colspan="3">
<div>
<p>Die vorgenannten Mietpreise beziehen sich auf eine Belegung von mindestens einer Woche, bei einer Belegung von nur ein paar Tagen müssen wir für die Endreinigung einen pausch. Zuschlag von 30 € nehmen.</p>
<p>Im Mietpreis enthalten sind sämtliche Nebenkosten, wie der Verbrauch von Strom, Wasser und Heizung, Telefon, Internet, Bettwäsche, Handtücher und Geschirrtücher, ebenso die Endreinigung.</p>
</div>
</td>
</tr>
<tr>
<td colspan="3"></td>
</tr>
<tr>
<td colspan="3"></td>
</tr>
</tbody>
</table>

<p>Miet-Preis-Übersicht pro Übernachtung Zeitraum 2 Personen pro weitere Person ganzjährig 55,00 € 9,00 € Kinder die kein eigenes Bett beanspruchen bleiben kostenfrei  Kurtaxe pro Person ab 14 J.  1,00 € Die vorgenannten Mietpreise beziehen sich auf eine Belegung von mindestens einer Woche, bei einer Belegung von nur ein paar Tagen müssen wir für die Endreinigung &hellip; </p>
<p class="link-more"><a href="https://www.bauer-hans.de/ferienwohnung-im-baederdreieck/mietpreisinfo/" class="more-link"><span class="screen-reader-text">„Mietpreisinfo“ </span>weiterlesen</a></p>

<!-- This site is optimized with the Yoast SEO plugin v27.5 - https://yoast.com/product/yoast-seo-wordpress/ -->
<title>Mietpreisinfo - Ferienwohnung Bäderdreieck Niederbayern | Füssing | Birnbach | Griesbach |</title>
<meta name="robots" content="index, follow, max-snippet:-1, max-image-preview:large, max-video-preview:-1" />
<link rel="canonical" href="https://www.bauer-hans.de/ferienwohnung-im-baederdreieck/mietpreisinfo/" />
<meta name="twitter:label1" content="Geschätzte Lesezeit" />
	<meta name="twitter:data1" content="1 Minute" />
<script type="application/ld+json" class="yoast-schema-graph">{"@context":"https:\/\/schema.org","@graph":[{"@type":"WebPage","@id":"https:\/\/www.bauer-hans.de\/ferienwohnung-im-baederdreieck\/mietpreisinfo\/","url":"https:\/\/www.bauer-hans.de\/ferienwohnung-im-baederdreieck\/mietpreisinfo\/","name":"Mietpreisinfo - Ferienwohnung Bäderdreieck Niederbayern | Füssing | Birnbach | Griesbach |","isPartOf":{"@id":"https:\/\/www.bauer-hans.de\/ferienwohnung-im-baederdreieck\/#website"},"datePublished":"2010-10-31T18:26:29+00:00","dateModified":"2023-11-25T08:36:35+00:00","breadcrumb":{"@id":"https:\/\/www.bauer-hans.de\/ferienwohnung-im-baederdreieck\/mietpreisinfo\/#breadcrumb"},"inLanguage":"de","potentialAction":[{"@type":"ReadAction","target":["https:\/\/www.bauer-hans.de\/ferienwohnung-im-baederdreieck\/mietpreisinfo\/"]}]},{"@type":"BreadcrumbList","@id":"https:\/\/www.bauer-hans.de\/ferienwohnung-im-baederdreieck\/mietpreisinfo\/#breadcrumb","itemListElement":[{"@type":"ListItem","position":1,"name":"Startseite","item":"https:\/\/www.bauer-hans.de\/ferienwohnung-im-baederdreieck\/"},{"@type":"ListItem","position":2,"name":"Mietpreisinfo"}]},{"@type":"WebSite","@id":"https:\/\/www.bauer-hans.de\/ferienwohnung-im-baederdreieck\/#website","url":"https:\/\/www.bauer-hans.de\/ferienwohnung-im-baederdreieck\/","name":"Ferienwohnung Bäderdreieck Niederbayern | Füssing | Birnbach | Griesbach |","description":"Top Fewo, 2 SZ, Winter-Garten Nähe Bad Birnbach, Bad Füssing, Bad Griesbach","potentialAction":[{"@type":"SearchAction","target":{"@type":"EntryPoint","urlTemplate":"https:\/\/www.bauer-hans.de\/ferienwohnung-im-baederdreieck\/?s={search_term_string}"},"query-input":{"@type":"PropertyValueSpecification","valueRequired":true,"valueName":"search_term_string"}}],"inLanguage":"de"}]}</script>
<!-- / Yoast SEO plugin. -->

Mietpreisinfo - Ferienwohnung Bäderdreieck Niederbayern | Füssing | Birnbach | Griesbach |

Ferienwohnung Bäderdreieck Niederbayern | Füssing | Birnbach | Griesbach |

Top Fewo, 2 SZ, Winter-Garten Nähe Bad Birnbach, Bad Füssing, Bad Griesbach
