{"id":1341,"date":"2012-02-19T16:25:17","date_gmt":"2012-02-19T16:25:17","guid":{"rendered":"http:\/\/www.ferienwohnung-in-kaernten.de\/?page_id=1341"},"modified":"2017-11-25T19:37:12","modified_gmt":"2017-11-25T17:37:12","slug":"freiztangebote","status":"publish","type":"page","link":"https:\/\/www.bauer-hans.de\/ferienwohnung-in-kaernten\/freiztangebote\/","title":{"rendered":"Freizeitangebote"},"content":{"rendered":"<h1>Freizeitangebote<\/h1>\n<p><a href=\"http:\/\/alpregio.outdooractive.com\/ar-kaernten\/de\/alpregio.jsp#tab=WelcomeTab\" target=\"_blank\" rel=\"noopener\">planen Sie hier Ihre Tour (wandern, radeln, bergsteigen u.v.m.)<\/a><\/p>\n<h2>baden \/ schwimmen \/ wassersport:<\/h2>\n<p><a href=\"http:\/\/www.ferienwohnung-in-kaernten.de\/freiztangebote\/olympus-digital-camera-87\/\" rel=\"attachment wp-att-1363\"><img loading=\"lazy\" decoding=\"async\" class=\"alignleft size-medium wp-image-1363\" title=\"OLYMPUS DIGITAL CAMERA\" src=\"http:\/\/www.ferienwohnung-in-kaernten.de\/wp-content\/uploads\/sites\/6\/2012\/02\/boote-250x187.jpg\" alt=\"\" width=\"250\" height=\"187\" \/><\/a>Schwimmen, segeln, surfen, Wasserski, Kanufahren, Rafting,\u00a0oder tauchen, \u00a0bei uns im Rosental bleibt garantiert kein Wunsch offen. In <span style=\"text-decoration: underline;\">unserem Feriendorf<\/span> haben wir <strong>zwei<\/strong> <strong>Swimmingpools<\/strong>, davon einer beheizt, zahlreiche kleine und herrliche Badeseen finden Sie in unmittelbarer N\u00e4he. Auch nur etwa 20 km bis zum W\u00f6rthersee oder Faaker See.<\/p>\n<p><a href=\"http:\/\/www.ferienwohnung-in-kaernten.de\/bis-etwa-30-km-entfernt\/therme-villach\/\" rel=\"attachment wp-att-1520\"><img loading=\"lazy\" decoding=\"async\" class=\"alignleft size-full wp-image-1520\" src=\"http:\/\/www.ferienwohnung-in-kaernten.de\/wp-content\/uploads\/sites\/6\/2010\/09\/therme-villach.jpg\" alt=\"therme villach\" width=\"220\" height=\"165\" \/><\/a>&#8230;.oder an nicht so sch\u00f6nen Tagen\u00a0 zur <a href=\"http:\/\/www.kaerntentherme.com\" target=\"_blank\" rel=\"noopener noreferrer\">K\u00e4rnten Therme <\/a>nach Vilalch, ca. 25 km entfernt.\u00a0Rutschentester, Saunaphilosophen, Muskelkater &#8211; die Wasserwelten der K\u00e4rnten Therme bringen alle auf Trab. Wasserhungrige tauchen ein und begeistert wieder auf. So frech hat es Abenteuer, Wellness und Fitness bisher noch nicht gegeben. Mehr als 1.000 G\u00e4ste k\u00f6nnen gleichzeitig die einzigartigen Vorteile und Angebote dieser Thermenoase genie\u00dfen &#8211; der Wohlf\u00fchl-Aspekt der Thermenbesucher steht hier immer im Mittelpunkt.<\/p>\n<hr \/>\n<div>\n<h2>wandern \/ walken \/ bergsteigen:<\/h2>\n<p><a href=\"http:\/\/www.ferienwohnung-in-kaernten.de\/freiztangebote\/walking\/\" rel=\"attachment wp-att-1350\"><img loading=\"lazy\" decoding=\"async\" class=\"alignleft size-medium wp-image-1350\" title=\"walking\" src=\"http:\/\/www.ferienwohnung-in-kaernten.de\/wp-content\/uploads\/sites\/6\/2012\/02\/walking-250x187.jpg\" alt=\"\" width=\"250\" height=\"187\" \/><\/a>Als <strong><a href=\"http:\/\/www.laufen.kaernten.at\/\" target=\"_blank\" rel=\"noopener noreferrer\">Lauffreund<\/a><\/strong> werden Sie K\u00e4rnten lieben. Aber auch <strong><a href=\"http:\/\/www.laufen.kaernten.at\/\" target=\"_blank\" rel=\"noopener noreferrer\">Nordic Walker<\/a><\/strong> kommen in K\u00e4rnten voll auf ihre Kosten. K\u00e4rnten bietet Ihnen zahlreiche gut beschilderte Nordic Walking Routen und Nordic Fitness Sports Parks, in denen Sie rundum betreut werden.<\/p>\n<p>Nordic Walking, Laufen,\u00a0und Gesund Wandern in intakter Natur. Alpine Klettertouren, anspruchsvolle Klettersteige, Bouldern, Sportklettern oder Canyoning \u2013 auch f\u00fcr Bergfexe und Kletterfreaks gibt es im Rosental ein abwechslungsreiches Angebot. Und wer nicht so hoch hinauf will aber trotzdem eine Herausforderung sucht, der ist im Waldseilpark Tscheppaschlucht genau richtig. Dieser nat\u00fcrliche Erlebnisraum mit seinen H\u00e4ngebr\u00fccken, Seilen und Rollen bietet Spa\u00df und Spannung f\u00fcr die ganze Familie. Bei unsicheren Wetterverh\u00e4ltnissen laden Kletterhallen und Bouldercenter zum Wettstreit.<br \/>\nVom <strong>ebenen Spazierweg<\/strong> entlang am Draudamm bis zum <strong>felsigen Berggipfel<\/strong>, vom dichtgr\u00fcnen Wald bis zur weichfedernen Alm \u2013 im Naturpark\u00a0im Rostental\u00a0ist Abwechslung f\u00fcr Ihren Wanderurlaub in K\u00e4rnten garantiert. Ein sch\u00f6ne \u00dcbersicht der vielen <a href=\"http:\/\/alpregio.outdooractive.com\/ar-rosental\/de\/alpregio.jsp#i=3827842084386678208&amp;tab=ToursTab\" target=\"_blank\" rel=\"noopener noreferrer\">Wanderm\u00f6glichkeiten der Carnica-Region finden Sie hier<\/a><\/p>\n<h2>radeln \/ montainbiken:<\/h2>\n<p><a href=\"http:\/\/www.ferienwohnung-in-kaernten.de\/wp-content\/uploads\/sites\/6\/2012\/02\/mountinebike.jpg\"><img loading=\"lazy\" decoding=\"async\" class=\"alignleft size-medium wp-image-1351\" src=\"http:\/\/www.ferienwohnung-in-kaernten.de\/wp-content\/uploads\/sites\/6\/2012\/02\/mountinebike-300x199.jpg\" alt=\"Mountainbiker\" width=\"300\" height=\"199\" srcset=\"https:\/\/www.bauer-hans.de\/ferienwohnung-in-kaernten\/wp-content\/uploads\/sites\/6\/2012\/02\/mountinebike-300x199.jpg 300w, https:\/\/www.bauer-hans.de\/ferienwohnung-in-kaernten\/wp-content\/uploads\/sites\/6\/2012\/02\/mountinebike.jpg 425w\" sizes=\"auto, (max-width: 300px) 100vw, 300px\" \/><\/a>Der <a href=\"http:\/\/www.drauradweg.com\/\" target=\"_blank\" rel=\"noopener noreferrer\">Drauradweg<\/a> geh\u00f6rt zu den beliebtesten Radwegen \u00d6sterreichs und verl\u00e4uft durch die gesamte Rosengemeinde, streift so auch unser Feriendorf. Ob 320, 610, 839, 1050 oder sogar 1248 H\u00f6henmeter, w\u00e4hlen\u00a0Sie unter\u00a0den f\u00fcnf <strong>Mountainbikestrecken<\/strong> im Rosental. Ob auf den Rabenberg, ins B\u00e4rental, \u00fcber den Radsberg, zum Koschutahaus oder zur Klagenfurter H\u00fctte \u2013 Ihrem inneren Schweinehund werden Sie auf allen f\u00fcnf Strecken begegnen! <a href=\"https:\/\/regio.outdooractive.com\/oar-rosental\/de\/touren\/\" target=\"_blank\" rel=\"noopener noreferrer\">Planen Sie hier Ihre Tour<\/a>.<\/p>\n<p>Ihre <strong>Fahrr\u00e4der<\/strong> k\u00f6nnen Sie bei uns in einem separaten <strong>abgeschlossenen Raum<\/strong> abstellen.<\/p>\n<hr \/>\n<h2>Reit-Eldorado K\u00e4rnten:<\/h2>\n<p><a href=\"http:\/\/www.ferienwohnung-in-kaernten.de\/wp-content\/uploads\/sites\/6\/2012\/02\/Reiter.jpg\"><img loading=\"lazy\" decoding=\"async\" class=\"alignleft size-medium wp-image-1352\" src=\"http:\/\/www.ferienwohnung-in-kaernten.de\/wp-content\/uploads\/sites\/6\/2012\/02\/Reiter-300x199.jpg\" alt=\"Ausritt\" width=\"300\" height=\"199\" srcset=\"https:\/\/www.bauer-hans.de\/ferienwohnung-in-kaernten\/wp-content\/uploads\/sites\/6\/2012\/02\/Reiter-300x199.jpg 300w, https:\/\/www.bauer-hans.de\/ferienwohnung-in-kaernten\/wp-content\/uploads\/sites\/6\/2012\/02\/Reiter.jpg 425w\" sizes=\"auto, (max-width: 300px) 100vw, 300px\" \/><\/a>Die Pferde sind gesattelt \u2013 1.500 km Reitwege im Herzen von K\u00e4rnten in \u00d6sterreich! Ein wahres Reit Eldorado bereitet gro\u00dfen und kleinen Pferdenarren z\u00fcgelloses Reitvergn\u00fcgen. Das Gebiet zwischen W\u00f6rthersee, Ossiacher See und den \u201eNocky Mountains\u201c ist in K\u00e4rnten \u2013 ein K\u00f6nigreich f\u00fcr ein Pferd. Die galoppierende Sehnsucht nach der Einheit von Mensch und Tier wird Schritt f\u00fcr Schritt erf\u00fclt. Ca. 15 km entfernt der \u201c<a title=\"Reiterhof\" href=\"http:\/\/www.equinoris.at\/\" target=\"_blank\" rel=\"noopener noreferrer\">Wedehof<\/a>\u201d in Rosegg, oder auch der <a title=\"Reitstall Wakonig\" href=\"http:\/\/reitstall-wakonig.jimdo.com\/\" target=\"_blank\" rel=\"noopener noreferrer\">Reitstall Wakonig <\/a>in Maria Rain, ca. 25 km nach Klagenfurt zur <a title=\"Reitsportanlage\" href=\"http:\/\/reitstaelle-reitschulen.aut.info\/klagenfurt-woelfnitz\/reitsportanlage-knoll\/\" target=\"_blank\" rel=\"noopener noreferrer\">Reitsportanlage Knoll<\/a>\u00a0und dar\u00fcber hinaus viele andere in unmittelbarer N\u00e4he.<\/p>\n<hr \/>\n<h2><a href=\"http:\/\/golfland.kaernten.at\/de.aspx\/Golfanlagen\/Index\/30.01.2011\/to\/30.01.2012\/filter\" target=\"_blank\" rel=\"noopener noreferrer\">Golfen in K\u00e4rnten:<\/a><\/h2>\n<p><strong><a href=\"http:\/\/www.ferienwohnung-in-kaernten.de\/wp-content\/uploads\/sites\/6\/2012\/02\/Golffoto2.jpg\"><img loading=\"lazy\" decoding=\"async\" class=\"alignleft size-medium wp-image-1357\" src=\"http:\/\/www.ferienwohnung-in-kaernten.de\/wp-content\/uploads\/sites\/6\/2012\/02\/Golffoto2-193x300.jpg\" alt=\"Golfen\" width=\"193\" height=\"300\" srcset=\"https:\/\/www.bauer-hans.de\/ferienwohnung-in-kaernten\/wp-content\/uploads\/sites\/6\/2012\/02\/Golffoto2-193x300.jpg 193w, https:\/\/www.bauer-hans.de\/ferienwohnung-in-kaernten\/wp-content\/uploads\/sites\/6\/2012\/02\/Golffoto2-659x1024.jpg 659w, https:\/\/www.bauer-hans.de\/ferienwohnung-in-kaernten\/wp-content\/uploads\/sites\/6\/2012\/02\/Golffoto2-300x465.jpg 300w, https:\/\/www.bauer-hans.de\/ferienwohnung-in-kaernten\/wp-content\/uploads\/sites\/6\/2012\/02\/Golffoto2.jpg 1288w\" sizes=\"auto, (max-width: 193px) 100vw, 193px\" \/><\/a><a href=\"http:\/\/www.woerthersee.com\/de.aspx\/Articles\/View\/384?utm_source=redirect&amp;utm_medium=redirectlink&amp;utm_campaign=Golf\" target=\"_blank\" rel=\"noopener noreferrer\">W\u00f6rthersee<\/a><\/strong>: Gepaart mit 4 Top-Golfanlagen, darunter 3 der \u201eLeading Golf Courses of Austria\u201c, ergibt das einen perfekten Urlaub, nicht nur f\u00fcr Golfer.<br \/>\nEin beinahe mediterranes Klima sorgt f\u00fcr optimale Golfbedingungen von April bis Ende Oktober.Wer dann noch nicht ausgespielt hat, kann sein Gl\u00fcck auch noch im bekannten Casino am W\u00f6rthersee erproben oder den Tag kulinarisch zwischen Haubenrestaurant und K\u00e4rntner Brettljause, relaxed am beheizten Seebad oder in der Seesauna ausklingen lassen.<\/p>\n<p>Die <strong><a href=\"http:\/\/www.golfland.kaernten.at\/golfanlagen\/default.aspx?LAid=2&amp;SIid=1218\" target=\"_blank\" rel=\"noopener noreferrer\">Golfanlage Schloss Finkenstein<\/a><\/strong> ist eine Oase der Erholung vor den Toren der Stadt. Erleben Sie die urspr\u00fcngliche Natur und genie\u00dfen Sie die totale Ruhe. Und das nur wenige Auto-Minuten von der Villacher Innenstadt entfernt.<\/p>\n<p>Es erwartet Sie unser 18-Loch-Panoramaplatz sowie gro\u00dfz\u00fcgige \u00dcbungsbereiche f\u00fcr Anf\u00e4nger und Spitzengolfer. Die idyllische Lage mit dem traumhaften Blick auf die Karawanken macht diesen Platz so besonders reizvoll. Schloss Finkenstein besticht au\u00dferdem durch wundersch\u00f6ne Teichlandschaften und einen offenen, einladenden Platzcharakter, geringe H\u00f6henunterschiede, gro\u00dfz\u00fcgig angelegte Fairways und perfekte Gr\u00fcns.<\/p>\n<p>Nur wenige Autominuten von der Klagenfurter City entfernt, liegt der <a href=\"http:\/\/www.golf-seltenheim.at\/\" target=\"_blank\" rel=\"noopener noreferrer\"><strong>Leading Golf Course Klagenfurt-Seltenheim<\/strong>,<\/a> eingebettet in die reizvolle Landschaft. Der Platz wurde vom renomierten Golfplatzarchitekten Perry O. Dye designed und kombiniert perfekt die Eigenheiten eines schottischen Linkskurses mit Fairways und exzellenten Gr\u00fcns.<\/p>\n<hr \/>\n<h2>Das\u00a0Paradis f\u00fcr Outdoorfreunde:<\/h2>\n<p><strong>Genug vom Grau des Alltags? Lust auf Leben und Abenteuer? Berge, Seen \u2013 welch eine Pracht!<\/strong> <strong>K\u00e4rntens Bewegungsraum: ein einzigartiges Outdoor-Fitnesscenter!<\/strong><\/p>\n<p>Ob beim Trekking, Canyoning, Klettern, Mountainbiken, Wanderreiten, Raften, Kajak-Fahren, Paragleiten, Bungy Jumping, Drachenfliegen, River Tubing, Hydrospeed, Tauchen <a href=\"http:\/\/www.ferienwohnung-in-kaernten.de\/freiztangebote\/prigolawandl\/\" rel=\"attachment wp-att-1360\"><img loading=\"lazy\" decoding=\"async\" class=\"alignleft size-medium wp-image-1360\" title=\"Prigolawandl\" src=\"http:\/\/www.ferienwohnung-in-kaernten.de\/wp-content\/uploads\/sites\/6\/2012\/02\/Prigolawandl-187x250.jpg\" alt=\"\" width=\"187\" height=\"250\" srcset=\"https:\/\/www.bauer-hans.de\/ferienwohnung-in-kaernten\/wp-content\/uploads\/sites\/6\/2012\/02\/Prigolawandl-187x250.jpg 187w, https:\/\/www.bauer-hans.de\/ferienwohnung-in-kaernten\/wp-content\/uploads\/sites\/6\/2012\/02\/Prigolawandl-225x300.jpg 225w, https:\/\/www.bauer-hans.de\/ferienwohnung-in-kaernten\/wp-content\/uploads\/sites\/6\/2012\/02\/Prigolawandl-300x400.jpg 300w, https:\/\/www.bauer-hans.de\/ferienwohnung-in-kaernten\/wp-content\/uploads\/sites\/6\/2012\/02\/Prigolawandl.jpg 384w\" sizes=\"auto, (max-width: 187px) 100vw, 187px\" \/><\/a>und vielem mehr. Natur f\u00fchlen und Abenteuertage erleben im S\u00fcden \u00d6sterreichs\u2013 f\u00fcr jeden Geschmack und jede Fitness.<\/p>\n<p>Ein Meer von Seen zu F\u00fc\u00dfen geschwungener Kuppen und hoher Gipfel, die Zwischenr\u00e4ume aufgef\u00fcllt mit b\u00e4uerlicher Kulturlandschaft, die vor Gesundheit, Geschichte, Gen\u00fcssen und Gelegenheiten nur so strotzt: Das ist K\u00e4rnten, der gr\u00f6\u00dfte Funpark der Welt.<\/p>\n<p>Manchmal wirkt es, als h\u00e4tte die Natur K\u00e4rnten nur zum Spa\u00df geformt: als Erlebniswelt f\u00fcr Bewegungshungrige, als gro\u00dfen Spielplatz f\u00fcr erholungsuchende Genie\u00dfer ebenso wie f\u00fcr risikoverliebte Adrenalinjunkies, als gr\u00fcne B\u00fchne f\u00fcr alle Freizeitvergn\u00fcgungen dieser Welt, eingebettet zwischen Wirklichkeit gewordenen B\u00fchnenbild-Bergen und Bilderbuch-Seen.<\/p>\n<hr \/>\n<h2>Kultur \/ Brauchtum:<\/h2>\n<p>In K\u00e4rnten ist immer was los, K\u00e4rnten ist in aller Munde \u2013 vom Beachvolleyball Grand Slam \u00fcber den Ironman, Bodypainting, Starnacht, Spectaculum, Musi Open Air bis zur European Bike Week am Faaker See.<\/p>\n<p>K\u00e4rnten macht so richtig Lust auf Kultur: Steinerne Zeugen wie Ausgrabungen, Burgen und Schl\u00f6sser, Stifte und Kirchen erz\u00e4hlen aus alten Zeiten und ein bunter Strau\u00df von <a href=\"http:\/\/www.kultur.kaernten.at\/?siid=1998&amp;LAid=1&amp;jid=so\" target=\"_blank\" rel=\"noopener noreferrer\">Festivals<\/a>, <a href=\"http:\/\/www.kultur.kaernten.at\/?siid=1224&amp;LAid=1&amp;jid=so\" target=\"_blank\" rel=\"noopener noreferrer\">Ausstellungen<\/a>, <a href=\"http:\/\/www.kultur.kaernten.at\/?siid=1693&amp;LAid=1&amp;jid=so\" target=\"_blank\" rel=\"noopener noreferrer\">Theater<\/a> und <a href=\"http:\/\/www.kultur.kaernten.at\/?siid=1692&amp;LAid=1&amp;jid=so\" target=\"_blank\" rel=\"noopener noreferrer\">Konzerten<\/a> l\u00e4dt ein zur Kultur-Entdeckungsreise. Dazu die ber\u00fchmte K\u00e4rntner Gastfreundschaft und eine Landschaft ganz im Zeichen des S\u00fcdens \u2013 sch\u00f6ner kann man Kultur nicht genie\u00dfen.<\/p>\n<h4><a href=\"http:\/\/www.carnica-rosental.at\/veranstaltungen\" target=\"_blank\" rel=\"noopener noreferrer\">Veranstaltungskalender Carnica Rosental<\/a>\u00a0 |\u00a0 <a href=\"http:\/\/www.region-villach.at\/de\/service\/veranstaltungen-2079782.html\" target=\"_blank\" rel=\"noopener noreferrer\">Veranstaltungskalender Region Villach<br \/>\n<\/a><a href=\"http:\/\/www.klagenfurt-tourismus.at\/deutsch\/events-klagenfurt-woerthersee.asp\" target=\"_blank\" rel=\"noopener noreferrer\">Veranstaltungskalender Region Klagenfurt<\/a><\/h4>\n<\/div>\n","protected":false},"excerpt":{"rendered":"<p>Freizeitangebote planen Sie hier Ihre Tour (wandern, radeln, bergsteigen u.v.m.) baden \/ schwimmen \/ wassersport: Schwimmen, segeln, surfen, Wasserski, Kanufahren, Rafting,\u00a0oder tauchen, \u00a0bei uns im Rosental bleibt garantiert kein Wunsch offen. In unserem Feriendorf haben wir zwei Swimmingpools, davon einer beheizt, zahlreiche kleine und herrliche Badeseen finden Sie in unmittelbarer N\u00e4he. Auch nur etwa 20 &hellip; <\/p>\n<p class=\"link-more\"><a href=\"https:\/\/www.bauer-hans.de\/ferienwohnung-in-kaernten\/freiztangebote\/\" class=\"more-link\"><span class=\"screen-reader-text\">\u201eFreizeitangebote\u201c <\/span>weiterlesen<\/a><\/p>\n","protected":false},"author":2,"featured_media":0,"parent":0,"menu_order":0,"comment_status":"closed","ping_status":"closed","template":"","meta":{"_acf_changed":false,"footnotes":""},"class_list":["post-1341","page","type-page","status-publish","hentry"],"acf":[],"yoast_head":"<!-- This site is optimized with the Yoast SEO plugin v27.3 - https:\/\/yoast.com\/product\/yoast-seo-wordpress\/ -->\n<title>wandern, bergsteigen oder einfach nur relaxen in K\u00e4rnten<\/title>\n<meta name=\"description\" content=\"Erleben Sie Ihren Urlaub in seiner sch\u00f6nsten Form - in K\u00e4rnten\" \/>\n<meta name=\"robots\" content=\"index, follow, max-snippet:-1, max-image-preview:large, max-video-preview:-1\" \/>\n<link rel=\"canonical\" href=\"https:\/\/www.bauer-hans.de\/ferienwohnung-in-kaernten\/freiztangebote\/\" \/>\n<meta name=\"twitter:label1\" content=\"Gesch\u00e4tzte Lesezeit\" \/>\n\t<meta name=\"twitter:data1\" content=\"5\u00a0Minuten\" \/>\n<script type=\"application\/ld+json\" class=\"yoast-schema-graph\">{\"@context\":\"https:\\\/\\\/schema.org\",\"@graph\":[{\"@type\":\"WebPage\",\"@id\":\"https:\\\/\\\/www.bauer-hans.de\\\/ferienwohnung-in-kaernten\\\/freiztangebote\\\/\",\"url\":\"https:\\\/\\\/www.bauer-hans.de\\\/ferienwohnung-in-kaernten\\\/freiztangebote\\\/\",\"name\":\"wandern, bergsteigen oder einfach nur relaxen in K\u00e4rnten\",\"isPartOf\":{\"@id\":\"https:\\\/\\\/www.bauer-hans.de\\\/ferienwohnung-in-kaernten\\\/#website\"},\"primaryImageOfPage\":{\"@id\":\"https:\\\/\\\/www.bauer-hans.de\\\/ferienwohnung-in-kaernten\\\/freiztangebote\\\/#primaryimage\"},\"image\":{\"@id\":\"https:\\\/\\\/www.bauer-hans.de\\\/ferienwohnung-in-kaernten\\\/freiztangebote\\\/#primaryimage\"},\"thumbnailUrl\":\"http:\\\/\\\/www.ferienwohnung-in-kaernten.de\\\/wp-content\\\/uploads\\\/sites\\\/6\\\/2012\\\/02\\\/boote-250x187.jpg\",\"datePublished\":\"2012-02-19T16:25:17+00:00\",\"dateModified\":\"2017-11-25T17:37:12+00:00\",\"description\":\"Erleben Sie Ihren Urlaub in seiner sch\u00f6nsten Form - in K\u00e4rnten\",\"breadcrumb\":{\"@id\":\"https:\\\/\\\/www.bauer-hans.de\\\/ferienwohnung-in-kaernten\\\/freiztangebote\\\/#breadcrumb\"},\"inLanguage\":\"de\",\"potentialAction\":[{\"@type\":\"ReadAction\",\"target\":[\"https:\\\/\\\/www.bauer-hans.de\\\/ferienwohnung-in-kaernten\\\/freiztangebote\\\/\"]}]},{\"@type\":\"ImageObject\",\"inLanguage\":\"de\",\"@id\":\"https:\\\/\\\/www.bauer-hans.de\\\/ferienwohnung-in-kaernten\\\/freiztangebote\\\/#primaryimage\",\"url\":\"http:\\\/\\\/www.ferienwohnung-in-kaernten.de\\\/wp-content\\\/uploads\\\/sites\\\/6\\\/2012\\\/02\\\/boote-250x187.jpg\",\"contentUrl\":\"http:\\\/\\\/www.ferienwohnung-in-kaernten.de\\\/wp-content\\\/uploads\\\/sites\\\/6\\\/2012\\\/02\\\/boote-250x187.jpg\"},{\"@type\":\"BreadcrumbList\",\"@id\":\"https:\\\/\\\/www.bauer-hans.de\\\/ferienwohnung-in-kaernten\\\/freiztangebote\\\/#breadcrumb\",\"itemListElement\":[{\"@type\":\"ListItem\",\"position\":1,\"name\":\"Startseite\",\"item\":\"https:\\\/\\\/www.bauer-hans.de\\\/ferienwohnung-in-kaernten\\\/\"},{\"@type\":\"ListItem\",\"position\":2,\"name\":\"Freizeitangebote\"}]},{\"@type\":\"WebSite\",\"@id\":\"https:\\\/\\\/www.bauer-hans.de\\\/ferienwohnung-in-kaernten\\\/#website\",\"url\":\"https:\\\/\\\/www.bauer-hans.de\\\/ferienwohnung-in-kaernten\\\/\",\"name\":\"Ferienwohnung in K\u00e4rnten direkt am See eigener Garten \u2026 Wellness \u2026 beheizter Pool\",\"description\":\"Urlaubsvergn\u00fcgen pur -  tolle Fewos in  K\u00e4rnten N\u00e4he W\u00f6rthersee \\\/ Faaker See\",\"publisher\":{\"@id\":\"https:\\\/\\\/www.bauer-hans.de\\\/ferienwohnung-in-kaernten\\\/#organization\"},\"potentialAction\":[{\"@type\":\"SearchAction\",\"target\":{\"@type\":\"EntryPoint\",\"urlTemplate\":\"https:\\\/\\\/www.bauer-hans.de\\\/ferienwohnung-in-kaernten\\\/?s={search_term_string}\"},\"query-input\":{\"@type\":\"PropertyValueSpecification\",\"valueRequired\":true,\"valueName\":\"search_term_string\"}}],\"inLanguage\":\"de\"},{\"@type\":\"Organization\",\"@id\":\"https:\\\/\\\/www.bauer-hans.de\\\/ferienwohnung-in-kaernten\\\/#organization\",\"name\":\"Ferienwohnung in K\u00e4rnten direkt am See eigener Garten \u2026 Wellness \u2026 beheizter Pool\",\"url\":\"https:\\\/\\\/www.bauer-hans.de\\\/ferienwohnung-in-kaernten\\\/\",\"logo\":{\"@type\":\"ImageObject\",\"inLanguage\":\"de\",\"@id\":\"https:\\\/\\\/www.bauer-hans.de\\\/ferienwohnung-in-kaernten\\\/#\\\/schema\\\/logo\\\/image\\\/\",\"url\":\"https:\\\/\\\/www.bauer-hans.de\\\/ferienwohnung-in-kaernten\\\/wp-content\\\/uploads\\\/sites\\\/6\\\/2018\\\/05\\\/cropped-logo-4s.jpg\",\"contentUrl\":\"https:\\\/\\\/www.bauer-hans.de\\\/ferienwohnung-in-kaernten\\\/wp-content\\\/uploads\\\/sites\\\/6\\\/2018\\\/05\\\/cropped-logo-4s.jpg\",\"width\":250,\"height\":250,\"caption\":\"Ferienwohnung in K\u00e4rnten direkt am See eigener Garten \u2026 Wellness \u2026 beheizter Pool\"},\"image\":{\"@id\":\"https:\\\/\\\/www.bauer-hans.de\\\/ferienwohnung-in-kaernten\\\/#\\\/schema\\\/logo\\\/image\\\/\"}}]}<\/script>\n<!-- \/ Yoast SEO plugin. -->","yoast_head_json":{"title":"wandern, bergsteigen oder einfach nur relaxen in K\u00e4rnten","description":"Erleben Sie Ihren Urlaub in seiner sch\u00f6nsten Form - in K\u00e4rnten","robots":{"index":"index","follow":"follow","max-snippet":"max-snippet:-1","max-image-preview":"max-image-preview:large","max-video-preview":"max-video-preview:-1"},"canonical":"https:\/\/www.bauer-hans.de\/ferienwohnung-in-kaernten\/freiztangebote\/","twitter_misc":{"Gesch\u00e4tzte Lesezeit":"5\u00a0Minuten"},"schema":{"@context":"https:\/\/schema.org","@graph":[{"@type":"WebPage","@id":"https:\/\/www.bauer-hans.de\/ferienwohnung-in-kaernten\/freiztangebote\/","url":"https:\/\/www.bauer-hans.de\/ferienwohnung-in-kaernten\/freiztangebote\/","name":"wandern, bergsteigen oder einfach nur relaxen in K\u00e4rnten","isPartOf":{"@id":"https:\/\/www.bauer-hans.de\/ferienwohnung-in-kaernten\/#website"},"primaryImageOfPage":{"@id":"https:\/\/www.bauer-hans.de\/ferienwohnung-in-kaernten\/freiztangebote\/#primaryimage"},"image":{"@id":"https:\/\/www.bauer-hans.de\/ferienwohnung-in-kaernten\/freiztangebote\/#primaryimage"},"thumbnailUrl":"http:\/\/www.ferienwohnung-in-kaernten.de\/wp-content\/uploads\/sites\/6\/2012\/02\/boote-250x187.jpg","datePublished":"2012-02-19T16:25:17+00:00","dateModified":"2017-11-25T17:37:12+00:00","description":"Erleben Sie Ihren Urlaub in seiner sch\u00f6nsten Form - in K\u00e4rnten","breadcrumb":{"@id":"https:\/\/www.bauer-hans.de\/ferienwohnung-in-kaernten\/freiztangebote\/#breadcrumb"},"inLanguage":"de","potentialAction":[{"@type":"ReadAction","target":["https:\/\/www.bauer-hans.de\/ferienwohnung-in-kaernten\/freiztangebote\/"]}]},{"@type":"ImageObject","inLanguage":"de","@id":"https:\/\/www.bauer-hans.de\/ferienwohnung-in-kaernten\/freiztangebote\/#primaryimage","url":"http:\/\/www.ferienwohnung-in-kaernten.de\/wp-content\/uploads\/sites\/6\/2012\/02\/boote-250x187.jpg","contentUrl":"http:\/\/www.ferienwohnung-in-kaernten.de\/wp-content\/uploads\/sites\/6\/2012\/02\/boote-250x187.jpg"},{"@type":"BreadcrumbList","@id":"https:\/\/www.bauer-hans.de\/ferienwohnung-in-kaernten\/freiztangebote\/#breadcrumb","itemListElement":[{"@type":"ListItem","position":1,"name":"Startseite","item":"https:\/\/www.bauer-hans.de\/ferienwohnung-in-kaernten\/"},{"@type":"ListItem","position":2,"name":"Freizeitangebote"}]},{"@type":"WebSite","@id":"https:\/\/www.bauer-hans.de\/ferienwohnung-in-kaernten\/#website","url":"https:\/\/www.bauer-hans.de\/ferienwohnung-in-kaernten\/","name":"Ferienwohnung in K\u00e4rnten direkt am See eigener Garten \u2026 Wellness \u2026 beheizter Pool","description":"Urlaubsvergn\u00fcgen pur -  tolle Fewos in  K\u00e4rnten N\u00e4he W\u00f6rthersee \/ Faaker See","publisher":{"@id":"https:\/\/www.bauer-hans.de\/ferienwohnung-in-kaernten\/#organization"},"potentialAction":[{"@type":"SearchAction","target":{"@type":"EntryPoint","urlTemplate":"https:\/\/www.bauer-hans.de\/ferienwohnung-in-kaernten\/?s={search_term_string}"},"query-input":{"@type":"PropertyValueSpecification","valueRequired":true,"valueName":"search_term_string"}}],"inLanguage":"de"},{"@type":"Organization","@id":"https:\/\/www.bauer-hans.de\/ferienwohnung-in-kaernten\/#organization","name":"Ferienwohnung in K\u00e4rnten direkt am See eigener Garten \u2026 Wellness \u2026 beheizter Pool","url":"https:\/\/www.bauer-hans.de\/ferienwohnung-in-kaernten\/","logo":{"@type":"ImageObject","inLanguage":"de","@id":"https:\/\/www.bauer-hans.de\/ferienwohnung-in-kaernten\/#\/schema\/logo\/image\/","url":"https:\/\/www.bauer-hans.de\/ferienwohnung-in-kaernten\/wp-content\/uploads\/sites\/6\/2018\/05\/cropped-logo-4s.jpg","contentUrl":"https:\/\/www.bauer-hans.de\/ferienwohnung-in-kaernten\/wp-content\/uploads\/sites\/6\/2018\/05\/cropped-logo-4s.jpg","width":250,"height":250,"caption":"Ferienwohnung in K\u00e4rnten direkt am See eigener Garten \u2026 Wellness \u2026 beheizter Pool"},"image":{"@id":"https:\/\/www.bauer-hans.de\/ferienwohnung-in-kaernten\/#\/schema\/logo\/image\/"}}]}},"_links":{"self":[{"href":"https:\/\/www.bauer-hans.de\/ferienwohnung-in-kaernten\/wp-json\/wp\/v2\/pages\/1341","targetHints":{"allow":["GET"]}}],"collection":[{"href":"https:\/\/www.bauer-hans.de\/ferienwohnung-in-kaernten\/wp-json\/wp\/v2\/pages"}],"about":[{"href":"https:\/\/www.bauer-hans.de\/ferienwohnung-in-kaernten\/wp-json\/wp\/v2\/types\/page"}],"author":[{"embeddable":true,"href":"https:\/\/www.bauer-hans.de\/ferienwohnung-in-kaernten\/wp-json\/wp\/v2\/users\/2"}],"replies":[{"embeddable":true,"href":"https:\/\/www.bauer-hans.de\/ferienwohnung-in-kaernten\/wp-json\/wp\/v2\/comments?post=1341"}],"version-history":[{"count":11,"href":"https:\/\/www.bauer-hans.de\/ferienwohnung-in-kaernten\/wp-json\/wp\/v2\/pages\/1341\/revisions"}],"predecessor-version":[{"id":2251,"href":"https:\/\/www.bauer-hans.de\/ferienwohnung-in-kaernten\/wp-json\/wp\/v2\/pages\/1341\/revisions\/2251"}],"wp:attachment":[{"href":"https:\/\/www.bauer-hans.de\/ferienwohnung-in-kaernten\/wp-json\/wp\/v2\/media?parent=1341"}],"curies":[{"name":"wp","href":"https:\/\/api.w.org\/{rel}","templated":true}]}}