{"id":713,"date":"2010-12-26T09:14:13","date_gmt":"2010-12-26T09:14:13","guid":{"rendered":"http:\/\/www.ferienwohnung-in-kaernten.de\/"},"modified":"2010-12-26T09:14:13","modified_gmt":"2010-12-26T09:14:13","slug":"anfahrt","status":"publish","type":"page","link":"https:\/\/www.bauer-hans.de\/ferienwohnung-in-kaernten\/anfahrt\/","title":{"rendered":"Anfahrt"},"content":{"rendered":"<p>Auto:<br \/>\nAus dem Osten: Fahren Sie \u00fcber die S\u00fcdautobahn A2 &#8211; nehmen Sie die Ausfahrt Klagenfurt Ost &#8211; weiter geht es auf der G\u00f6rtschitztal-Bundesstrasse B92 und \u00fcber die Loiblpass-Bundesstrasse B91 in Richtung Ferlach ins Rosental \/ Bodental.<\/p>\n<p>Aus dem Norden: Fahren Sie \u00fcber die Tauernautobahn A10 bis zum Knoten Villach &#8211; wechseln Sie auf die Karawankenautobahn A11 &#8211; nehmen Sie die Abfahrt St. Jakob \/ Rosental &#8211; weiter geht es auf der Rosental-Bundesstrasse B85 in Richtung Ferlach ins Rosental, ca 10 km.<\/p>\n<p>Aus dem S\u00fcden: Fahren Sie aus Slowenien kommend \u00fcber die Loiblpass-Bundesstrasse B91 in Richtung Ferlach ins Rosental \/ Bodental.<\/p>\n<p>Bahn:<br \/>\nBahnhof Klagenfurt oder Bahnhof Villach<br \/>\n&#8211; Weiterreise mit \u00f6ffentlichen Verkehrsmitteln oder mit dem Taxi ins Rosental \/ Bodental, jweils ca. 20 km.<\/p>\n<p>Flugzeug:<br \/>\nFlughafen Klagenfurt ca. 20 km &#8211; <a href=\"http:\/\/news.pixelpoint.at\/goto.php?l=2xsoeo.1e0hfl3,u=2b47f5554ff5e360f80aebff02c6ed46,n=2uxi6.n5pqd9,art_id=2uxi6.n5pqd9\" target=\"_blank\">N\u00e4heres siehe hier<\/a><\/p>\n","protected":false},"excerpt":{"rendered":"<p>Auto: Aus dem Osten: Fahren Sie \u00fcber die S\u00fcdautobahn A2 &#8211; nehmen Sie die Ausfahrt Klagenfurt Ost &#8211; weiter geht es auf der G\u00f6rtschitztal-Bundesstrasse B92 und \u00fcber die Loiblpass-Bundesstrasse B91 in Richtung Ferlach ins Rosental \/ Bodental. Aus dem Norden: Fahren Sie \u00fcber die Tauernautobahn A10 bis zum Knoten Villach &#8211; wechseln Sie auf die &hellip; <\/p>\n<p class=\"link-more\"><a href=\"https:\/\/www.bauer-hans.de\/ferienwohnung-in-kaernten\/anfahrt\/\" class=\"more-link\"><span class=\"screen-reader-text\">\u201eAnfahrt\u201c <\/span>weiterlesen<\/a><\/p>\n","protected":false},"author":2,"featured_media":0,"parent":0,"menu_order":0,"comment_status":"closed","ping_status":"closed","template":"","meta":{"_acf_changed":false,"footnotes":""},"class_list":["post-713","page","type-page","status-publish","hentry"],"acf":[],"yoast_head":"<!-- This site is optimized with the Yoast SEO plugin v27.5 - https:\/\/yoast.com\/product\/yoast-seo-wordpress\/ -->\n<title>Anfahrt zur Ferienwohnung in K\u00e4rnten<\/title>\n<meta name=\"description\" content=\"hier zeigen wir Ihnen wie Sie am besten zu uns nach K\u00e4rnten kommen\" \/>\n<meta name=\"robots\" content=\"index, follow, max-snippet:-1, max-image-preview:large, max-video-preview:-1\" \/>\n<link rel=\"canonical\" href=\"https:\/\/www.bauer-hans.de\/ferienwohnung-in-kaernten\/anfahrt\/\" \/>\n<meta name=\"twitter:label1\" content=\"Gesch\u00e4tzte Lesezeit\" \/>\n\t<meta name=\"twitter:data1\" content=\"1\u00a0Minute\" \/>\n<script type=\"application\/ld+json\" class=\"yoast-schema-graph\">{\"@context\":\"https:\\\/\\\/schema.org\",\"@graph\":[{\"@type\":\"WebPage\",\"@id\":\"https:\\\/\\\/www.bauer-hans.de\\\/ferienwohnung-in-kaernten\\\/anfahrt\\\/\",\"url\":\"https:\\\/\\\/www.bauer-hans.de\\\/ferienwohnung-in-kaernten\\\/anfahrt\\\/\",\"name\":\"Anfahrt zur Ferienwohnung in K\u00e4rnten\",\"isPartOf\":{\"@id\":\"https:\\\/\\\/www.bauer-hans.de\\\/ferienwohnung-in-kaernten\\\/#website\"},\"datePublished\":\"2010-12-26T09:14:13+00:00\",\"description\":\"hier zeigen wir Ihnen wie Sie am besten zu uns nach K\u00e4rnten kommen\",\"breadcrumb\":{\"@id\":\"https:\\\/\\\/www.bauer-hans.de\\\/ferienwohnung-in-kaernten\\\/anfahrt\\\/#breadcrumb\"},\"inLanguage\":\"de\",\"potentialAction\":[{\"@type\":\"ReadAction\",\"target\":[\"https:\\\/\\\/www.bauer-hans.de\\\/ferienwohnung-in-kaernten\\\/anfahrt\\\/\"]}]},{\"@type\":\"BreadcrumbList\",\"@id\":\"https:\\\/\\\/www.bauer-hans.de\\\/ferienwohnung-in-kaernten\\\/anfahrt\\\/#breadcrumb\",\"itemListElement\":[{\"@type\":\"ListItem\",\"position\":1,\"name\":\"Startseite\",\"item\":\"https:\\\/\\\/www.bauer-hans.de\\\/ferienwohnung-in-kaernten\\\/\"},{\"@type\":\"ListItem\",\"position\":2,\"name\":\"Anfahrt\"}]},{\"@type\":\"WebSite\",\"@id\":\"https:\\\/\\\/www.bauer-hans.de\\\/ferienwohnung-in-kaernten\\\/#website\",\"url\":\"https:\\\/\\\/www.bauer-hans.de\\\/ferienwohnung-in-kaernten\\\/\",\"name\":\"Ferienwohnung in K\u00e4rnten direkt am See eigener Garten \u2026 Wellness \u2026 beheizter Pool\",\"description\":\"Urlaubsvergn\u00fcgen pur -  tolle Fewos in  K\u00e4rnten N\u00e4he W\u00f6rthersee \\\/ Faaker See\",\"publisher\":{\"@id\":\"https:\\\/\\\/www.bauer-hans.de\\\/ferienwohnung-in-kaernten\\\/#organization\"},\"potentialAction\":[{\"@type\":\"SearchAction\",\"target\":{\"@type\":\"EntryPoint\",\"urlTemplate\":\"https:\\\/\\\/www.bauer-hans.de\\\/ferienwohnung-in-kaernten\\\/?s={search_term_string}\"},\"query-input\":{\"@type\":\"PropertyValueSpecification\",\"valueRequired\":true,\"valueName\":\"search_term_string\"}}],\"inLanguage\":\"de\"},{\"@type\":\"Organization\",\"@id\":\"https:\\\/\\\/www.bauer-hans.de\\\/ferienwohnung-in-kaernten\\\/#organization\",\"name\":\"Ferienwohnung in K\u00e4rnten direkt am See eigener Garten \u2026 Wellness \u2026 beheizter Pool\",\"url\":\"https:\\\/\\\/www.bauer-hans.de\\\/ferienwohnung-in-kaernten\\\/\",\"logo\":{\"@type\":\"ImageObject\",\"inLanguage\":\"de\",\"@id\":\"https:\\\/\\\/www.bauer-hans.de\\\/ferienwohnung-in-kaernten\\\/#\\\/schema\\\/logo\\\/image\\\/\",\"url\":\"https:\\\/\\\/www.bauer-hans.de\\\/ferienwohnung-in-kaernten\\\/wp-content\\\/uploads\\\/sites\\\/6\\\/2018\\\/05\\\/cropped-logo-4s.jpg\",\"contentUrl\":\"https:\\\/\\\/www.bauer-hans.de\\\/ferienwohnung-in-kaernten\\\/wp-content\\\/uploads\\\/sites\\\/6\\\/2018\\\/05\\\/cropped-logo-4s.jpg\",\"width\":250,\"height\":250,\"caption\":\"Ferienwohnung in K\u00e4rnten direkt am See eigener Garten \u2026 Wellness \u2026 beheizter Pool\"},\"image\":{\"@id\":\"https:\\\/\\\/www.bauer-hans.de\\\/ferienwohnung-in-kaernten\\\/#\\\/schema\\\/logo\\\/image\\\/\"}}]}<\/script>\n<!-- \/ Yoast SEO plugin. -->","yoast_head_json":{"title":"Anfahrt zur Ferienwohnung in K\u00e4rnten","description":"hier zeigen wir Ihnen wie Sie am besten zu uns nach K\u00e4rnten kommen","robots":{"index":"index","follow":"follow","max-snippet":"max-snippet:-1","max-image-preview":"max-image-preview:large","max-video-preview":"max-video-preview:-1"},"canonical":"https:\/\/www.bauer-hans.de\/ferienwohnung-in-kaernten\/anfahrt\/","twitter_misc":{"Gesch\u00e4tzte Lesezeit":"1\u00a0Minute"},"schema":{"@context":"https:\/\/schema.org","@graph":[{"@type":"WebPage","@id":"https:\/\/www.bauer-hans.de\/ferienwohnung-in-kaernten\/anfahrt\/","url":"https:\/\/www.bauer-hans.de\/ferienwohnung-in-kaernten\/anfahrt\/","name":"Anfahrt zur Ferienwohnung in K\u00e4rnten","isPartOf":{"@id":"https:\/\/www.bauer-hans.de\/ferienwohnung-in-kaernten\/#website"},"datePublished":"2010-12-26T09:14:13+00:00","description":"hier zeigen wir Ihnen wie Sie am besten zu uns nach K\u00e4rnten kommen","breadcrumb":{"@id":"https:\/\/www.bauer-hans.de\/ferienwohnung-in-kaernten\/anfahrt\/#breadcrumb"},"inLanguage":"de","potentialAction":[{"@type":"ReadAction","target":["https:\/\/www.bauer-hans.de\/ferienwohnung-in-kaernten\/anfahrt\/"]}]},{"@type":"BreadcrumbList","@id":"https:\/\/www.bauer-hans.de\/ferienwohnung-in-kaernten\/anfahrt\/#breadcrumb","itemListElement":[{"@type":"ListItem","position":1,"name":"Startseite","item":"https:\/\/www.bauer-hans.de\/ferienwohnung-in-kaernten\/"},{"@type":"ListItem","position":2,"name":"Anfahrt"}]},{"@type":"WebSite","@id":"https:\/\/www.bauer-hans.de\/ferienwohnung-in-kaernten\/#website","url":"https:\/\/www.bauer-hans.de\/ferienwohnung-in-kaernten\/","name":"Ferienwohnung in K\u00e4rnten direkt am See eigener Garten \u2026 Wellness \u2026 beheizter Pool","description":"Urlaubsvergn\u00fcgen pur -  tolle Fewos in  K\u00e4rnten N\u00e4he W\u00f6rthersee \/ Faaker See","publisher":{"@id":"https:\/\/www.bauer-hans.de\/ferienwohnung-in-kaernten\/#organization"},"potentialAction":[{"@type":"SearchAction","target":{"@type":"EntryPoint","urlTemplate":"https:\/\/www.bauer-hans.de\/ferienwohnung-in-kaernten\/?s={search_term_string}"},"query-input":{"@type":"PropertyValueSpecification","valueRequired":true,"valueName":"search_term_string"}}],"inLanguage":"de"},{"@type":"Organization","@id":"https:\/\/www.bauer-hans.de\/ferienwohnung-in-kaernten\/#organization","name":"Ferienwohnung in K\u00e4rnten direkt am See eigener Garten \u2026 Wellness \u2026 beheizter Pool","url":"https:\/\/www.bauer-hans.de\/ferienwohnung-in-kaernten\/","logo":{"@type":"ImageObject","inLanguage":"de","@id":"https:\/\/www.bauer-hans.de\/ferienwohnung-in-kaernten\/#\/schema\/logo\/image\/","url":"https:\/\/www.bauer-hans.de\/ferienwohnung-in-kaernten\/wp-content\/uploads\/sites\/6\/2018\/05\/cropped-logo-4s.jpg","contentUrl":"https:\/\/www.bauer-hans.de\/ferienwohnung-in-kaernten\/wp-content\/uploads\/sites\/6\/2018\/05\/cropped-logo-4s.jpg","width":250,"height":250,"caption":"Ferienwohnung in K\u00e4rnten direkt am See eigener Garten \u2026 Wellness \u2026 beheizter Pool"},"image":{"@id":"https:\/\/www.bauer-hans.de\/ferienwohnung-in-kaernten\/#\/schema\/logo\/image\/"}}]}},"_links":{"self":[{"href":"https:\/\/www.bauer-hans.de\/ferienwohnung-in-kaernten\/wp-json\/wp\/v2\/pages\/713","targetHints":{"allow":["GET"]}}],"collection":[{"href":"https:\/\/www.bauer-hans.de\/ferienwohnung-in-kaernten\/wp-json\/wp\/v2\/pages"}],"about":[{"href":"https:\/\/www.bauer-hans.de\/ferienwohnung-in-kaernten\/wp-json\/wp\/v2\/types\/page"}],"author":[{"embeddable":true,"href":"https:\/\/www.bauer-hans.de\/ferienwohnung-in-kaernten\/wp-json\/wp\/v2\/users\/2"}],"replies":[{"embeddable":true,"href":"https:\/\/www.bauer-hans.de\/ferienwohnung-in-kaernten\/wp-json\/wp\/v2\/comments?post=713"}],"version-history":[{"count":0,"href":"https:\/\/www.bauer-hans.de\/ferienwohnung-in-kaernten\/wp-json\/wp\/v2\/pages\/713\/revisions"}],"wp:attachment":[{"href":"https:\/\/www.bauer-hans.de\/ferienwohnung-in-kaernten\/wp-json\/wp\/v2\/media?parent=713"}],"curies":[{"name":"wp","href":"https:\/\/api.w.org\/{rel}","templated":true}]}}

<p>Auto:<br />
Aus dem Osten: Fahren Sie über die Südautobahn A2 &#8211; nehmen Sie die Ausfahrt Klagenfurt Ost &#8211; weiter geht es auf der Görtschitztal-Bundesstrasse B92 und über die Loiblpass-Bundesstrasse B91 in Richtung Ferlach ins Rosental / Bodental.</p>
<p>Aus dem Norden: Fahren Sie über die Tauernautobahn A10 bis zum Knoten Villach &#8211; wechseln Sie auf die Karawankenautobahn A11 &#8211; nehmen Sie die Abfahrt St. Jakob / Rosental &#8211; weiter geht es auf der Rosental-Bundesstrasse B85 in Richtung Ferlach ins Rosental, ca 10 km.</p>
<p>Aus dem Süden: Fahren Sie aus Slowenien kommend über die Loiblpass-Bundesstrasse B91 in Richtung Ferlach ins Rosental / Bodental.</p>
<p>Bahn:<br />
Bahnhof Klagenfurt oder Bahnhof Villach<br />
&#8211; Weiterreise mit öffentlichen Verkehrsmitteln oder mit dem Taxi ins Rosental / Bodental, jweils ca. 20 km.</p>
<p>Flugzeug:<br />
Flughafen Klagenfurt ca. 20 km &#8211; <a href="http://news.pixelpoint.at/goto.php?l=2xsoeo.1e0hfl3,u=2b47f5554ff5e360f80aebff02c6ed46,n=2uxi6.n5pqd9,art_id=2uxi6.n5pqd9" target="_blank">Näheres siehe hier</a></p>

<p>Auto: Aus dem Osten: Fahren Sie über die Südautobahn A2 &#8211; nehmen Sie die Ausfahrt Klagenfurt Ost &#8211; weiter geht es auf der Görtschitztal-Bundesstrasse B92 und über die Loiblpass-Bundesstrasse B91 in Richtung Ferlach ins Rosental / Bodental. Aus dem Norden: Fahren Sie über die Tauernautobahn A10 bis zum Knoten Villach &#8211; wechseln Sie auf die &hellip; </p>
<p class="link-more"><a href="https://www.bauer-hans.de/ferienwohnung-in-kaernten/anfahrt/" class="more-link"><span class="screen-reader-text">„Anfahrt“ </span>weiterlesen</a></p>

<!-- This site is optimized with the Yoast SEO plugin v27.5 - https://yoast.com/product/yoast-seo-wordpress/ -->
<title>Anfahrt zur Ferienwohnung in Kärnten</title>
<meta name="description" content="hier zeigen wir Ihnen wie Sie am besten zu uns nach Kärnten kommen" />
<meta name="robots" content="index, follow, max-snippet:-1, max-image-preview:large, max-video-preview:-1" />
<link rel="canonical" href="https://www.bauer-hans.de/ferienwohnung-in-kaernten/anfahrt/" />
<meta name="twitter:label1" content="Geschätzte Lesezeit" />
	<meta name="twitter:data1" content="1 Minute" />
<script type="application/ld+json" class="yoast-schema-graph">{"@context":"https:\/\/schema.org","@graph":[{"@type":"WebPage","@id":"https:\/\/www.bauer-hans.de\/ferienwohnung-in-kaernten\/anfahrt\/","url":"https:\/\/www.bauer-hans.de\/ferienwohnung-in-kaernten\/anfahrt\/","name":"Anfahrt zur Ferienwohnung in Kärnten","isPartOf":{"@id":"https:\/\/www.bauer-hans.de\/ferienwohnung-in-kaernten\/#website"},"datePublished":"2010-12-26T09:14:13+00:00","description":"hier zeigen wir Ihnen wie Sie am besten zu uns nach Kärnten kommen","breadcrumb":{"@id":"https:\/\/www.bauer-hans.de\/ferienwohnung-in-kaernten\/anfahrt\/#breadcrumb"},"inLanguage":"de","potentialAction":[{"@type":"ReadAction","target":["https:\/\/www.bauer-hans.de\/ferienwohnung-in-kaernten\/anfahrt\/"]}]},{"@type":"BreadcrumbList","@id":"https:\/\/www.bauer-hans.de\/ferienwohnung-in-kaernten\/anfahrt\/#breadcrumb","itemListElement":[{"@type":"ListItem","position":1,"name":"Startseite","item":"https:\/\/www.bauer-hans.de\/ferienwohnung-in-kaernten\/"},{"@type":"ListItem","position":2,"name":"Anfahrt"}]},{"@type":"WebSite","@id":"https:\/\/www.bauer-hans.de\/ferienwohnung-in-kaernten\/#website","url":"https:\/\/www.bauer-hans.de\/ferienwohnung-in-kaernten\/","name":"Ferienwohnung in Kärnten direkt am See eigener Garten … Wellness … beheizter Pool","description":"Urlaubsvergnügen pur -  tolle Fewos in  Kärnten Nähe Wörthersee \/ Faaker See","publisher":{"@id":"https:\/\/www.bauer-hans.de\/ferienwohnung-in-kaernten\/#organization"},"potentialAction":[{"@type":"SearchAction","target":{"@type":"EntryPoint","urlTemplate":"https:\/\/www.bauer-hans.de\/ferienwohnung-in-kaernten\/?s={search_term_string}"},"query-input":{"@type":"PropertyValueSpecification","valueRequired":true,"valueName":"search_term_string"}}],"inLanguage":"de"},{"@type":"Organization","@id":"https:\/\/www.bauer-hans.de\/ferienwohnung-in-kaernten\/#organization","name":"Ferienwohnung in Kärnten direkt am See eigener Garten … Wellness … beheizter Pool","url":"https:\/\/www.bauer-hans.de\/ferienwohnung-in-kaernten\/","logo":{"@type":"ImageObject","inLanguage":"de","@id":"https:\/\/www.bauer-hans.de\/ferienwohnung-in-kaernten\/#\/schema\/logo\/image\/","url":"https:\/\/www.bauer-hans.de\/ferienwohnung-in-kaernten\/wp-content\/uploads\/sites\/6\/2018\/05\/cropped-logo-4s.jpg","contentUrl":"https:\/\/www.bauer-hans.de\/ferienwohnung-in-kaernten\/wp-content\/uploads\/sites\/6\/2018\/05\/cropped-logo-4s.jpg","width":250,"height":250,"caption":"Ferienwohnung in Kärnten direkt am See eigener Garten … Wellness … beheizter Pool"},"image":{"@id":"https:\/\/www.bauer-hans.de\/ferienwohnung-in-kaernten\/#\/schema\/logo\/image\/"}}]}</script>
<!-- / Yoast SEO plugin. -->

Anfahrt zur Ferienwohnung in Kärnten

hier zeigen wir Ihnen wie Sie am besten zu uns nach Kärnten kommen

Ferienwohnung in Kärnten direkt am See eigener Garten … Wellness … beheizter Pool

Urlaubsvergnügen pur -  tolle Fewos in  Kärnten Nähe Wörthersee / Faaker See
