{"id":1039,"date":"2015-05-12T15:48:38","date_gmt":"2015-05-12T13:48:38","guid":{"rendered":"http:\/\/www.bauer-hans.de\/scll\/?page_id=1039"},"modified":"2018-07-21T09:07:58","modified_gmt":"2018-07-21T07:07:58","slug":"ergebnisse","status":"publish","type":"page","link":"https:\/\/www.bauer-hans.de\/scll\/ergebnisse\/","title":{"rendered":"Ergebnisse seit Jahren"},"content":{"rendered":"<div id=\"pl-1039\"  class=\"panel-layout\" >\n<div id=\"pg-1039-0\"  class=\"panel-grid panel-no-style\" >\n<div id=\"pgc-1039-0-0\"  class=\"panel-grid-cell\"  data-weight=\"0.249999998125\" >\n<div id=\"panel-1039-0-0-0\" class=\"so-panel widget widget_black-studio-tinymce widget_black_studio_tinymce panel-first-child panel-last-child\" data-index=\"0\" data-style=\"{&quot;background_image_attachment&quot;:false,&quot;background_display&quot;:&quot;tile&quot;}\" >\n<div class=\"textwidget\">diese hier nachfolgenden Sponsoren erm\u00f6glichen es uns dass wir s\u00e4mtlichen Teilnehmern unserer <a href=\"https:\/\/www.scll.de\/24-std\/\">24-Std-Regatta 2018 <\/a>im Rahmen einer Verlosung eine Vielzahl von sch\u00f6nen\u00a0 Preisen ausloben k\u00f6nnen.<\/p>\n<p><a href=\"http:\/\/www.vfm-ll.de\" target=\"_blank\" rel=\"noopener\"><img loading=\"lazy\" decoding=\"async\" class=\"alignnone wp-image-978 size-full\" src=\"https:\/\/www.bauer-hans.de\/scll\/wp-content\/uploads\/sites\/12\/2015\/04\/Logo-vfm.jpg\" alt=\"Logo vfm\" width=\"199\" height=\"80\" \/><\/a><\/p>\n<p><a href=\"http:\/\/www.baumarkt-sailer.de\/\" target=\"_blank\" rel=\"noopener\"><img loading=\"lazy\" decoding=\"async\" class=\"alignnone size-full wp-image-972\" src=\"https:\/\/www.bauer-hans.de\/scll\/wp-content\/uploads\/sites\/12\/2015\/04\/Logo-Sailer.jpg\" alt=\"Logo Sailer\" width=\"200\" height=\"90\" \/><\/a><\/p>\n<p><a href=\"http:\/\/www.malerknoll.de\/\" target=\"_blank\" rel=\"noopener\"><img loading=\"lazy\" decoding=\"async\" class=\"alignnone wp-image-1677\" src=\"https:\/\/www.bauer-hans.de\/scll\/wp-content\/uploads\/sites\/12\/2018\/05\/maler-knoll-300x212.jpg\" alt=\"\" width=\"200\" height=\"141\" srcset=\"https:\/\/www.bauer-hans.de\/scll\/wp-content\/uploads\/sites\/12\/2018\/05\/maler-knoll-300x212.jpg 300w, https:\/\/www.bauer-hans.de\/scll\/wp-content\/uploads\/sites\/12\/2018\/05\/maler-knoll-768x542.jpg 768w, https:\/\/www.bauer-hans.de\/scll\/wp-content\/uploads\/sites\/12\/2018\/05\/maler-knoll-1024x722.jpg 1024w, https:\/\/www.bauer-hans.de\/scll\/wp-content\/uploads\/sites\/12\/2018\/05\/maler-knoll-250x176.jpg 250w, https:\/\/www.bauer-hans.de\/scll\/wp-content\/uploads\/sites\/12\/2018\/05\/maler-knoll.jpg 1551w\" sizes=\"auto, (max-width: 200px) 100vw, 200px\" \/><\/a><\/p>\n<p><a href=\"http:\/\/www.rieth-baustoffe.de\/\" target=\"_blank\" rel=\"noopener\"><img loading=\"lazy\" decoding=\"async\" class=\"alignnone wp-image-1305\" src=\"https:\/\/www.bauer-hans.de\/scll\/wp-content\/uploads\/sites\/12\/2016\/06\/RiethDoitWeb.jpg\" alt=\"RiethDoitWeb\" width=\"199\" height=\"110\" srcset=\"https:\/\/www.bauer-hans.de\/scll\/wp-content\/uploads\/sites\/12\/2016\/06\/RiethDoitWeb.jpg 350w, https:\/\/www.bauer-hans.de\/scll\/wp-content\/uploads\/sites\/12\/2016\/06\/RiethDoitWeb-300x165.jpg 300w, https:\/\/www.bauer-hans.de\/scll\/wp-content\/uploads\/sites\/12\/2016\/06\/RiethDoitWeb-250x138.jpg 250w\" sizes=\"auto, (max-width: 199px) 100vw, 199px\" \/><\/a><\/p>\n<p><a href=\"http:\/\/www.suncharter.de\/\" target=\"_blank\" rel=\"noopener\"><img loading=\"lazy\" decoding=\"async\" class=\"alignnone size-full wp-image-976\" src=\"https:\/\/www.bauer-hans.de\/scll\/wp-content\/uploads\/sites\/12\/2015\/04\/Logo-Sun-Charter.gif\" alt=\"Logo Sun Charter\" width=\"200\" height=\"90\" \/><\/a><\/p>\n<p><a href=\"http:\/\/www.campingplatz-baumann.de\/\" target=\"_blank\" rel=\"noopener\"><img loading=\"lazy\" decoding=\"async\" class=\"alignnone wp-image-1334\" src=\"https:\/\/www.bauer-hans.de\/scll\/wp-content\/uploads\/sites\/12\/2016\/07\/camping-baumann-1024x349.jpg\" alt=\"\" width=\"200\" height=\"68\" srcset=\"https:\/\/www.bauer-hans.de\/scll\/wp-content\/uploads\/sites\/12\/2016\/07\/camping-baumann-1024x349.jpg 1024w, https:\/\/www.bauer-hans.de\/scll\/wp-content\/uploads\/sites\/12\/2016\/07\/camping-baumann-300x102.jpg 300w, https:\/\/www.bauer-hans.de\/scll\/wp-content\/uploads\/sites\/12\/2016\/07\/camping-baumann-768x261.jpg 768w, https:\/\/www.bauer-hans.de\/scll\/wp-content\/uploads\/sites\/12\/2016\/07\/camping-baumann-250x85.jpg 250w, https:\/\/www.bauer-hans.de\/scll\/wp-content\/uploads\/sites\/12\/2016\/07\/camping-baumann.jpg 1551w\" sizes=\"auto, (max-width: 200px) 100vw, 200px\" \/><\/a><\/p>\n<p><a href=\"https:\/\/www.veltrup.de\" target=\"_blank\" rel=\"noopener\"><img loading=\"lazy\" decoding=\"async\" class=\"alignnone size-full wp-image-1071\" src=\"https:\/\/www.bauer-hans.de\/scll\/wp-content\/uploads\/sites\/12\/2015\/06\/veltrup.jpg\" alt=\"\" width=\"200\" height=\"80\" \/><\/a><\/p>\n<p><a href=\"http:\/\/www.steinlechner-bootswerft.de\/\" target=\"_blank\" rel=\"noopener\"><img loading=\"lazy\" decoding=\"async\" class=\"alignnone wp-image-1750\" src=\"https:\/\/www.bauer-hans.de\/scll\/wp-content\/uploads\/sites\/12\/2018\/05\/steinlechner-300x300.jpg\" alt=\"\" width=\"200\" height=\"200\" srcset=\"https:\/\/www.bauer-hans.de\/scll\/wp-content\/uploads\/sites\/12\/2018\/05\/steinlechner-300x300.jpg 300w, https:\/\/www.bauer-hans.de\/scll\/wp-content\/uploads\/sites\/12\/2018\/05\/steinlechner-150x150.jpg 150w, https:\/\/www.bauer-hans.de\/scll\/wp-content\/uploads\/sites\/12\/2018\/05\/steinlechner-768x768.jpg 768w, https:\/\/www.bauer-hans.de\/scll\/wp-content\/uploads\/sites\/12\/2018\/05\/steinlechner-1024x1024.jpg 1024w, https:\/\/www.bauer-hans.de\/scll\/wp-content\/uploads\/sites\/12\/2018\/05\/steinlechner-250x250.jpg 250w, https:\/\/www.bauer-hans.de\/scll\/wp-content\/uploads\/sites\/12\/2018\/05\/steinlechner.jpg 1200w\" sizes=\"auto, (max-width: 200px) 100vw, 200px\" \/><\/a><\/p>\n<p>&nbsp;<\/p>\n<p>&nbsp;<\/p><\/div>\n<\/div>\n<\/div>\n<div id=\"pgc-1039-0-1\"  class=\"panel-grid-cell\"  data-weight=\"0.750000001875\" >\n<div id=\"panel-1039-0-1-0\" class=\"so-panel widget widget_black-studio-tinymce widget_black_studio_tinymce panel-first-child panel-last-child\" data-index=\"1\" data-style=\"{&quot;background_image_attachment&quot;:false,&quot;background_display&quot;:&quot;tile&quot;}\" >\n<h3 class=\"widget-title\">seit 2005<\/h3>\n<div class=\"textwidget\">\n<table width=\"54%\">\n<tbody>\n<tr>\n<td width=\"16%\"><strong>2018<\/strong><\/td>\n<td width=\"16%\"><a href=\"https:\/\/www.scll.de\/wp-content\/uploads\/sites\/12\/2018\/07\/24H-2018-1.Runde_.pdf\" target=\"_blank\" rel=\"noopener\">1.Runde<\/a><\/td>\n<td width=\"17%\"><a href=\"https:\/\/www.scll.de\/wp-content\/uploads\/sites\/12\/2018\/07\/24h-2018-Gesamtwertung.pdf\" target=\"_blank\" rel=\"noopener\">Gesamtwertung<\/a><\/td>\n<td width=\"17%\"><a href=\"https:\/\/www.scll.de\/wp-content\/uploads\/sites\/12\/2018\/07\/24h-2018-Gruppen.pdf\" target=\"_blank\" rel=\"noopener\">Gruppenwertung<\/a><\/td>\n<td width=\"29%\"><a href=\"https:\/\/www.scll.de\/wp-content\/uploads\/sites\/12\/2018\/07\/24h-2018-Yst113-YstStrecke.pdf\" target=\"_blank\" rel=\"noopener\">Sonderwertung YST&gt;113<\/a><\/td>\n<\/tr>\n<tr>\n<td width=\"16%\"><strong>2017<\/strong><\/td>\n<td width=\"16%\"><a href=\"https:\/\/www.bauer-hans.de\/scll\/wp-content\/uploads\/sites\/12\/2017\/07\/24h_2017_yst.pdf\" target=\"_blank\" rel=\"noopener\">1.Runde<\/a><\/td>\n<td width=\"17%\"><a href=\"https:\/\/www.bauer-hans.de\/scll\/wp-content\/uploads\/sites\/12\/2017\/07\/24h_2017_gesamt.pdf\" target=\"_blank\" rel=\"noopener\">Gesamtwertung<\/a><\/td>\n<td width=\"17%\"><a href=\"https:\/\/www.bauer-hans.de\/scll\/wp-content\/uploads\/sites\/12\/2017\/07\/24h_2017_gruppen.pdf\" target=\"_blank\" rel=\"noopener\">Gruppenwertung<\/a><\/td>\n<td width=\"29%\"><a href=\"https:\/\/www.scll.de\/wp-content\/uploads\/sites\/12\/2016\/07\/24h_2016_ue113.pdf\" target=\"_blank\" rel=\"noopener\">Sonderwertung YST&gt;113<\/a><\/td>\n<\/tr>\n<tr>\n<td width=\"16%\"><strong>2016<\/strong><\/td>\n<td width=\"16%\"><a href=\"https:\/\/www.scll.de\/wp-content\/uploads\/sites\/12\/2016\/07\/24h_2016_yst.pdf\" target=\"_blank\" rel=\"noopener\">1.Runde<\/a><\/td>\n<td width=\"17%\"><a href=\"https:\/\/www.scll.de\/wp-content\/uploads\/sites\/12\/2016\/07\/24h_2016_gesamt.pdf\" target=\"_blank\" rel=\"noopener\">Gesamtwertung<\/a><\/td>\n<td width=\"17%\"><a href=\"https:\/\/www.scll.de\/wp-content\/uploads\/sites\/12\/2016\/07\/24h_2016_gruppen.pdf\" target=\"_blank\" rel=\"noopener\">Gruppenwertung<\/a><\/td>\n<td width=\"29%\"><a href=\"https:\/\/www.scll.de\/wp-content\/uploads\/sites\/12\/2016\/07\/24h_2016_ue113.pdf\" target=\"_blank\" rel=\"noopener\">Sonderwertung YST&gt;113<\/a><\/td>\n<\/tr>\n<tr>\n<td width=\"16%\"><strong>2015<\/strong><\/td>\n<td width=\"16%\"><a href=\"https:\/\/www.bauer-hans.de\/scll\/wp-content\/uploads\/sites\/12\/2015\/08\/24h-2015-Ergebnis-1.-Runde.pdf\" target=\"_blank\" rel=\"noopener\">1.Runde<\/a><\/td>\n<td width=\"17%\"><a href=\"https:\/\/www.bauer-hans.de\/scll\/wp-content\/uploads\/sites\/12\/2015\/08\/24h-2015-Ergebnis-nach-Bojen.pdf\" target=\"_blank\" rel=\"noopener\">Gesamtwertung<\/a><\/td>\n<td width=\"17%\"><a href=\"https:\/\/www.bauer-hans.de\/scll\/wp-content\/uploads\/sites\/12\/2015\/08\/24h-2015-Gruppenergebnis-nach-Bojen-in-24h.pdf\" target=\"_blank\" rel=\"noopener\">Gruppenwertung<\/a><\/td>\n<td width=\"29%\"><a href=\"https:\/\/www.bauer-hans.de\/scll\/wp-content\/uploads\/sites\/12\/2015\/08\/24h-2015-Ergebnis-Yst-113-Strecke.pdf\" target=\"_blank\" rel=\"noopener\">Sonderwertung YST&gt;113<\/a><\/td>\n<\/tr>\n<tr>\n<td width=\"16%\"><strong>2014<\/strong><\/td>\n<td width=\"16%\"><a href=\"http:\/\/www.ammersee-webdesign.de\/SCLL24\/Ergebnisse\/Ergeb_14\/SCLL%2024h%202014%201.Runde.pdf\">1.Runde<\/a><\/td>\n<td width=\"17%\"><a href=\"http:\/\/www.ammersee-webdesign.de\/SCLL24\/Ergebnisse\/Ergeb_14\/SCLL%2024h%202014%20Gesamt%20%20nach%20%20Bojen.pdf\">Gesamtwertung<\/a><\/td>\n<td width=\"17%\"><a href=\"http:\/\/www.ammersee-webdesign.de\/SCLL24\/Ergebnisse\/Ergeb_14\/SCLL%2024h%202014%20Gesamt%20%20nach%20%20Gruppen.pdf\">Gruppenwertung<\/a><\/td>\n<td width=\"29%\"><a href=\"http:\/\/www.ammersee-webdesign.de\/SCLL24\/Ergebnisse\/Ergeb_14\/SCLL%2024h%202014%20YSt%20113+.pdf\">Sonderwertung YST&gt;113 <\/a><\/td>\n<\/tr>\n<tr>\n<td><strong>2013<\/strong><\/td>\n<td width=\"16%\"><a href=\"http:\/\/www.ammersee-webdesign.de\/SCLL24\/Ergebnisse\/Ergeb_13\/Runde%201%202013%20v4%20(3).pdf\">1.Runde<\/a><\/td>\n<td width=\"17%\"><a href=\"http:\/\/www.ammersee-webdesign.de\/SCLL24\/Ergebnisse\/Ergeb_13\/SCLL%2024h%202013%20Gesamt%20V5.pdf\">Gesamtwertung<\/a><\/td>\n<td width=\"17%\"><a href=\"http:\/\/www.ammersee-webdesign.de\/SCLL24\/Ergebnisse\/Ergeb_13\/SCLL%2024h%202013%20Gruppe%20V5.pdf\">Gruppenwertung<\/a><\/td>\n<td width=\"29%\"><a href=\"http:\/\/www.ammersee-webdesign.de\/SCLL24\/Ergebnisse\/Ergeb_13\/SCLL24h%202013%20Wertung%20Yst%20113.pdf\">Sonderwertung YST&gt;113 <\/a><\/td>\n<\/tr>\n<tr>\n<td><strong>2012<\/strong><\/td>\n<td width=\"16%\"><a href=\"http:\/\/www.ammersee-webdesign.de\/SCLL24\/Ergebnisse\/Ergeb_12\/24h%20Ergebnis%201.%20Runde%202012.pdf\">1.Runde<\/a><\/td>\n<td width=\"17%\"><a href=\"http:\/\/www.ammersee-webdesign.de\/SCLL24\/Ergebnisse\/Ergeb_12\/24h%20Ergebnis%20Gesamt%202012.pdf\">Gesamtwertung<\/a><\/td>\n<td width=\"17%\"><a href=\"http:\/\/www.ammersee-webdesign.de\/SCLL24\/Ergebnisse\/Ergeb_12\/24h%20Ergebnis%20Gruppen%202012.pdf\">Gruppenwertung<\/a><\/td>\n<td width=\"29%\"><a href=\"http:\/\/www.ammersee-webdesign.de\/SCLL24\/Ergebnisse\/Ergeb_12\/24h%20Ergebnis%20PNZ%202012.pdf\">Sonderwertung YST&gt;113 <\/a><\/td>\n<\/tr>\n<tr>\n<td width=\"16%\"><strong>2011<\/strong><\/td>\n<td width=\"16%\"><a href=\"http:\/\/www.ammersee-webdesign.de\/SCLL24\/Ergebnisse\/Ergeb_11\/Ergebnisse%2024%20h%202011%201.%20Runde_V2-1.pdf\">1.Runde <\/a><\/td>\n<td width=\"17%\"><a href=\"http:\/\/www.ammersee-webdesign.de\/SCLL24\/Ergebnisse\/Ergeb_11\/Ergebnisse%2024%20h%202011%20Bojenzeiten_V2.pdf\">Gesamtwertung<\/a><\/td>\n<td width=\"17%\"><a href=\"http:\/\/www.ammersee-webdesign.de\/SCLL24\/Ergebnisse\/Ergeb_11\/Ergebnisse%2024%20h%202011%20Klasse_V2-2.pdf\">Gruppenwertung<\/a><\/td>\n<td width=\"29%\"><a href=\"http:\/\/www.ammersee-webdesign.de\/SCLL24\/Ergebnisse\/Ergeb_11\/Ergebnisse%2024%20h%202011%20PNZ-Wertung.pdf\">Sonderwertung YST&gt;113 <\/a><\/td>\n<\/tr>\n<tr>\n<td><strong>2010<\/strong><\/td>\n<td width=\"16%\"><a href=\"http:\/\/www.ammersee-webdesign.de\/SCLL24\/PDF\/2010\/Ergebnisliste_Runde1\">1.Runde<\/a><\/td>\n<td width=\"17%\"><a href=\"http:\/\/www.ammersee-webdesign.de\/SCLL24\/PDF\/2010\/Ergebnisliste_Bojen\">Gesamtwertung<\/a><\/td>\n<td width=\"17%\"><a href=\"http:\/\/www.ammersee-webdesign.de\/SCLL24\/PDF\/2010\/Ergebnisliste_Gruppen\">Gruppenwertung<\/a><\/td>\n<td width=\"29%\"><a href=\"http:\/\/www.ammersee-webdesign.de\/SCLL24\/PDF\/2010\/Berechnung_PNZ\">Sonderwertung YST&gt;113 <\/a><\/td>\n<\/tr>\n<tr>\n<td><strong>2009<\/strong><\/td>\n<td width=\"16%\"><a href=\"http:\/\/www.ammersee-webdesign.de\/SCLL24\/Ergebnisse\/Ergeb_09\/reg_09_ersteru.pdf\">1.Runde <\/a><\/td>\n<td width=\"17%\"><a href=\"http:\/\/www.ammersee-webdesign.de\/SCLL24\/Ergebnisse\/Ergeb_09\/reg_09_gesamt.pdf\">Gesamtwertung<\/a><\/td>\n<td width=\"17%\"><a href=\"http:\/\/www.ammersee-webdesign.de\/SCLL24\/Ergebnisse\/Ergeb_09\/reg_09_gruppe.pdf\">Gruppenwertung<\/a><\/td>\n<td width=\"29%\"><a href=\"http:\/\/www.ammersee-webdesign.de\/SCLL24\/Ergebnisse\/Ergeb_09\/reg_09_sowert.pdf\">Sonderwertung YST&gt;113 <\/a><\/td>\n<\/tr>\n<tr>\n<td><strong>2008<\/strong><\/td>\n<td width=\"16%\"><a href=\"http:\/\/www.ammersee-webdesign.de\/SCLL24\/Ergebnisse\/Ergeb_08\/reg_08_ersteru.pdf\">1.Runde <\/a><\/td>\n<td width=\"17%\"><a href=\"http:\/\/www.ammersee-webdesign.de\/SCLL24\/Ergebnisse\/Ergeb_08\/reg_08_gesamt.pdf\">Gesamtwertung<\/a><\/td>\n<td width=\"17%\"><a href=\"http:\/\/www.ammersee-webdesign.de\/SCLL24\/Ergebnisse\/Ergeb_08\/reg_08_gruppe.pdf\">Gruppenwertung<\/a><\/td>\n<td width=\"29%\"><a href=\"http:\/\/www.ammersee-webdesign.de\/SCLL24\/Ergebnisse\/Ergeb_08\/reg_08_sowert.pdf\">Sonderwertung YST&gt;113<\/a><\/td>\n<\/tr>\n<tr>\n<td><strong>2007<\/strong><\/td>\n<td width=\"16%\"><a href=\"http:\/\/www.ammersee-webdesign.de\/SCLL24\/Ergebnisse\/Ergeb_07\/1.runde.pdf\">1.Runde <\/a><\/td>\n<td width=\"17%\"><a href=\"http:\/\/www.ammersee-webdesign.de\/SCLL24\/Ergebnisse\/Ergeb_07\/gesamt.pdf\">Gesamtwertung<\/a><\/td>\n<td width=\"17%\"><a href=\"http:\/\/www.ammersee-webdesign.de\/SCLL24\/Ergebnisse\/Ergeb_07\/gruppen.pdf\">Gruppenwertung<\/a><\/td>\n<td width=\"29%\"><a href=\"http:\/\/www.ammersee-webdesign.de\/SCLL24\/Ergebnisse\/Ergeb_07\/so_wert.pdf\">Sonderwertung YST&gt;113 <\/a><\/td>\n<\/tr>\n<tr>\n<td><strong>2006<\/strong><\/td>\n<td width=\"16%\"><a href=\"http:\/\/www.ammersee-webdesign.de\/SCLL24\/Ergebnisse\/Ergeb_06\/1.runde.pdf\">1.Runde<\/a><\/td>\n<td width=\"17%\"><a href=\"http:\/\/www.ammersee-webdesign.de\/SCLL24\/Ergebnisse\/Ergeb_06\/all_gruppen.pdf\">Gesamtwertung<\/a><\/td>\n<td width=\"17%\"><a href=\"http:\/\/www.ammersee-webdesign.de\/SCLL24\/Ergebnisse\/Ergeb_06\/Gruppe.pdf\">Gruppenwertung<\/a><\/td>\n<td width=\"29%\"><a href=\"http:\/\/www.ammersee-webdesign.de\/SCLL24\/Ergebnisse\/Ergeb_06\/yardstick_gross.pdf\">Sonderwertung YST&gt;113 <\/a><\/td>\n<\/tr>\n<tr>\n<td><strong>2005<\/strong><\/td>\n<td width=\"16%\"><a href=\"http:\/\/www.ammersee-webdesign.de\/SCLL24\/Ergebnisse\/Ergeb_05\/reg_05_1.pdf\">1.Runde<\/a><\/td>\n<td width=\"17%\"><a href=\"http:\/\/www.ammersee-webdesign.de\/SCLL24\/Ergebnisse\/Ergeb_05\/gesamt_05_2.pdf\">Gesamtwertung<\/a><\/td>\n<td width=\"17%\"><a href=\"http:\/\/www.ammersee-webdesign.de\/SCLL24\/Ergebnisse\/Ergeb_05\/gruppe_05_4.pdf\">Gruppenwertung<\/a><\/td>\n<td width=\"29%\"><a href=\"http:\/\/www.ammersee-webdesign.de\/SCLL24\/Ergebnisse\/Ergeb_05\/diagramm_05_3.pdf\">Diagramm<\/a><\/td>\n<\/tr>\n<\/tbody>\n<\/table>\n<\/div>\n<\/div>\n<\/div>\n<\/div>\n<\/div>\n","protected":false},"excerpt":{"rendered":"<p>diese hier nachfolgenden Sponsoren erm\u00f6glichen es uns dass wir s\u00e4mtlichen Teilnehmern unserer 24-Std-Regatta 2018 im Rahmen einer Verlosung eine Vielzahl von sch\u00f6nen\u00a0 Preisen ausloben k\u00f6nnen. &nbsp; &nbsp; seit 2005 2018 1.Runde Gesamtwertung Gruppenwertung Sonderwertung YST&gt;113 2017 1.Runde Gesamtwertung Gruppenwertung Sonderwertung YST&gt;113 2016 1.Runde Gesamtwertung Gruppenwertung Sonderwertung YST&gt;113 2015 1.Runde Gesamtwertung Gruppenwertung Sonderwertung YST&gt;113 2014 1.Runde [&hellip;]<\/p>\n","protected":false},"author":2,"featured_media":1015,"parent":0,"menu_order":0,"comment_status":"closed","ping_status":"open","template":"","meta":{"_acf_changed":false,"footnotes":""},"class_list":["post-1039","page","type-page","status-publish","hentry"],"acf":[],"yoast_head":"<!-- This site is optimized with the Yoast SEO plugin v27.5 - https:\/\/yoast.com\/product\/yoast-seo-wordpress\/ -->\n<title>Segelclub Landsberg am Ammersee<\/title>\n<meta name=\"description\" content=\"die 24-Std. Regatta am Ammersee das Highlight in 2015\" \/>\n<meta name=\"robots\" content=\"index, follow, max-snippet:-1, max-image-preview:large, max-video-preview:-1\" \/>\n<link rel=\"canonical\" href=\"https:\/\/www.bauer-hans.de\/scll\/ergebnisse\/\" \/>\n<meta name=\"twitter:label1\" content=\"Gesch\u00e4tzte Lesezeit\" \/>\n\t<meta name=\"twitter:data1\" content=\"1\u00a0Minute\" \/>\n<script type=\"application\/ld+json\" class=\"yoast-schema-graph\">{\"@context\":\"https:\\\/\\\/schema.org\",\"@graph\":[{\"@type\":\"WebPage\",\"@id\":\"https:\\\/\\\/www.bauer-hans.de\\\/scll\\\/ergebnisse\\\/\",\"url\":\"https:\\\/\\\/www.bauer-hans.de\\\/scll\\\/ergebnisse\\\/\",\"name\":\"Segelclub Landsberg am Ammersee\",\"isPartOf\":{\"@id\":\"https:\\\/\\\/www.bauer-hans.de\\\/scll\\\/#website\"},\"primaryImageOfPage\":{\"@id\":\"https:\\\/\\\/www.bauer-hans.de\\\/scll\\\/ergebnisse\\\/#primaryimage\"},\"image\":{\"@id\":\"https:\\\/\\\/www.bauer-hans.de\\\/scll\\\/ergebnisse\\\/#primaryimage\"},\"thumbnailUrl\":\"https:\\\/\\\/www.bauer-hans.de\\\/scll\\\/wp-content\\\/uploads\\\/sites\\\/12\\\/2015\\\/03\\\/HAED.jpg\",\"datePublished\":\"2015-05-12T13:48:38+00:00\",\"dateModified\":\"2018-07-21T07:07:58+00:00\",\"description\":\"die 24-Std. Regatta am Ammersee das Highlight in 2015\",\"breadcrumb\":{\"@id\":\"https:\\\/\\\/www.bauer-hans.de\\\/scll\\\/ergebnisse\\\/#breadcrumb\"},\"inLanguage\":\"de\",\"potentialAction\":[{\"@type\":\"ReadAction\",\"target\":[\"https:\\\/\\\/www.bauer-hans.de\\\/scll\\\/ergebnisse\\\/\"]}]},{\"@type\":\"ImageObject\",\"inLanguage\":\"de\",\"@id\":\"https:\\\/\\\/www.bauer-hans.de\\\/scll\\\/ergebnisse\\\/#primaryimage\",\"url\":\"https:\\\/\\\/www.bauer-hans.de\\\/scll\\\/wp-content\\\/uploads\\\/sites\\\/12\\\/2015\\\/03\\\/HAED.jpg\",\"contentUrl\":\"https:\\\/\\\/www.bauer-hans.de\\\/scll\\\/wp-content\\\/uploads\\\/sites\\\/12\\\/2015\\\/03\\\/HAED.jpg\",\"width\":200,\"height\":189},{\"@type\":\"BreadcrumbList\",\"@id\":\"https:\\\/\\\/www.bauer-hans.de\\\/scll\\\/ergebnisse\\\/#breadcrumb\",\"itemListElement\":[{\"@type\":\"ListItem\",\"position\":1,\"name\":\"Startseite\",\"item\":\"https:\\\/\\\/www.bauer-hans.de\\\/scll\\\/\"},{\"@type\":\"ListItem\",\"position\":2,\"name\":\"Ergebnisse seit Jahren\"}]},{\"@type\":\"WebSite\",\"@id\":\"https:\\\/\\\/www.bauer-hans.de\\\/scll\\\/#website\",\"url\":\"https:\\\/\\\/www.bauer-hans.de\\\/scll\\\/\",\"name\":\"Segelclub Landsberg am Ammersee\",\"description\":\"SCLL der Segelclub am S\u00fcd-West-Ufer des Ammersees\",\"potentialAction\":[{\"@type\":\"SearchAction\",\"target\":{\"@type\":\"EntryPoint\",\"urlTemplate\":\"https:\\\/\\\/www.bauer-hans.de\\\/scll\\\/?s={search_term_string}\"},\"query-input\":{\"@type\":\"PropertyValueSpecification\",\"valueRequired\":true,\"valueName\":\"search_term_string\"}}],\"inLanguage\":\"de\"}]}<\/script>\n<!-- \/ Yoast SEO plugin. -->","yoast_head_json":{"title":"Segelclub Landsberg am Ammersee","description":"die 24-Std. Regatta am Ammersee das Highlight in 2015","robots":{"index":"index","follow":"follow","max-snippet":"max-snippet:-1","max-image-preview":"max-image-preview:large","max-video-preview":"max-video-preview:-1"},"canonical":"https:\/\/www.bauer-hans.de\/scll\/ergebnisse\/","twitter_misc":{"Gesch\u00e4tzte Lesezeit":"1\u00a0Minute"},"schema":{"@context":"https:\/\/schema.org","@graph":[{"@type":"WebPage","@id":"https:\/\/www.bauer-hans.de\/scll\/ergebnisse\/","url":"https:\/\/www.bauer-hans.de\/scll\/ergebnisse\/","name":"Segelclub Landsberg am Ammersee","isPartOf":{"@id":"https:\/\/www.bauer-hans.de\/scll\/#website"},"primaryImageOfPage":{"@id":"https:\/\/www.bauer-hans.de\/scll\/ergebnisse\/#primaryimage"},"image":{"@id":"https:\/\/www.bauer-hans.de\/scll\/ergebnisse\/#primaryimage"},"thumbnailUrl":"https:\/\/www.bauer-hans.de\/scll\/wp-content\/uploads\/sites\/12\/2015\/03\/HAED.jpg","datePublished":"2015-05-12T13:48:38+00:00","dateModified":"2018-07-21T07:07:58+00:00","description":"die 24-Std. Regatta am Ammersee das Highlight in 2015","breadcrumb":{"@id":"https:\/\/www.bauer-hans.de\/scll\/ergebnisse\/#breadcrumb"},"inLanguage":"de","potentialAction":[{"@type":"ReadAction","target":["https:\/\/www.bauer-hans.de\/scll\/ergebnisse\/"]}]},{"@type":"ImageObject","inLanguage":"de","@id":"https:\/\/www.bauer-hans.de\/scll\/ergebnisse\/#primaryimage","url":"https:\/\/www.bauer-hans.de\/scll\/wp-content\/uploads\/sites\/12\/2015\/03\/HAED.jpg","contentUrl":"https:\/\/www.bauer-hans.de\/scll\/wp-content\/uploads\/sites\/12\/2015\/03\/HAED.jpg","width":200,"height":189},{"@type":"BreadcrumbList","@id":"https:\/\/www.bauer-hans.de\/scll\/ergebnisse\/#breadcrumb","itemListElement":[{"@type":"ListItem","position":1,"name":"Startseite","item":"https:\/\/www.bauer-hans.de\/scll\/"},{"@type":"ListItem","position":2,"name":"Ergebnisse seit Jahren"}]},{"@type":"WebSite","@id":"https:\/\/www.bauer-hans.de\/scll\/#website","url":"https:\/\/www.bauer-hans.de\/scll\/","name":"Segelclub Landsberg am Ammersee","description":"SCLL der Segelclub am S\u00fcd-West-Ufer des Ammersees","potentialAction":[{"@type":"SearchAction","target":{"@type":"EntryPoint","urlTemplate":"https:\/\/www.bauer-hans.de\/scll\/?s={search_term_string}"},"query-input":{"@type":"PropertyValueSpecification","valueRequired":true,"valueName":"search_term_string"}}],"inLanguage":"de"}]}},"_links":{"self":[{"href":"https:\/\/www.bauer-hans.de\/scll\/wp-json\/wp\/v2\/pages\/1039","targetHints":{"allow":["GET"]}}],"collection":[{"href":"https:\/\/www.bauer-hans.de\/scll\/wp-json\/wp\/v2\/pages"}],"about":[{"href":"https:\/\/www.bauer-hans.de\/scll\/wp-json\/wp\/v2\/types\/page"}],"author":[{"embeddable":true,"href":"https:\/\/www.bauer-hans.de\/scll\/wp-json\/wp\/v2\/users\/2"}],"replies":[{"embeddable":true,"href":"https:\/\/www.bauer-hans.de\/scll\/wp-json\/wp\/v2\/comments?post=1039"}],"version-history":[{"count":42,"href":"https:\/\/www.bauer-hans.de\/scll\/wp-json\/wp\/v2\/pages\/1039\/revisions"}],"predecessor-version":[{"id":1840,"href":"https:\/\/www.bauer-hans.de\/scll\/wp-json\/wp\/v2\/pages\/1039\/revisions\/1840"}],"wp:featuredmedia":[{"embeddable":true,"href":"https:\/\/www.bauer-hans.de\/scll\/wp-json\/wp\/v2\/media\/1015"}],"wp:attachment":[{"href":"https:\/\/www.bauer-hans.de\/scll\/wp-json\/wp\/v2\/media?parent=1039"}],"curies":[{"name":"wp","href":"https:\/\/api.w.org\/{rel}","templated":true}]}}