{"id":17,"date":"2010-11-16T20:05:32","date_gmt":"2010-11-16T20:05:32","guid":{"rendered":"http:\/\/www.scll.de\/"},"modified":"2018-06-11T18:29:13","modified_gmt":"2018-06-11T16:29:13","slug":"crewborse","status":"publish","type":"page","link":"https:\/\/www.bauer-hans.de\/scll\/hom\/crewborse\/","title":{"rendered":"Crewb\u00f6rse"},"content":{"rendered":"<p style=\"text-align: center;\"><a href=\"https:\/\/www.scll.de\/?attachment_id=119\"><img loading=\"lazy\" decoding=\"async\" class=\"alignleft size-medium wp-image-119\" title=\"ausreiten\" src=\"https:\/\/www.bauer-hans.de\/scll\/wp-content\/uploads\/sites\/12\/2010\/11\/segeln2-300x198.jpg\" alt=\"\" width=\"300\" height=\"198\" srcset=\"https:\/\/www.bauer-hans.de\/scll\/wp-content\/uploads\/sites\/12\/2010\/11\/segeln2-300x198.jpg 300w, https:\/\/www.bauer-hans.de\/scll\/wp-content\/uploads\/sites\/12\/2010\/11\/segeln2.jpg 500w\" sizes=\"auto, (max-width: 300px) 100vw, 300px\" \/><\/a>Diese Seite stellen wir allen Segelbegeisterten zur Verf\u00fcgung die entweder<\/p>\n<h2 style=\"text-align: center;\">als <span style=\"color: #0000ff;\">Bootseigner ein Crewmitglied <\/span>suchen<\/h2>\n<p style=\"text-align: center;\">oder aber<\/p>\n<h2 style=\"text-align: center;\">selbst <span style=\"color: #0000ff;\">gerne segeln<\/span> aber <span style=\"color: #0000ff;\">kein eigenes Boot <\/span>besitzen<\/h2>\n<p style=\"text-align: center;\"><strong>Bitte beachten! Wenn Sie auf eine Annonce antworten wollen, dann bitte NICHT \u00fcber den Button &#8222;antworten&#8220; sondern immer direkt an den Verfasser gem\u00e4\u00df dessen Angaben.<\/strong><\/p>\n","protected":false},"excerpt":{"rendered":"<p>Diese Seite stellen wir allen Segelbegeisterten zur Verf\u00fcgung die entweder als Bootseigner ein Crewmitglied suchen oder aber selbst gerne segeln aber kein eigenes Boot besitzen Bitte beachten! Wenn Sie auf eine Annonce antworten wollen, dann bitte NICHT \u00fcber den Button &#8222;antworten&#8220; sondern immer direkt an den Verfasser gem\u00e4\u00df dessen Angaben.<\/p>\n","protected":false},"author":2,"featured_media":0,"parent":768,"menu_order":0,"comment_status":"open","ping_status":"closed","template":"","meta":{"_acf_changed":false,"footnotes":""},"class_list":["post-17","page","type-page","status-publish","hentry"],"acf":[],"yoast_head":"<!-- This site is optimized with the Yoast SEO plugin v27.6 - https:\/\/yoast.com\/product\/yoast-seo-wordpress\/ -->\n<title>Crewb\u00f6rse Ammersee - Mitsegler gesucht<\/title>\n<meta name=\"description\" content=\"Tragen Sie sich hier als begeisterter Segler ein und finden Sie einen netten Bootseigner am Ammersee bei dem Sie liebend gerne mitsegeln k\u00f6nnen\" \/>\n<meta name=\"robots\" content=\"index, follow, max-snippet:-1, max-image-preview:large, max-video-preview:-1\" \/>\n<link rel=\"canonical\" href=\"https:\/\/www.bauer-hans.de\/scll\/hom\/crewborse\/\" \/>\n<script type=\"application\/ld+json\" class=\"yoast-schema-graph\">{\"@context\":\"https:\\\/\\\/schema.org\",\"@graph\":[{\"@type\":\"WebPage\",\"@id\":\"https:\\\/\\\/www.bauer-hans.de\\\/scll\\\/hom\\\/crewborse\\\/\",\"url\":\"https:\\\/\\\/www.bauer-hans.de\\\/scll\\\/hom\\\/crewborse\\\/\",\"name\":\"Crewb\u00f6rse Ammersee - Mitsegler gesucht\",\"isPartOf\":{\"@id\":\"https:\\\/\\\/www.bauer-hans.de\\\/scll\\\/#website\"},\"primaryImageOfPage\":{\"@id\":\"https:\\\/\\\/www.bauer-hans.de\\\/scll\\\/hom\\\/crewborse\\\/#primaryimage\"},\"image\":{\"@id\":\"https:\\\/\\\/www.bauer-hans.de\\\/scll\\\/hom\\\/crewborse\\\/#primaryimage\"},\"thumbnailUrl\":\"https:\\\/\\\/www.bauer-hans.de\\\/scll\\\/wp-content\\\/uploads\\\/sites\\\/12\\\/2010\\\/11\\\/segeln2-300x198.jpg\",\"datePublished\":\"2010-11-16T20:05:32+00:00\",\"dateModified\":\"2018-06-11T16:29:13+00:00\",\"description\":\"Tragen Sie sich hier als begeisterter Segler ein und finden Sie einen netten Bootseigner am Ammersee bei dem Sie liebend gerne mitsegeln k\u00f6nnen\",\"breadcrumb\":{\"@id\":\"https:\\\/\\\/www.bauer-hans.de\\\/scll\\\/hom\\\/crewborse\\\/#breadcrumb\"},\"inLanguage\":\"de\",\"potentialAction\":[{\"@type\":\"ReadAction\",\"target\":[\"https:\\\/\\\/www.bauer-hans.de\\\/scll\\\/hom\\\/crewborse\\\/\"]}]},{\"@type\":\"ImageObject\",\"inLanguage\":\"de\",\"@id\":\"https:\\\/\\\/www.bauer-hans.de\\\/scll\\\/hom\\\/crewborse\\\/#primaryimage\",\"url\":\"https:\\\/\\\/www.bauer-hans.de\\\/scll\\\/wp-content\\\/uploads\\\/sites\\\/12\\\/2010\\\/11\\\/segeln2.jpg\",\"contentUrl\":\"https:\\\/\\\/www.bauer-hans.de\\\/scll\\\/wp-content\\\/uploads\\\/sites\\\/12\\\/2010\\\/11\\\/segeln2.jpg\",\"width\":500,\"height\":331},{\"@type\":\"BreadcrumbList\",\"@id\":\"https:\\\/\\\/www.bauer-hans.de\\\/scll\\\/hom\\\/crewborse\\\/#breadcrumb\",\"itemListElement\":[{\"@type\":\"ListItem\",\"position\":1,\"name\":\"Startseite\",\"item\":\"https:\\\/\\\/www.bauer-hans.de\\\/scll\\\/\"},{\"@type\":\"ListItem\",\"position\":2,\"name\":\"home\",\"item\":\"https:\\\/\\\/www.bauer-hans.de\\\/scll\\\/hom\\\/\"},{\"@type\":\"ListItem\",\"position\":3,\"name\":\"Crewb\u00f6rse\"}]},{\"@type\":\"WebSite\",\"@id\":\"https:\\\/\\\/www.bauer-hans.de\\\/scll\\\/#website\",\"url\":\"https:\\\/\\\/www.bauer-hans.de\\\/scll\\\/\",\"name\":\"Segelclub Landsberg am Ammersee\",\"description\":\"SCLL der Segelclub am S\u00fcd-West-Ufer des Ammersees\",\"potentialAction\":[{\"@type\":\"SearchAction\",\"target\":{\"@type\":\"EntryPoint\",\"urlTemplate\":\"https:\\\/\\\/www.bauer-hans.de\\\/scll\\\/?s={search_term_string}\"},\"query-input\":{\"@type\":\"PropertyValueSpecification\",\"valueRequired\":true,\"valueName\":\"search_term_string\"}}],\"inLanguage\":\"de\"}]}<\/script>\n<!-- \/ Yoast SEO plugin. -->","yoast_head_json":{"title":"Crewb\u00f6rse Ammersee - Mitsegler gesucht","description":"Tragen Sie sich hier als begeisterter Segler ein und finden Sie einen netten Bootseigner am Ammersee bei dem Sie liebend gerne mitsegeln k\u00f6nnen","robots":{"index":"index","follow":"follow","max-snippet":"max-snippet:-1","max-image-preview":"max-image-preview:large","max-video-preview":"max-video-preview:-1"},"canonical":"https:\/\/www.bauer-hans.de\/scll\/hom\/crewborse\/","schema":{"@context":"https:\/\/schema.org","@graph":[{"@type":"WebPage","@id":"https:\/\/www.bauer-hans.de\/scll\/hom\/crewborse\/","url":"https:\/\/www.bauer-hans.de\/scll\/hom\/crewborse\/","name":"Crewb\u00f6rse Ammersee - Mitsegler gesucht","isPartOf":{"@id":"https:\/\/www.bauer-hans.de\/scll\/#website"},"primaryImageOfPage":{"@id":"https:\/\/www.bauer-hans.de\/scll\/hom\/crewborse\/#primaryimage"},"image":{"@id":"https:\/\/www.bauer-hans.de\/scll\/hom\/crewborse\/#primaryimage"},"thumbnailUrl":"https:\/\/www.bauer-hans.de\/scll\/wp-content\/uploads\/sites\/12\/2010\/11\/segeln2-300x198.jpg","datePublished":"2010-11-16T20:05:32+00:00","dateModified":"2018-06-11T16:29:13+00:00","description":"Tragen Sie sich hier als begeisterter Segler ein und finden Sie einen netten Bootseigner am Ammersee bei dem Sie liebend gerne mitsegeln k\u00f6nnen","breadcrumb":{"@id":"https:\/\/www.bauer-hans.de\/scll\/hom\/crewborse\/#breadcrumb"},"inLanguage":"de","potentialAction":[{"@type":"ReadAction","target":["https:\/\/www.bauer-hans.de\/scll\/hom\/crewborse\/"]}]},{"@type":"ImageObject","inLanguage":"de","@id":"https:\/\/www.bauer-hans.de\/scll\/hom\/crewborse\/#primaryimage","url":"https:\/\/www.bauer-hans.de\/scll\/wp-content\/uploads\/sites\/12\/2010\/11\/segeln2.jpg","contentUrl":"https:\/\/www.bauer-hans.de\/scll\/wp-content\/uploads\/sites\/12\/2010\/11\/segeln2.jpg","width":500,"height":331},{"@type":"BreadcrumbList","@id":"https:\/\/www.bauer-hans.de\/scll\/hom\/crewborse\/#breadcrumb","itemListElement":[{"@type":"ListItem","position":1,"name":"Startseite","item":"https:\/\/www.bauer-hans.de\/scll\/"},{"@type":"ListItem","position":2,"name":"home","item":"https:\/\/www.bauer-hans.de\/scll\/hom\/"},{"@type":"ListItem","position":3,"name":"Crewb\u00f6rse"}]},{"@type":"WebSite","@id":"https:\/\/www.bauer-hans.de\/scll\/#website","url":"https:\/\/www.bauer-hans.de\/scll\/","name":"Segelclub Landsberg am Ammersee","description":"SCLL der Segelclub am S\u00fcd-West-Ufer des Ammersees","potentialAction":[{"@type":"SearchAction","target":{"@type":"EntryPoint","urlTemplate":"https:\/\/www.bauer-hans.de\/scll\/?s={search_term_string}"},"query-input":{"@type":"PropertyValueSpecification","valueRequired":true,"valueName":"search_term_string"}}],"inLanguage":"de"}]}},"_links":{"self":[{"href":"https:\/\/www.bauer-hans.de\/scll\/wp-json\/wp\/v2\/pages\/17","targetHints":{"allow":["GET"]}}],"collection":[{"href":"https:\/\/www.bauer-hans.de\/scll\/wp-json\/wp\/v2\/pages"}],"about":[{"href":"https:\/\/www.bauer-hans.de\/scll\/wp-json\/wp\/v2\/types\/page"}],"author":[{"embeddable":true,"href":"https:\/\/www.bauer-hans.de\/scll\/wp-json\/wp\/v2\/users\/2"}],"replies":[{"embeddable":true,"href":"https:\/\/www.bauer-hans.de\/scll\/wp-json\/wp\/v2\/comments?post=17"}],"version-history":[{"count":3,"href":"https:\/\/www.bauer-hans.de\/scll\/wp-json\/wp\/v2\/pages\/17\/revisions"}],"predecessor-version":[{"id":1776,"href":"https:\/\/www.bauer-hans.de\/scll\/wp-json\/wp\/v2\/pages\/17\/revisions\/1776"}],"up":[{"embeddable":true,"href":"https:\/\/www.bauer-hans.de\/scll\/wp-json\/wp\/v2\/pages\/768"}],"wp:attachment":[{"href":"https:\/\/www.bauer-hans.de\/scll\/wp-json\/wp\/v2\/media?parent=17"}],"curies":[{"name":"wp","href":"https:\/\/api.w.org\/{rel}","templated":true}]}}