{"id":21,"date":"2010-11-16T20:07:38","date_gmt":"2010-11-16T20:07:38","guid":{"rendered":"http:\/\/www.scll.de\/"},"modified":"2018-09-06T17:32:37","modified_gmt":"2018-09-06T15:32:37","slug":"links","status":"publish","type":"page","link":"https:\/\/www.bauer-hans.de\/scll\/links\/","title":{"rendered":"Links"},"content":{"rendered":"<p>F\u00fcr all diese Links gilt: \u201cWir m\u00f6chten ausdr\u00fccklich betonen, dass wir keinerlei Einflu\u00df auf die Gestaltung und die Inhalte der hier verlinkten Seiten haben. Deshalb distanzieren wir uns hiermit ausdr\u00fccklich von allen Inhalten aller verlinkten Seiten auf dieser gesamten Website inkl. alle Unterseiten. Diese Erkl\u00e4rung gilt f\u00fcr alle auf unserer Homepage ausgebrachten Links und f\u00fcr alle Inhalte der Seiten, zu denen Links oder Banner f\u00fchren.\u201d<\/p>\n<p><a href=\"https:\/\/www.hnd.bayern.de\/pegel\/isar\/stegen-16602008?days=157\" target=\"_blank\" rel=\"noopener\">Aktueller Wasserstand Ammersee<\/a><\/p>\n<h2>Hier Links zu Segelclubs am Ammersee:<\/h2>\n<ul>\n<li><a href=\"http:\/\/www.asvim.de\" target=\"_blank\" rel=\"noopener\">Akademischer Seglerverein in M\u00fcnchen<\/a><\/li>\n<li><a href=\"http:\/\/asc-utting.de\/\" target=\"_blank\" rel=\"noopener\">Augsburger Segler-Club e.V. Utting<\/a><\/li>\n<li><a href=\"http:\/\/www.bsv-ammersee.com\" target=\"_blank\" rel=\"noopener\">Bayrische Seglervereinigung Ammersee<\/a><\/li>\n<li><a href=\"http:\/\/www.esc-eching.de\/\" target=\"_blank\" rel=\"noopener\">Echinger Segelclub<\/a><\/li>\n<li><a href=\"http:\/\/www.herrschinger-segelclub.de\/\" target=\"_blank\" rel=\"noopener\">Herrschinger Segelclub<\/a><\/li>\n<li><a href=\"http:\/\/www.segelclub-fischen.de\/\" target=\"_blank\" rel=\"noopener\">Segelclub Fischen<\/a><\/li>\n<li><a href=\"http:\/\/www.rmd-sc.de\" target=\"_blank\" rel=\"noopener\">RMD SC Herrsching<\/a><\/li>\n<li><a href=\"http:\/\/www.nca-herrsching.de\" target=\"_blank\" rel=\"noopener\">NCA &#8211; Nautic Club Ammersee<\/a><\/li>\n<li><a href=\"http:\/\/www.scr-wassersport.de\" target=\"_blank\" rel=\"noopener\">SC Riederau<\/a><\/li>\n<li><a href=\"http:\/\/www.scia-ammersee.de\" target=\"_blank\" rel=\"noopener\">Segelclub Inning<\/a><\/li>\n<li><a href=\"http:\/\/www.sga-online.de\" target=\"_blank\" rel=\"noopener\">Segelgemeinschaft Augsburg e.V.<\/a><\/li>\n<li><a href=\"http:\/\/www.s-g-u.de\/\" target=\"_blank\" rel=\"noopener\">Segler Gemeinschaft Utting<\/a><\/li>\n<li><a href=\"http:\/\/www.scia-ammersee.de\" target=\"_blank\" rel=\"noopener\">Segelclub Inning am Ammersee e.V.<\/a><\/li>\n<li><a href=\"http:\/\/www.segelverein-weissblau.de\" target=\"_blank\" rel=\"noopener\">Segelverein Wei\u00df Blau Die\u00dfen<\/a><\/li>\n<li><a href=\"http:\/\/www.usca.de\" target=\"_blank\" rel=\"noopener\">Uttinger Segler-Club<\/a><\/li>\n<li><a href=\"http:\/\/www.tsvu.org\" target=\"_blank\" rel=\"noopener\">TSV Utting Wassersport<\/a><\/li>\n<\/ul>\n<h2>Links zu Seiten betreffend Segelsport allgemein<\/h2>\n<ul>\n<li><a href=\"http:\/\/www.finckh.org\/\" target=\"_blank\" rel=\"noopener\">Beherrschen Sie die Regatta Regeln?<\/a><\/li>\n<li><a href=\"http:\/\/www.bayernsail.de\/\" target=\"_blank\" rel=\"noopener\">Bayerischer Seglerverband e.V.<\/a><\/li>\n<li><a href=\"http:\/\/www.esys.org\/\" target=\"_blank\" rel=\"noopener\">Europ\u00e4isches Segel-Informationssystem<\/a><\/li>\n<li><a href=\"http:\/\/www.segelnetz.de\" target=\"_blank\" rel=\"noopener\">Segelnetz<\/a><\/li>\n<li><a href=\"http:\/\/www.delius-klasing.de\/themen\/wassersport\" target=\"_blank\" rel=\"noopener\">YACHT Online<\/a><\/li>\n<li><a href=\"http:\/\/www.segeljournal.com\/\" target=\"_blank\" rel=\"noopener\">segel JOURNAL<\/a><\/li>\n<li><a href=\"http:\/\/www.yacht.de\/\" target=\"_blank\" rel=\"noopener\">Yacht<\/a><\/li>\n<li><a href=\"http:\/\/www.palstek.de\/\" target=\"_blank\" rel=\"noopener\">Palstek<\/a><\/li>\n<li><a href=\"http:\/\/www.segeln-magazin.de\/\" target=\"_blank\" rel=\"noopener\">segeln<\/a><\/li>\n<li><a href=\"http:\/\/www.sailingeurope.com\/\" target=\"_blank\" rel=\"noopener\">sailingeurope<\/a><\/li>\n<\/ul>\n","protected":false},"excerpt":{"rendered":"<p>F\u00fcr all diese Links gilt: \u201cWir m\u00f6chten ausdr\u00fccklich betonen, dass wir keinerlei Einflu\u00df auf die Gestaltung und die Inhalte der hier verlinkten Seiten haben. Deshalb distanzieren wir uns hiermit ausdr\u00fccklich von allen Inhalten aller verlinkten Seiten auf dieser gesamten Website inkl. alle Unterseiten. Diese Erkl\u00e4rung gilt f\u00fcr alle auf unserer Homepage ausgebrachten Links und f\u00fcr [&hellip;]<\/p>\n","protected":false},"author":2,"featured_media":0,"parent":0,"menu_order":0,"comment_status":"closed","ping_status":"closed","template":"","meta":{"_acf_changed":false,"footnotes":""},"class_list":["post-21","page","type-page","status-publish","hentry"],"acf":[],"yoast_head":"<!-- This site is optimized with the Yoast SEO plugin v27.6 - https:\/\/yoast.com\/product\/yoast-seo-wordpress\/ -->\n<title>Links - Segelclub Landsberg am Ammersee<\/title>\n<meta name=\"robots\" content=\"index, follow, max-snippet:-1, max-image-preview:large, max-video-preview:-1\" \/>\n<link rel=\"canonical\" href=\"https:\/\/www.bauer-hans.de\/scll\/links\/\" \/>\n<meta name=\"twitter:label1\" content=\"Gesch\u00e4tzte Lesezeit\" \/>\n\t<meta name=\"twitter:data1\" content=\"1\u00a0Minute\" \/>\n<script type=\"application\/ld+json\" class=\"yoast-schema-graph\">{\"@context\":\"https:\\\/\\\/schema.org\",\"@graph\":[{\"@type\":\"WebPage\",\"@id\":\"https:\\\/\\\/www.bauer-hans.de\\\/scll\\\/links\\\/\",\"url\":\"https:\\\/\\\/www.bauer-hans.de\\\/scll\\\/links\\\/\",\"name\":\"Links - Segelclub Landsberg am Ammersee\",\"isPartOf\":{\"@id\":\"https:\\\/\\\/www.bauer-hans.de\\\/scll\\\/#website\"},\"datePublished\":\"2010-11-16T20:07:38+00:00\",\"dateModified\":\"2018-09-06T15:32:37+00:00\",\"breadcrumb\":{\"@id\":\"https:\\\/\\\/www.bauer-hans.de\\\/scll\\\/links\\\/#breadcrumb\"},\"inLanguage\":\"de\",\"potentialAction\":[{\"@type\":\"ReadAction\",\"target\":[\"https:\\\/\\\/www.bauer-hans.de\\\/scll\\\/links\\\/\"]}]},{\"@type\":\"BreadcrumbList\",\"@id\":\"https:\\\/\\\/www.bauer-hans.de\\\/scll\\\/links\\\/#breadcrumb\",\"itemListElement\":[{\"@type\":\"ListItem\",\"position\":1,\"name\":\"Startseite\",\"item\":\"https:\\\/\\\/www.bauer-hans.de\\\/scll\\\/\"},{\"@type\":\"ListItem\",\"position\":2,\"name\":\"Links\"}]},{\"@type\":\"WebSite\",\"@id\":\"https:\\\/\\\/www.bauer-hans.de\\\/scll\\\/#website\",\"url\":\"https:\\\/\\\/www.bauer-hans.de\\\/scll\\\/\",\"name\":\"Segelclub Landsberg am Ammersee\",\"description\":\"SCLL der Segelclub am S\u00fcd-West-Ufer des Ammersees\",\"potentialAction\":[{\"@type\":\"SearchAction\",\"target\":{\"@type\":\"EntryPoint\",\"urlTemplate\":\"https:\\\/\\\/www.bauer-hans.de\\\/scll\\\/?s={search_term_string}\"},\"query-input\":{\"@type\":\"PropertyValueSpecification\",\"valueRequired\":true,\"valueName\":\"search_term_string\"}}],\"inLanguage\":\"de\"}]}<\/script>\n<!-- \/ Yoast SEO plugin. -->","yoast_head_json":{"title":"Links - Segelclub Landsberg am Ammersee","robots":{"index":"index","follow":"follow","max-snippet":"max-snippet:-1","max-image-preview":"max-image-preview:large","max-video-preview":"max-video-preview:-1"},"canonical":"https:\/\/www.bauer-hans.de\/scll\/links\/","twitter_misc":{"Gesch\u00e4tzte Lesezeit":"1\u00a0Minute"},"schema":{"@context":"https:\/\/schema.org","@graph":[{"@type":"WebPage","@id":"https:\/\/www.bauer-hans.de\/scll\/links\/","url":"https:\/\/www.bauer-hans.de\/scll\/links\/","name":"Links - Segelclub Landsberg am Ammersee","isPartOf":{"@id":"https:\/\/www.bauer-hans.de\/scll\/#website"},"datePublished":"2010-11-16T20:07:38+00:00","dateModified":"2018-09-06T15:32:37+00:00","breadcrumb":{"@id":"https:\/\/www.bauer-hans.de\/scll\/links\/#breadcrumb"},"inLanguage":"de","potentialAction":[{"@type":"ReadAction","target":["https:\/\/www.bauer-hans.de\/scll\/links\/"]}]},{"@type":"BreadcrumbList","@id":"https:\/\/www.bauer-hans.de\/scll\/links\/#breadcrumb","itemListElement":[{"@type":"ListItem","position":1,"name":"Startseite","item":"https:\/\/www.bauer-hans.de\/scll\/"},{"@type":"ListItem","position":2,"name":"Links"}]},{"@type":"WebSite","@id":"https:\/\/www.bauer-hans.de\/scll\/#website","url":"https:\/\/www.bauer-hans.de\/scll\/","name":"Segelclub Landsberg am Ammersee","description":"SCLL der Segelclub am S\u00fcd-West-Ufer des Ammersees","potentialAction":[{"@type":"SearchAction","target":{"@type":"EntryPoint","urlTemplate":"https:\/\/www.bauer-hans.de\/scll\/?s={search_term_string}"},"query-input":{"@type":"PropertyValueSpecification","valueRequired":true,"valueName":"search_term_string"}}],"inLanguage":"de"}]}},"_links":{"self":[{"href":"https:\/\/www.bauer-hans.de\/scll\/wp-json\/wp\/v2\/pages\/21","targetHints":{"allow":["GET"]}}],"collection":[{"href":"https:\/\/www.bauer-hans.de\/scll\/wp-json\/wp\/v2\/pages"}],"about":[{"href":"https:\/\/www.bauer-hans.de\/scll\/wp-json\/wp\/v2\/types\/page"}],"author":[{"embeddable":true,"href":"https:\/\/www.bauer-hans.de\/scll\/wp-json\/wp\/v2\/users\/2"}],"replies":[{"embeddable":true,"href":"https:\/\/www.bauer-hans.de\/scll\/wp-json\/wp\/v2\/comments?post=21"}],"version-history":[{"count":5,"href":"https:\/\/www.bauer-hans.de\/scll\/wp-json\/wp\/v2\/pages\/21\/revisions"}],"predecessor-version":[{"id":1875,"href":"https:\/\/www.bauer-hans.de\/scll\/wp-json\/wp\/v2\/pages\/21\/revisions\/1875"}],"wp:attachment":[{"href":"https:\/\/www.bauer-hans.de\/scll\/wp-json\/wp\/v2\/media?parent=21"}],"curies":[{"name":"wp","href":"https:\/\/api.w.org\/{rel}","templated":true}]}}