{"id":49,"date":"2010-11-16T20:27:33","date_gmt":"2010-11-16T20:27:33","guid":{"rendered":"http:\/\/www.scll.de\/"},"modified":"2016-11-27T14:39:46","modified_gmt":"2016-11-27T12:39:46","slug":"jugend-scll","status":"publish","type":"page","link":"https:\/\/www.bauer-hans.de\/scll\/jugend-scll\/","title":{"rendered":"Jugend"},"content":{"rendered":"<p>Schon bald nach der Clubgr\u00fcndung engagierte sich Edmund Kamm als lizenzierter \u00dcbungsleiter f\u00fcr den Aufbau der Jugendabteilung. F\u00fcr diesen Zweck stand zu Beginn ein Pirat und ein offenes Kielboot zur Verf\u00fcgung. Zwei Optimisten wurden neu angeschafft, die noch heute ihren Dienst tun. Im April 1974 begann schlie\u00dflich Edi Kamm unter Mithilfe von Lydia Mittermayer mit sechs Kindern den \u00dcbungsbetrieb.<\/p>\n<p>In den 90er Jahren f\u00fchrte Bernd M\u00fcller-Hahl \u00fcber 9 Jahre die Seglerjugend an den Sport heran. Etwa 12 Jugendliche waren mit Ihren Optis und 420ern auf vielen Regatten am Starnberger-, Pilsen- und Ammersee aktiv. H\u00f6hepunkte waren jedes Jahr die Teilnahmen an den Jugendwochen beim Echinger Segelclub und die Bayerische Jugendwoche im Bayer.Yachtclub in Starnberg. Michi Ripke, Armin Hoffmann und Erich Westermeier schulten in den folgenden Jahren den Segel-Nachwuchs.<\/p>\n<p>Ab 2007 \u00fcbernahm Christian Ramoser die Jugendarbeit und baute, basierend auf den bereits gelegten Grundstein die heutige, umfangreiche Jugendarbeit auf. In seiner Zeit wurden 6 weitere Optis (der Spitzenklasse) angeschafft und diese als sog. Paten-Optis den ambitionierten Jugendseglern zu Verf\u00fcgung gestellt.<\/p>\n<p>Seit 2010 leitet Matthias Luber die Jugendabteilung und f\u00fchrt diese ausgezeichnete Jugendarbeit konsequent fort. Zur Zeit sind rund 56 Jugendmitglieder aktiv, die sich in ca. 4 verschiedene Trainingsgruppen aufteilen. Unterst\u00fctzt wird Matthias Luber durch Christian Ramoser der sich um die Opti-Gruppe, sowie durch Jens Spitzer der sich um die Jollen-Gruppe k\u00fcmmert. Neben zahlreichen Veranstaltungen (Trainingstagen, Jugendwoche, Segelt\u00f6rn, Ausbildung zu Segelscheinen) hat die Jugend zum ersten Mal 2014 eine Regatta f\u00fcr die Erwachsenen veranstaltet. Diese vereinsinterne Regatta fand so starken Zuspruch, dass sie nun ein fester Bestandteil des Regattakalenders des SCLL geworden ist und j\u00e4hrlich zum Stegfest stattfindet.<\/p>\n<p>Der wachsenden Teilnehmerzahl bzw. dem Alter der Jugendlichen entsprechend wurde auch unsere Flotte vergr\u00f6\u00dfert und den seglerischen Anspr\u00fcchen angepa\u00dft.<\/p>\n<p>Besonders erfreulich ist dabei, dass sich ehemalige Jugendmitglieder in der Jugendarbeit als Trainer und Betreuer engagieren.<\/p>\n<p>Das Ziel des SCLL ist es den Kindern und Jugendlichen nicht nur \u201eK\u00f6nnen\u201c, sondern vor allen Dingen auch \u201eFreude\u201c am Segelsport zu vermitteln.<\/p>\n<h3><strong>Unser Club legt gr\u00f6ssten Wert auf eine gute und konstruktive Jugendf\u00f6rderung.<\/strong><\/h3>\n<h4>F\u00fcr alle Fragen hierzu ist unser Spartenleiter, <a href=\"mailto: Jugendwart@SCLL.de\" target=\"_blank\">Jens Spitzer<\/a>, Ihr kompetenter Ansprechpartner.<\/h4>\n<p>&nbsp;<\/p>\n<hr \/>\n<h2><\/h2>\n","protected":false},"excerpt":{"rendered":"<p>Schon bald nach der Clubgr\u00fcndung engagierte sich Edmund Kamm als lizenzierter \u00dcbungsleiter f\u00fcr den Aufbau der Jugendabteilung. F\u00fcr diesen Zweck stand zu Beginn ein Pirat und ein offenes Kielboot zur Verf\u00fcgung. Zwei Optimisten wurden neu angeschafft, die noch heute ihren Dienst tun. Im April 1974 begann schlie\u00dflich Edi Kamm unter Mithilfe von Lydia Mittermayer mit [&hellip;]<\/p>\n","protected":false},"author":2,"featured_media":0,"parent":0,"menu_order":0,"comment_status":"closed","ping_status":"closed","template":"","meta":{"_acf_changed":false,"footnotes":""},"class_list":["post-49","page","type-page","status-publish","hentry"],"acf":[],"yoast_head":"<!-- This site is optimized with the Yoast SEO plugin v27.5 - https:\/\/yoast.com\/product\/yoast-seo-wordpress\/ -->\n<title>Jugendseiten des Segelclub Landsberg<\/title>\n<meta name=\"description\" content=\"Jugend segelt am Ammersee: Hier zahlreiche Infos derJugendabteilung des SCLL mit aktuellen Terminen auch Berichten von verschiedenen T\u00f6rns und vieles mehr\" \/>\n<meta name=\"robots\" content=\"index, follow, max-snippet:-1, max-image-preview:large, max-video-preview:-1\" \/>\n<link rel=\"canonical\" href=\"https:\/\/www.bauer-hans.de\/scll\/jugend-scll\/\" \/>\n<meta name=\"twitter:label1\" content=\"Gesch\u00e4tzte Lesezeit\" \/>\n\t<meta name=\"twitter:data1\" content=\"2\u00a0Minuten\" \/>\n<script type=\"application\/ld+json\" class=\"yoast-schema-graph\">{\"@context\":\"https:\\\/\\\/schema.org\",\"@graph\":[{\"@type\":\"WebPage\",\"@id\":\"https:\\\/\\\/www.bauer-hans.de\\\/scll\\\/jugend-scll\\\/\",\"url\":\"https:\\\/\\\/www.bauer-hans.de\\\/scll\\\/jugend-scll\\\/\",\"name\":\"Jugendseiten des Segelclub Landsberg\",\"isPartOf\":{\"@id\":\"https:\\\/\\\/www.bauer-hans.de\\\/scll\\\/#website\"},\"datePublished\":\"2010-11-16T20:27:33+00:00\",\"dateModified\":\"2016-11-27T12:39:46+00:00\",\"description\":\"Jugend segelt am Ammersee: Hier zahlreiche Infos derJugendabteilung des SCLL mit aktuellen Terminen auch Berichten von verschiedenen T\u00f6rns und vieles mehr\",\"breadcrumb\":{\"@id\":\"https:\\\/\\\/www.bauer-hans.de\\\/scll\\\/jugend-scll\\\/#breadcrumb\"},\"inLanguage\":\"de\",\"potentialAction\":[{\"@type\":\"ReadAction\",\"target\":[\"https:\\\/\\\/www.bauer-hans.de\\\/scll\\\/jugend-scll\\\/\"]}]},{\"@type\":\"BreadcrumbList\",\"@id\":\"https:\\\/\\\/www.bauer-hans.de\\\/scll\\\/jugend-scll\\\/#breadcrumb\",\"itemListElement\":[{\"@type\":\"ListItem\",\"position\":1,\"name\":\"Startseite\",\"item\":\"https:\\\/\\\/www.bauer-hans.de\\\/scll\\\/\"},{\"@type\":\"ListItem\",\"position\":2,\"name\":\"Jugend\"}]},{\"@type\":\"WebSite\",\"@id\":\"https:\\\/\\\/www.bauer-hans.de\\\/scll\\\/#website\",\"url\":\"https:\\\/\\\/www.bauer-hans.de\\\/scll\\\/\",\"name\":\"Segelclub Landsberg am Ammersee\",\"description\":\"SCLL der Segelclub am S\u00fcd-West-Ufer des Ammersees\",\"potentialAction\":[{\"@type\":\"SearchAction\",\"target\":{\"@type\":\"EntryPoint\",\"urlTemplate\":\"https:\\\/\\\/www.bauer-hans.de\\\/scll\\\/?s={search_term_string}\"},\"query-input\":{\"@type\":\"PropertyValueSpecification\",\"valueRequired\":true,\"valueName\":\"search_term_string\"}}],\"inLanguage\":\"de\"}]}<\/script>\n<!-- \/ Yoast SEO plugin. -->","yoast_head_json":{"title":"Jugendseiten des Segelclub Landsberg","description":"Jugend segelt am Ammersee: Hier zahlreiche Infos derJugendabteilung des SCLL mit aktuellen Terminen auch Berichten von verschiedenen T\u00f6rns und vieles mehr","robots":{"index":"index","follow":"follow","max-snippet":"max-snippet:-1","max-image-preview":"max-image-preview:large","max-video-preview":"max-video-preview:-1"},"canonical":"https:\/\/www.bauer-hans.de\/scll\/jugend-scll\/","twitter_misc":{"Gesch\u00e4tzte Lesezeit":"2\u00a0Minuten"},"schema":{"@context":"https:\/\/schema.org","@graph":[{"@type":"WebPage","@id":"https:\/\/www.bauer-hans.de\/scll\/jugend-scll\/","url":"https:\/\/www.bauer-hans.de\/scll\/jugend-scll\/","name":"Jugendseiten des Segelclub Landsberg","isPartOf":{"@id":"https:\/\/www.bauer-hans.de\/scll\/#website"},"datePublished":"2010-11-16T20:27:33+00:00","dateModified":"2016-11-27T12:39:46+00:00","description":"Jugend segelt am Ammersee: Hier zahlreiche Infos derJugendabteilung des SCLL mit aktuellen Terminen auch Berichten von verschiedenen T\u00f6rns und vieles mehr","breadcrumb":{"@id":"https:\/\/www.bauer-hans.de\/scll\/jugend-scll\/#breadcrumb"},"inLanguage":"de","potentialAction":[{"@type":"ReadAction","target":["https:\/\/www.bauer-hans.de\/scll\/jugend-scll\/"]}]},{"@type":"BreadcrumbList","@id":"https:\/\/www.bauer-hans.de\/scll\/jugend-scll\/#breadcrumb","itemListElement":[{"@type":"ListItem","position":1,"name":"Startseite","item":"https:\/\/www.bauer-hans.de\/scll\/"},{"@type":"ListItem","position":2,"name":"Jugend"}]},{"@type":"WebSite","@id":"https:\/\/www.bauer-hans.de\/scll\/#website","url":"https:\/\/www.bauer-hans.de\/scll\/","name":"Segelclub Landsberg am Ammersee","description":"SCLL der Segelclub am S\u00fcd-West-Ufer des Ammersees","potentialAction":[{"@type":"SearchAction","target":{"@type":"EntryPoint","urlTemplate":"https:\/\/www.bauer-hans.de\/scll\/?s={search_term_string}"},"query-input":{"@type":"PropertyValueSpecification","valueRequired":true,"valueName":"search_term_string"}}],"inLanguage":"de"}]}},"_links":{"self":[{"href":"https:\/\/www.bauer-hans.de\/scll\/wp-json\/wp\/v2\/pages\/49","targetHints":{"allow":["GET"]}}],"collection":[{"href":"https:\/\/www.bauer-hans.de\/scll\/wp-json\/wp\/v2\/pages"}],"about":[{"href":"https:\/\/www.bauer-hans.de\/scll\/wp-json\/wp\/v2\/types\/page"}],"author":[{"embeddable":true,"href":"https:\/\/www.bauer-hans.de\/scll\/wp-json\/wp\/v2\/users\/2"}],"replies":[{"embeddable":true,"href":"https:\/\/www.bauer-hans.de\/scll\/wp-json\/wp\/v2\/comments?post=49"}],"version-history":[{"count":22,"href":"https:\/\/www.bauer-hans.de\/scll\/wp-json\/wp\/v2\/pages\/49\/revisions"}],"predecessor-version":[{"id":1446,"href":"https:\/\/www.bauer-hans.de\/scll\/wp-json\/wp\/v2\/pages\/49\/revisions\/1446"}],"wp:attachment":[{"href":"https:\/\/www.bauer-hans.de\/scll\/wp-json\/wp\/v2\/media?parent=49"}],"curies":[{"name":"wp","href":"https:\/\/api.w.org\/{rel}","templated":true}]}}

<p>Schon bald nach der Clubgründung engagierte sich Edmund Kamm als lizenzierter Übungsleiter für den Aufbau der Jugendabteilung. Für diesen Zweck stand zu Beginn ein Pirat und ein offenes Kielboot zur Verfügung. Zwei Optimisten wurden neu angeschafft, die noch heute ihren Dienst tun. Im April 1974 begann schließlich Edi Kamm unter Mithilfe von Lydia Mittermayer mit sechs Kindern den Übungsbetrieb.</p>
<p>In den 90er Jahren führte Bernd Müller-Hahl über 9 Jahre die Seglerjugend an den Sport heran. Etwa 12 Jugendliche waren mit Ihren Optis und 420ern auf vielen Regatten am Starnberger-, Pilsen- und Ammersee aktiv. Höhepunkte waren jedes Jahr die Teilnahmen an den Jugendwochen beim Echinger Segelclub und die Bayerische Jugendwoche im Bayer.Yachtclub in Starnberg. Michi Ripke, Armin Hoffmann und Erich Westermeier schulten in den folgenden Jahren den Segel-Nachwuchs.</p>
<p>Ab 2007 übernahm Christian Ramoser die Jugendarbeit und baute, basierend auf den bereits gelegten Grundstein die heutige, umfangreiche Jugendarbeit auf. In seiner Zeit wurden 6 weitere Optis (der Spitzenklasse) angeschafft und diese als sog. Paten-Optis den ambitionierten Jugendseglern zu Verfügung gestellt.</p>
<p>Seit 2010 leitet Matthias Luber die Jugendabteilung und führt diese ausgezeichnete Jugendarbeit konsequent fort. Zur Zeit sind rund 56 Jugendmitglieder aktiv, die sich in ca. 4 verschiedene Trainingsgruppen aufteilen. Unterstützt wird Matthias Luber durch Christian Ramoser der sich um die Opti-Gruppe, sowie durch Jens Spitzer der sich um die Jollen-Gruppe kümmert. Neben zahlreichen Veranstaltungen (Trainingstagen, Jugendwoche, Segeltörn, Ausbildung zu Segelscheinen) hat die Jugend zum ersten Mal 2014 eine Regatta für die Erwachsenen veranstaltet. Diese vereinsinterne Regatta fand so starken Zuspruch, dass sie nun ein fester Bestandteil des Regattakalenders des SCLL geworden ist und jährlich zum Stegfest stattfindet.</p>
<p>Der wachsenden Teilnehmerzahl bzw. dem Alter der Jugendlichen entsprechend wurde auch unsere Flotte vergrößert und den seglerischen Ansprüchen angepaßt.</p>
<p>Besonders erfreulich ist dabei, dass sich ehemalige Jugendmitglieder in der Jugendarbeit als Trainer und Betreuer engagieren.</p>
<p>Das Ziel des SCLL ist es den Kindern und Jugendlichen nicht nur „Können“, sondern vor allen Dingen auch „Freude“ am Segelsport zu vermitteln.</p>
<h3><strong>Unser Club legt grössten Wert auf eine gute und konstruktive Jugendförderung.</strong></h3>
<h4>Für alle Fragen hierzu ist unser Spartenleiter, <a href="mailto: Jugendwart@SCLL.de" target="_blank">Jens Spitzer</a>, Ihr kompetenter Ansprechpartner.</h4>
<p>&nbsp;</p>
<hr />
<h2></h2>

<p>Schon bald nach der Clubgründung engagierte sich Edmund Kamm als lizenzierter Übungsleiter für den Aufbau der Jugendabteilung. Für diesen Zweck stand zu Beginn ein Pirat und ein offenes Kielboot zur Verfügung. Zwei Optimisten wurden neu angeschafft, die noch heute ihren Dienst tun. Im April 1974 begann schließlich Edi Kamm unter Mithilfe von Lydia Mittermayer mit [&hellip;]</p>

<!-- This site is optimized with the Yoast SEO plugin v27.5 - https://yoast.com/product/yoast-seo-wordpress/ -->
<title>Jugendseiten des Segelclub Landsberg</title>
<meta name="description" content="Jugend segelt am Ammersee: Hier zahlreiche Infos derJugendabteilung des SCLL mit aktuellen Terminen auch Berichten von verschiedenen Törns und vieles mehr" />
<meta name="robots" content="index, follow, max-snippet:-1, max-image-preview:large, max-video-preview:-1" />
<link rel="canonical" href="https://www.bauer-hans.de/scll/jugend-scll/" />
<meta name="twitter:label1" content="Geschätzte Lesezeit" />
	<meta name="twitter:data1" content="2 Minuten" />
<script type="application/ld+json" class="yoast-schema-graph">{"@context":"https:\/\/schema.org","@graph":[{"@type":"WebPage","@id":"https:\/\/www.bauer-hans.de\/scll\/jugend-scll\/","url":"https:\/\/www.bauer-hans.de\/scll\/jugend-scll\/","name":"Jugendseiten des Segelclub Landsberg","isPartOf":{"@id":"https:\/\/www.bauer-hans.de\/scll\/#website"},"datePublished":"2010-11-16T20:27:33+00:00","dateModified":"2016-11-27T12:39:46+00:00","description":"Jugend segelt am Ammersee: Hier zahlreiche Infos derJugendabteilung des SCLL mit aktuellen Terminen auch Berichten von verschiedenen Törns und vieles mehr","breadcrumb":{"@id":"https:\/\/www.bauer-hans.de\/scll\/jugend-scll\/#breadcrumb"},"inLanguage":"de","potentialAction":[{"@type":"ReadAction","target":["https:\/\/www.bauer-hans.de\/scll\/jugend-scll\/"]}]},{"@type":"BreadcrumbList","@id":"https:\/\/www.bauer-hans.de\/scll\/jugend-scll\/#breadcrumb","itemListElement":[{"@type":"ListItem","position":1,"name":"Startseite","item":"https:\/\/www.bauer-hans.de\/scll\/"},{"@type":"ListItem","position":2,"name":"Jugend"}]},{"@type":"WebSite","@id":"https:\/\/www.bauer-hans.de\/scll\/#website","url":"https:\/\/www.bauer-hans.de\/scll\/","name":"Segelclub Landsberg am Ammersee","description":"SCLL der Segelclub am Süd-West-Ufer des Ammersees","potentialAction":[{"@type":"SearchAction","target":{"@type":"EntryPoint","urlTemplate":"https:\/\/www.bauer-hans.de\/scll\/?s={search_term_string}"},"query-input":{"@type":"PropertyValueSpecification","valueRequired":true,"valueName":"search_term_string"}}],"inLanguage":"de"}]}</script>
<!-- / Yoast SEO plugin. -->

Jugend segelt am Ammersee: Hier zahlreiche Infos derJugendabteilung des SCLL mit aktuellen Terminen auch Berichten von verschiedenen Törns und vieles mehr

SCLL der Segelclub am Süd-West-Ufer des Ammersees
