{"id":29,"date":"2018-10-24T08:34:03","date_gmt":"2018-10-24T06:34:03","guid":{"rendered":"https:\/\/www.bauer-hans.de\/zimmerei-sanktjohanser\/?page_id=29"},"modified":"2018-10-24T08:34:03","modified_gmt":"2018-10-24T06:34:03","slug":"kontakt","status":"publish","type":"page","link":"https:\/\/www.bauer-hans.de\/zimmerei-sanktjohanser\/kontakt\/","title":{"rendered":"Kontakt"},"content":{"rendered":"<p><b>Kontakt<\/b><\/p>\n<p>Haben wir Ihr Interesse geweckt?\u00a0Kontaktieren Sie uns am Besten telefonisch unter der Festnetznummer 08196 \/ 934570 oder\u00a0Handynummer 0170 \/ 4111620. Gerne kommt\u00a0Ihr Zimmerermeister\u00a0Florian Sanktjohanser pers\u00f6nlich bei Ihnen vorbei. Sie k\u00f6nnen mit ihm alles weitere besprechen.<\/p>\n<p>Selbstverst\u00e4ndlich beraten wir Sie auch per E-Mail:\u00a0<a href=\"mailto:info@zimmerei-sanktjohanser.de\">info@zimmerei-sanktjohanser.de<\/a><\/p>\n<p>Bei jedem Um-, An- oder Neubau sollte auch die Geb\u00e4udeversicherung miteinbezogen werden.<\/p>\n<p>Gerne ber\u00e4t Sie hierzu Nicole Sanktjohanser. Einfach mal unter www.vfm-LL.de vorbei schauen.<\/p>\n","protected":false},"excerpt":{"rendered":"<p>Kontakt Haben wir Ihr Interesse geweckt?\u00a0Kontaktieren Sie uns am Besten telefonisch unter der Festnetznummer 08196 \/ 934570 oder\u00a0Handynummer 0170 \/ 4111620. Gerne kommt\u00a0Ihr Zimmerermeister\u00a0Florian Sanktjohanser pers\u00f6nlich bei Ihnen vorbei. Sie k\u00f6nnen mit ihm alles weitere besprechen. Selbstverst\u00e4ndlich beraten wir Sie auch per E-Mail:\u00a0info@zimmerei-sanktjohanser.de Bei jedem Um-, An- oder Neubau sollte auch die Geb\u00e4udeversicherung miteinbezogen werden. &hellip; <\/p>\n<p class=\"link-more\"><a href=\"https:\/\/www.bauer-hans.de\/zimmerei-sanktjohanser\/kontakt\/\" class=\"more-link\"><span class=\"screen-reader-text\">\u201eKontakt\u201c <\/span>weiterlesen<\/a><\/p>\n","protected":false},"author":11,"featured_media":0,"parent":0,"menu_order":0,"comment_status":"closed","ping_status":"closed","template":"","meta":{"_acf_changed":false,"footnotes":""},"class_list":["post-29","page","type-page","status-publish","hentry"],"acf":[],"yoast_head":"<!-- This site is optimized with the Yoast SEO plugin v27.4 - https:\/\/yoast.com\/product\/yoast-seo-wordpress\/ -->\n<title>Kontakt - Zimmerei Sanktjohanser<\/title>\n<meta name=\"robots\" content=\"index, follow, max-snippet:-1, max-image-preview:large, max-video-preview:-1\" \/>\n<link rel=\"canonical\" href=\"https:\/\/www.bauer-hans.de\/zimmerei-sanktjohanser\/kontakt\/\" \/>\n<meta property=\"og:locale\" content=\"de_DE\" \/>\n<meta property=\"og:type\" content=\"article\" \/>\n<meta property=\"og:title\" content=\"Kontakt - Zimmerei Sanktjohanser\" \/>\n<meta property=\"og:description\" content=\"Kontakt Haben wir Ihr Interesse geweckt?\u00a0Kontaktieren Sie uns am Besten telefonisch unter der Festnetznummer 08196 \/ 934570 oder\u00a0Handynummer 0170 \/ 4111620. Gerne kommt\u00a0Ihr Zimmerermeister\u00a0Florian Sanktjohanser pers\u00f6nlich bei Ihnen vorbei. Sie k\u00f6nnen mit ihm alles weitere besprechen. Selbstverst\u00e4ndlich beraten wir Sie auch per E-Mail:\u00a0info@zimmerei-sanktjohanser.de Bei jedem Um-, An- oder Neubau sollte auch die Geb\u00e4udeversicherung miteinbezogen werden. &hellip; \u201eKontakt\u201c weiterlesen\" \/>\n<meta property=\"og:url\" content=\"https:\/\/www.bauer-hans.de\/zimmerei-sanktjohanser\/kontakt\/\" \/>\n<meta property=\"og:site_name\" content=\"Zimmerei Sanktjohanser\" \/>\n<meta name=\"twitter:card\" content=\"summary_large_image\" \/>\n<script type=\"application\/ld+json\" class=\"yoast-schema-graph\">{\"@context\":\"https:\\\/\\\/schema.org\",\"@graph\":[{\"@type\":\"WebPage\",\"@id\":\"https:\\\/\\\/www.bauer-hans.de\\\/zimmerei-sanktjohanser\\\/kontakt\\\/\",\"url\":\"https:\\\/\\\/www.bauer-hans.de\\\/zimmerei-sanktjohanser\\\/kontakt\\\/\",\"name\":\"Kontakt - Zimmerei Sanktjohanser\",\"isPartOf\":{\"@id\":\"https:\\\/\\\/www.bauer-hans.de\\\/zimmerei-sanktjohanser\\\/#website\"},\"datePublished\":\"2018-10-24T06:34:03+00:00\",\"breadcrumb\":{\"@id\":\"https:\\\/\\\/www.bauer-hans.de\\\/zimmerei-sanktjohanser\\\/kontakt\\\/#breadcrumb\"},\"inLanguage\":\"de\",\"potentialAction\":[{\"@type\":\"ReadAction\",\"target\":[\"https:\\\/\\\/www.bauer-hans.de\\\/zimmerei-sanktjohanser\\\/kontakt\\\/\"]}]},{\"@type\":\"BreadcrumbList\",\"@id\":\"https:\\\/\\\/www.bauer-hans.de\\\/zimmerei-sanktjohanser\\\/kontakt\\\/#breadcrumb\",\"itemListElement\":[{\"@type\":\"ListItem\",\"position\":1,\"name\":\"Startseite\",\"item\":\"https:\\\/\\\/www.bauer-hans.de\\\/zimmerei-sanktjohanser\\\/\"},{\"@type\":\"ListItem\",\"position\":2,\"name\":\"Kontakt\"}]},{\"@type\":\"WebSite\",\"@id\":\"https:\\\/\\\/www.bauer-hans.de\\\/zimmerei-sanktjohanser\\\/#website\",\"url\":\"https:\\\/\\\/www.bauer-hans.de\\\/zimmerei-sanktjohanser\\\/\",\"name\":\"Zimmerei Sanktjohanser\",\"description\":\"Ihr Profi rund um&#039;s Bauen mit Holz\",\"potentialAction\":[{\"@type\":\"SearchAction\",\"target\":{\"@type\":\"EntryPoint\",\"urlTemplate\":\"https:\\\/\\\/www.bauer-hans.de\\\/zimmerei-sanktjohanser\\\/?s={search_term_string}\"},\"query-input\":{\"@type\":\"PropertyValueSpecification\",\"valueRequired\":true,\"valueName\":\"search_term_string\"}}],\"inLanguage\":\"de\"}]}<\/script>\n<!-- \/ Yoast SEO plugin. -->","yoast_head_json":{"title":"Kontakt - Zimmerei Sanktjohanser","robots":{"index":"index","follow":"follow","max-snippet":"max-snippet:-1","max-image-preview":"max-image-preview:large","max-video-preview":"max-video-preview:-1"},"canonical":"https:\/\/www.bauer-hans.de\/zimmerei-sanktjohanser\/kontakt\/","og_locale":"de_DE","og_type":"article","og_title":"Kontakt - Zimmerei Sanktjohanser","og_description":"Kontakt Haben wir Ihr Interesse geweckt?\u00a0Kontaktieren Sie uns am Besten telefonisch unter der Festnetznummer 08196 \/ 934570 oder\u00a0Handynummer 0170 \/ 4111620. Gerne kommt\u00a0Ihr Zimmerermeister\u00a0Florian Sanktjohanser pers\u00f6nlich bei Ihnen vorbei. Sie k\u00f6nnen mit ihm alles weitere besprechen. Selbstverst\u00e4ndlich beraten wir Sie auch per E-Mail:\u00a0info@zimmerei-sanktjohanser.de Bei jedem Um-, An- oder Neubau sollte auch die Geb\u00e4udeversicherung miteinbezogen werden. &hellip; \u201eKontakt\u201c weiterlesen","og_url":"https:\/\/www.bauer-hans.de\/zimmerei-sanktjohanser\/kontakt\/","og_site_name":"Zimmerei Sanktjohanser","twitter_card":"summary_large_image","schema":{"@context":"https:\/\/schema.org","@graph":[{"@type":"WebPage","@id":"https:\/\/www.bauer-hans.de\/zimmerei-sanktjohanser\/kontakt\/","url":"https:\/\/www.bauer-hans.de\/zimmerei-sanktjohanser\/kontakt\/","name":"Kontakt - Zimmerei Sanktjohanser","isPartOf":{"@id":"https:\/\/www.bauer-hans.de\/zimmerei-sanktjohanser\/#website"},"datePublished":"2018-10-24T06:34:03+00:00","breadcrumb":{"@id":"https:\/\/www.bauer-hans.de\/zimmerei-sanktjohanser\/kontakt\/#breadcrumb"},"inLanguage":"de","potentialAction":[{"@type":"ReadAction","target":["https:\/\/www.bauer-hans.de\/zimmerei-sanktjohanser\/kontakt\/"]}]},{"@type":"BreadcrumbList","@id":"https:\/\/www.bauer-hans.de\/zimmerei-sanktjohanser\/kontakt\/#breadcrumb","itemListElement":[{"@type":"ListItem","position":1,"name":"Startseite","item":"https:\/\/www.bauer-hans.de\/zimmerei-sanktjohanser\/"},{"@type":"ListItem","position":2,"name":"Kontakt"}]},{"@type":"WebSite","@id":"https:\/\/www.bauer-hans.de\/zimmerei-sanktjohanser\/#website","url":"https:\/\/www.bauer-hans.de\/zimmerei-sanktjohanser\/","name":"Zimmerei Sanktjohanser","description":"Ihr Profi rund um&#039;s Bauen mit Holz","potentialAction":[{"@type":"SearchAction","target":{"@type":"EntryPoint","urlTemplate":"https:\/\/www.bauer-hans.de\/zimmerei-sanktjohanser\/?s={search_term_string}"},"query-input":{"@type":"PropertyValueSpecification","valueRequired":true,"valueName":"search_term_string"}}],"inLanguage":"de"}]}},"_links":{"self":[{"href":"https:\/\/www.bauer-hans.de\/zimmerei-sanktjohanser\/wp-json\/wp\/v2\/pages\/29","targetHints":{"allow":["GET"]}}],"collection":[{"href":"https:\/\/www.bauer-hans.de\/zimmerei-sanktjohanser\/wp-json\/wp\/v2\/pages"}],"about":[{"href":"https:\/\/www.bauer-hans.de\/zimmerei-sanktjohanser\/wp-json\/wp\/v2\/types\/page"}],"author":[{"embeddable":true,"href":"https:\/\/www.bauer-hans.de\/zimmerei-sanktjohanser\/wp-json\/wp\/v2\/users\/11"}],"replies":[{"embeddable":true,"href":"https:\/\/www.bauer-hans.de\/zimmerei-sanktjohanser\/wp-json\/wp\/v2\/comments?post=29"}],"version-history":[{"count":1,"href":"https:\/\/www.bauer-hans.de\/zimmerei-sanktjohanser\/wp-json\/wp\/v2\/pages\/29\/revisions"}],"predecessor-version":[{"id":30,"href":"https:\/\/www.bauer-hans.de\/zimmerei-sanktjohanser\/wp-json\/wp\/v2\/pages\/29\/revisions\/30"}],"wp:attachment":[{"href":"https:\/\/www.bauer-hans.de\/zimmerei-sanktjohanser\/wp-json\/wp\/v2\/media?parent=29"}],"curies":[{"name":"wp","href":"https:\/\/api.w.org\/{rel}","templated":true}]}}